{"id":7900,"date":"2021-03-28T10:39:21","date_gmt":"2021-03-28T08:39:21","guid":{"rendered":"http:\/\/klubmamgdynia.pl\/index.php\/produkt\/luxma-stolik-edukacyjny-interaktywny-dzwieki-bebenek102n\/"},"modified":"2026-04-21T02:16:42","modified_gmt":"2026-04-21T00:16:42","slug":"luxma-stolik-edukacyjny-interaktywny-dzwieki-bebenek102n","status":"publish","type":"product","link":"http:\/\/klubmamgdynia.pl\/index.php\/produkt\/luxma-stolik-edukacyjny-interaktywny-dzwieki-bebenek102n\/","title":{"rendered":"Luxma Stolik Edukacyjny Interaktywny D\u017awi\u0119ki B\u0119benek102N"},"content":{"rendered":"<p>Stolik edukacyjny interaktywny d\u017awi\u0119ki \u015bwiat\u0142a b\u0119benek\u015awietna zabawka interaktywno &#8211; edukacyjna, kt\u00f3ra sprzyja rozwojowi dziecka. Pomaga mu stawia\u0107 pierwsze kroki, z czasem przekszta\u0142caj\u0105c si\u0119 w zabawk\u0119 interaktywno &#8211; edukacyjn\u0105, kt\u00f3r\u0105 mo\u017cna si\u0119 bawi\u0107 na kilka ro\u017cnych sposob\u00f3w jako stolik edukacyjny lub oddzielnie elementami z zestawu.Interaktywny stolik z wieloma aktywno\u015bciami stymuluj\u0105cymi s\u0142uch i wzrok. Pobudza zdolno\u015bci manualne, s\u0142uch i wzrok.Kolor: niebieskiWymiary stolika: 40 x 41 x 40 cm\u015arednica b\u0119benka: 13 cmBaterie: 6 x AA (brak w zestawie)Wiek: 18 miesi\u0119cy +Zabawka posiada certyfikat EN71, CE.Elementy sta\u0142e i ich funkcje:Trzy kolorowe szczyrkaj\u0105ce ko\u0142a z\u0119batePrzycisk z kr\u00f3liczkiem z cich\u0105 piszcza\u0142k\u0105Ksi\u0105\u017ceczk\u0119, w kt\u00f3rej mo\u017cna przerzuci\u0107 jedn\u0105 stron\u0119D\u017awignia uruchamiaj\u0105co d\u017awi\u0119ki i samolotyCzerwone, szczyrkaj\u0105ce pokr\u0119t\u0142o.Fioletowy przycisk z informacj\u0105 w j. angielskim, \u017ce samolot zaraz startuje i prosz\u0105 o zapi\u0119cie pas\u00f3w.Pianinko z pi\u0119cioma przyciskami z napisami \u201eDo, Re, Mi, Fa, So\u201d. Ka\u017cdy z klawiszy wydaje osobny d\u017awi\u0119k odpowiadaj\u0105cy kolejno tej gamie d\u017awi\u0119k\u00f3w.Pomara\u0144czowy przycisk, kt\u00f3ry uruchamia 8 r\u00f3\u017cnych melodii.Granatowy przycisk, w kt\u00f3rym us\u0142yszymy historyjk\u0119 w j\u0119zyku angielskim. Po ka\u017cdym przyci\u015bni\u0119ciu us\u0142yszymy nast\u0119pn\u0105 cz\u0119\u015b\u0107 historyjki.Czerwony przycisk z nut\u0105 uruchamia 3 r\u00f3\u017cne, kr\u00f3tkie d\u017awi\u0119ki.Fioletowy przycisk z dwoma nutami po ka\u017cdym przyci\u015bni\u0119ciu gra urywek znanego utworu.Zielony przycisk z chmurk\u0105 z 5 r\u00f3\u017cnymi odg\u0142osami syren policyjnych.Zielona chmurka, kt\u00f3r\u0105 swobodnie mo\u017cna przesuwa\u0107 po szlaczku.Przeplatanka, na kt\u00f3rej znajduj\u0105 si\u0119 4 prostopad\u0142o\u015bciany w czterech r\u00f3\u017cnych kolorach.Zielony transparent z napisem \u201esunshine always comes after the rain\u201dElementy wyjmowane i ich funkcje:B\u0119benek z d\u017awi\u0119kami i \u015bwiat\u0142amiWyjmowany b\u0119benek posiada prze\u0142\u0105cznik, w kt\u00f3rym s\u0105 trzy tryby:Jeden z nich to zupe\u0142ne wy\u0142\u0105czenie b\u0119benka.Po prze\u0142\u0105czeniu na tryb drugi s\u0142yszymy melodi\u0119, a po uderzeniu w b\u0119benek s\u0142yszymy jeden z 6 charakterystycznych d\u017awi\u0119k\u00f3w b\u0119bna.Po prze\u0142\u0105czeniu na tryb 3 zn\u00f3w s\u0142yszymy melodi\u0119. Teraz do ka\u017cdego z d\u017awi\u0119k\u00f3w b\u0119bna dodatkowo \u015bwiec\u0105 si\u0119 na b\u0119bnie trzy \u015bwiat\u0142a \u2013 zielone, czerwone oraz niebieskie.Stolik posiada w\u0142\u0105cznik on\/off. Istnieje mo\u017cliwo\u015b\u0107 ustawienia j\u0119zyka angielskiego lub chi\u0144skiego. Po w\u0142\u0105czeniu stolika s\u0142yszymy kr\u00f3tk\u0105 melodi\u0119.Stoliczek posiada d\u017awigni\u0119, kt\u00f3r\u0105 mo\u017cna pchn\u0105\u0107 w dwie strony:po pchni\u0119ciu w jedn\u0105 stron\u0119 s\u0142yszymy w j\u0119zyku angielskim pro\u015bb\u0119 o to, aby zaj\u0105\u0107 swoje miejsca, gdy\u017c samolot l\u0105duje.po pchni\u0119ciu d\u017awigni w drug\u0105 stron\u0119 s\u0142yszymy pro\u015bb\u0119, aby wszyscy pasa\u017cerowie udali si\u0119 z baga\u017cami na odpraw\u0119. Zaraz po tym s\u0142yszymy melodi\u0119, po ka\u017cdym kolejnym przesuni\u0119ciu d\u017awigni s\u0142yszymy kolejne 4 r\u00f3\u017cne melodie. Wszystkim melodiom towarzyszy obracanie si\u0119 samolocik\u00f3w wok\u00f3\u0142 b\u0119benka znajduj\u0105cego si\u0119 na \u015brodku.Poprzez zabaw\u0119 stoliczkiem dziecko rozwija:motoryk\u0119logiczne my\u015bleniewyobra\u017ani\u0119cierpliwo\u015b\u0107pami\u0119\u0107zmys\u0142 koncentracjikreatywno\u015b\u0107Wymiary opakowania: 42 x 53,5 x 17 cmWymiary stolika: 40 x 41 x 40 cmRozstaw n\u00f3\u017cek na dole: 40 x40 cM\u015arednica b\u0119benka: 13 cmBaterie: 6 x AA (brak w zestawie)Wiek: 18 miesi\u0119cy +Zabawka posiada certyfikat EN71, CE.Zabawka zapakowana w \u0142adne pude\u0142ko z r\u0105czk\u0105, idealnie nadaje si\u0119 na prezent.<\/p>\n<h2>Luxma Stolik Edukacyjny Interaktywny D\u017awi\u0119ki B\u0119benek102N Luxma<\/h2>\n<p>psi patrol kolorowanki, bajka o biedronce, jacek, jednoro\u017cec kolorowanka do druku, audiobooki dla dzieci za darmo, zabawy dla 7 latki, oryginalny prezent na roczek dla ch\u0142opca, kartk\u00f3wki z zegara, dzie\u0144 matki w\u0142asnor\u0119czny prezent dla mamy od dziecka, lol kolorowanka, kolorowanka minecraft, prezent na roczek dla chlopca, pokemon kolorowanki do druku, niespotykane imiona \u017ce\u0144skie<\/p>\n<p>yyyyy<\/p>\n<p>&nbsp;<\/p>\n","protected":false},"excerpt":{"rendered":"<p>Stolik edukacyjny interaktywny d\u017awi\u0119ki \u015bwiat\u0142a b\u0119benek\u015awietna zabawka interaktywno &#8211; edukacyjna, kt\u00f3ra sprzyja rozwojowi dziecka. Pomaga mu stawia\u0107 pierwsze kroki, z czasem przekszta\u0142caj\u0105c si\u0119 w zabawk\u0119 interaktywno &#8211; edukacyjn\u0105, kt\u00f3r\u0105 mo\u017cna si\u0119 bawi\u0107 na kilka ro\u017cnych sposob\u00f3w jako stolik edukacyjny lub oddzielnie elementami z zestawu.Interaktywny stolik z wieloma aktywno\u015bciami stymuluj\u0105cymi s\u0142uch i wzrok. Pobudza zdolno\u015bci manualne, [&hellip;]<\/p>\n","protected":false},"featured_media":7901,"comment_status":"closed","ping_status":"open","template":"","meta":[],"product_cat":[327,61],"product_tag":[617,613,596,579],"class_list":["post-7900","product","type-product","status-publish","has-post-thumbnail","hentry","product_cat-luxma","product_cat-zabawki-edukacyjne-dla-niemowlat","product_tag-keyword","product_tag-na-wyspach-bergamutach","product_tag-pomysly-na-prima-aprilis","product_tag-quiz-opowiesci-z-narnii-lew-czarownica-i-stara-szafa"],"_links":{"self":[{"href":"http:\/\/klubmamgdynia.pl\/index.php\/wp-json\/wp\/v2\/product\/7900","targetHints":{"allow":["GET"]}}],"collection":[{"href":"http:\/\/klubmamgdynia.pl\/index.php\/wp-json\/wp\/v2\/product"}],"about":[{"href":"http:\/\/klubmamgdynia.pl\/index.php\/wp-json\/wp\/v2\/types\/product"}],"replies":[{"embeddable":true,"href":"http:\/\/klubmamgdynia.pl\/index.php\/wp-json\/wp\/v2\/comments?post=7900"}],"wp:featuredmedia":[{"embeddable":true,"href":"http:\/\/klubmamgdynia.pl\/index.php\/wp-json\/wp\/v2\/media\/7901"}],"wp:attachment":[{"href":"http:\/\/klubmamgdynia.pl\/index.php\/wp-json\/wp\/v2\/media?parent=7900"}],"wp:term":[{"taxonomy":"product_cat","embeddable":true,"href":"http:\/\/klubmamgdynia.pl\/index.php\/wp-json\/wp\/v2\/product_cat?post=7900"},{"taxonomy":"product_tag","embeddable":true,"href":"http:\/\/klubmamgdynia.pl\/index.php\/wp-json\/wp\/v2\/product_tag?post=7900"}],"curies":[{"name":"wp","href":"https:\/\/api.w.org\/{rel}","templated":true}]}}