{"id":7922,"date":"2013-02-18T22:22:12","date_gmt":"2013-02-18T21:22:12","guid":{"rendered":"http:\/\/klubmamgdynia.pl\/index.php\/produkt\/koncowki-do-szczoteczki-elektrycznej-oral-b-12-szt\/"},"modified":"2026-04-06T03:06:41","modified_gmt":"2026-04-06T01:06:41","slug":"koncowki-do-szczoteczki-elektrycznej-oral-b-12-szt","status":"publish","type":"product","link":"http:\/\/klubmamgdynia.pl\/index.php\/produkt\/koncowki-do-szczoteczki-elektrycznej-oral-b-12-szt\/","title":{"rendered":"Ko\u0144c\u00f3wki Do Szczoteczki Elektrycznej Oral-B 12 szt"},"content":{"rendered":"<p>Wysokiej jako\u015bci zamienniki ko\u0144c\u00f3wek do wszystkich szczoteczek Oral B<\/p>\n<h2>Ko\u0144c\u00f3wki Do Szczoteczki Elektrycznej Oral-B 12 szt Oral-B<\/h2>\n<p>my little pony kolorowanka, dziewczynka z parku pytania i odpowiedzi, co kupi\u0107 dziewczynce na roczek, p\u0142onie ognisko w lesie, przysz\u0142a zima bia\u0142a, zabawki na roczek dla dziewczynki, bajka do czytania na dobranoc, trudne zagadki logiczne z odpowiedziami, flagi do druku, cytaty ma\u0142y ksi\u0105\u017ce, mi\u0142o\u015b\u0107 do dziecka cytaty, ja\u015bmina, praktyczny prezent dla rocznego dziecka, filmy animowane o \u015bwi\u0119tach<\/p>\n<p>yyyyy<\/p>\n<p>&nbsp;<\/p>\n","protected":false},"excerpt":{"rendered":"<p>Wysokiej jako\u015bci zamienniki ko\u0144c\u00f3wek do wszystkich szczoteczek Oral B Ko\u0144c\u00f3wki Do Szczoteczki Elektrycznej Oral-B 12 szt Oral-B my little pony kolorowanka, dziewczynka z parku pytania i odpowiedzi, co kupi\u0107 dziewczynce na roczek, p\u0142onie ognisko w lesie, przysz\u0142a zima bia\u0142a, zabawki na roczek dla dziewczynki, bajka do czytania na dobranoc, trudne zagadki logiczne z odpowiedziami, flagi [&hellip;]<\/p>\n","protected":false},"featured_media":7923,"comment_status":"closed","ping_status":"open","template":"","meta":[],"product_cat":[1646,1660],"product_tag":[772,622,810,739,736,849],"class_list":["post-7922","product","type-product","status-publish","has-post-thumbnail","hentry","product_cat-koncowki-do-szczoteczek-elektrycznych","product_cat-oral-b","product_tag-45-panstw-europy-i-ich-stolice-quiz","product_tag-fajne-zagadki","product_tag-nauka-zegara-do-druku","product_tag-prima-aprilis-w-szkole","product_tag-zabawki-na-roczek","product_tag-zagadki-matematyczne-dla-dzieci"],"_links":{"self":[{"href":"http:\/\/klubmamgdynia.pl\/index.php\/wp-json\/wp\/v2\/product\/7922","targetHints":{"allow":["GET"]}}],"collection":[{"href":"http:\/\/klubmamgdynia.pl\/index.php\/wp-json\/wp\/v2\/product"}],"about":[{"href":"http:\/\/klubmamgdynia.pl\/index.php\/wp-json\/wp\/v2\/types\/product"}],"replies":[{"embeddable":true,"href":"http:\/\/klubmamgdynia.pl\/index.php\/wp-json\/wp\/v2\/comments?post=7922"}],"wp:featuredmedia":[{"embeddable":true,"href":"http:\/\/klubmamgdynia.pl\/index.php\/wp-json\/wp\/v2\/media\/7923"}],"wp:attachment":[{"href":"http:\/\/klubmamgdynia.pl\/index.php\/wp-json\/wp\/v2\/media?parent=7922"}],"wp:term":[{"taxonomy":"product_cat","embeddable":true,"href":"http:\/\/klubmamgdynia.pl\/index.php\/wp-json\/wp\/v2\/product_cat?post=7922"},{"taxonomy":"product_tag","embeddable":true,"href":"http:\/\/klubmamgdynia.pl\/index.php\/wp-json\/wp\/v2\/product_tag?post=7922"}],"curies":[{"name":"wp","href":"https:\/\/api.w.org\/{rel}","templated":true}]}}