{"id":7932,"date":"2019-11-16T00:56:17","date_gmt":"2019-11-15T23:56:17","guid":{"rendered":"http:\/\/klubmamgdynia.pl\/index.php\/produkt\/lodowka-mpm-mpm-46-cj-01-h\/"},"modified":"2026-04-23T20:35:01","modified_gmt":"2026-04-23T18:35:01","slug":"lodowka-mpm-mpm-46-cj-01-h","status":"publish","type":"product","link":"http:\/\/klubmamgdynia.pl\/index.php\/produkt\/lodowka-mpm-mpm-46-cj-01-h\/","title":{"rendered":"Lod\u00f3wka MPM MPM-46-CJ-01\/H"},"content":{"rendered":"<p>Ch\u0142odziarka MPM-46-CJ-01\/HCh\u0142odziarka MPM-46-CJ-01\/H to kompaktowe urz\u0105dzenie, kt\u00f3re bez trudu dopasuje si\u0119 do ka\u017cdej kuchni. Mimo niewielkich rozmiar\u00f3w zosta\u0142o zaprojektowane tak, by maksymalnie wydajnie zagospodarowa\u0107 przestrze\u0144 wewn\u0105trz urz\u0105dzenia. Co wi\u0119cej, klasa energetyczna F pozwoli Ci obni\u017cy\u0107 Twoje rachunki za pr\u0105d oraz zadba\u0107 o otaczaj\u0105ce Ci\u0119 \u015brodowisko.                            <\/p>\n<p>Obustronny monta\u017c drzwi i funkcjonalne p\u00f3\u0142kiDrzwi ch\u0142odziarki MPM-46-CJ-01\/H mo\u017cna zamontowa\u0107 po prawej lub lewej stronie urz\u0105dzenia. Dzi\u0119ki temu z \u0142atwo\u015bci\u0105 dostosujesz ergonomi\u0119 sprz\u0119tu do Twojej kuchni.Ch\u0142odziarka MPM-46-CJ-01\/H posiada praktyczn\u0105 szklan\u0105 p\u00f3\u0142k\u0119 . Na drzwiach urz\u0105dzenia znajdziesz miejsce do przechowywania butelek. Urz\u0105dzenie wyposa\u017cone jest w funkcj\u0119 regulacji temperatury.                            <\/p>\n<p>Praktyczna komora mro\u017c\u0105caZintegrowany z ch\u0142odziark\u0105 MPM-46-CJ-01\/H zamra\u017calnik to idealne miejsce do przechowywania mro\u017conych produkt\u00f3w.<\/p>\n<h2>Lod\u00f3wka MPM MPM-46-CJ-01\/H MPM<\/h2>\n<p>jedzie poci\u0105g z daleka tekst, ci\u0119\u017ckie zagadki, co dla rocznego dziecka, zagadki dla 9 latk\u00f3w, kiekrz, kolorowanki do pobrania, atrakcje do 30 km od wroc\u0142awia, prezent na roczek, zagadki na logiczne my\u015blenie, maurycy, \u015bwinka peppa kolorowanka do druku, podchwytliwe zagadki matematyczne, kuba imi\u0119, zaproszenie na urodziny do druku pdf, co robi\u0107 z dzieckiem w warszawie, quiz bo\u017ce narodzenie, ka\u0142u\u017cy\u015bci, cytat o rodzinie<\/p>\n<p>yyyyy<\/p>\n<p>&nbsp;<\/p>\n","protected":false},"excerpt":{"rendered":"<p>Ch\u0142odziarka MPM-46-CJ-01\/HCh\u0142odziarka MPM-46-CJ-01\/H to kompaktowe urz\u0105dzenie, kt\u00f3re bez trudu dopasuje si\u0119 do ka\u017cdej kuchni. Mimo niewielkich rozmiar\u00f3w zosta\u0142o zaprojektowane tak, by maksymalnie wydajnie zagospodarowa\u0107 przestrze\u0144 wewn\u0105trz urz\u0105dzenia. Co wi\u0119cej, klasa energetyczna F pozwoli Ci obni\u017cy\u0107 Twoje rachunki za pr\u0105d oraz zadba\u0107 o otaczaj\u0105ce Ci\u0119 \u015brodowisko. Obustronny monta\u017c drzwi i funkcjonalne p\u00f3\u0142kiDrzwi ch\u0142odziarki MPM-46-CJ-01\/H mo\u017cna zamontowa\u0107 [&hellip;]<\/p>\n","protected":false},"featured_media":7933,"comment_status":"closed","ping_status":"open","template":"","meta":[],"product_cat":[1367,1676],"product_tag":[681,720,631,651,586,725],"class_list":["post-7932","product","type-product","status-publish","has-post-thumbnail","hentry","product_cat-lodowki","product_cat-mpm","product_tag-flagi-europy-quiz","product_tag-malowanki","product_tag-prezent-na-roczek","product_tag-quizy-online","product_tag-smieszne-zagadki","product_tag-zgadywanki"],"_links":{"self":[{"href":"http:\/\/klubmamgdynia.pl\/index.php\/wp-json\/wp\/v2\/product\/7932","targetHints":{"allow":["GET"]}}],"collection":[{"href":"http:\/\/klubmamgdynia.pl\/index.php\/wp-json\/wp\/v2\/product"}],"about":[{"href":"http:\/\/klubmamgdynia.pl\/index.php\/wp-json\/wp\/v2\/types\/product"}],"replies":[{"embeddable":true,"href":"http:\/\/klubmamgdynia.pl\/index.php\/wp-json\/wp\/v2\/comments?post=7932"}],"wp:featuredmedia":[{"embeddable":true,"href":"http:\/\/klubmamgdynia.pl\/index.php\/wp-json\/wp\/v2\/media\/7933"}],"wp:attachment":[{"href":"http:\/\/klubmamgdynia.pl\/index.php\/wp-json\/wp\/v2\/media?parent=7932"}],"wp:term":[{"taxonomy":"product_cat","embeddable":true,"href":"http:\/\/klubmamgdynia.pl\/index.php\/wp-json\/wp\/v2\/product_cat?post=7932"},{"taxonomy":"product_tag","embeddable":true,"href":"http:\/\/klubmamgdynia.pl\/index.php\/wp-json\/wp\/v2\/product_tag?post=7932"}],"curies":[{"name":"wp","href":"https:\/\/api.w.org\/{rel}","templated":true}]}}