{"id":7936,"date":"2023-01-08T22:28:52","date_gmt":"2023-01-08T21:28:52","guid":{"rendered":"http:\/\/klubmamgdynia.pl\/?post_type=product&#038;p=7936"},"modified":"2026-04-23T00:11:59","modified_gmt":"2026-04-22T22:11:59","slug":"bobovita-kaszka-mleczno-ryzowa-banan-po-4-miesiacu-230g","status":"publish","type":"product","link":"http:\/\/klubmamgdynia.pl\/index.php\/produkt\/bobovita-kaszka-mleczno-ryzowa-banan-po-4-miesiacu-230g\/","title":{"rendered":"Bobovita Kaszka Mleczno Ry\u017cowa Banan Po 4 Miesi\u0105cu 230G"},"content":{"rendered":"<h2>Bobovita Kaszka Mleczno Ry\u017cowa Banan Po 4 Miesi\u0105cu 230G BoboVita-Nutricia<\/h2>\n<p>karty pracy polsko ukrai\u0144skie, zagadka, ciekawe miejsca w warszawie dla m\u0142odzie\u017cy, litera y do druku, maski karnawa\u0142owe do druku<\/p>\n<p>yyyyy<\/p>\n<p>&nbsp;<\/p>\n","protected":false},"excerpt":{"rendered":"<p>Bobovita Kaszka Mleczno Ry\u017cowa Banan Po 4 Miesi\u0105cu 230G BoboVita-Nutricia karty pracy polsko ukrai\u0144skie, zagadka, ciekawe miejsca w warszawie dla m\u0142odzie\u017cy, litera y do druku, maski karnawa\u0142owe do druku yyyyy &nbsp;<\/p>\n","protected":false},"featured_media":7937,"comment_status":"closed","ping_status":"open","template":"","meta":[],"product_cat":[1675,107],"product_tag":[830,778,679,860],"class_list":["post-7936","product","type-product","status-publish","has-post-thumbnail","hentry","product_cat-bobovita-nutricia","product_cat-kaszki-dla-dzieci","product_tag-rodzina-cytaty","product_tag-zabawki-na-roczek-dla-chlopca","product_tag-zabawki-na-roczek-dla-dziewczynki","product_tag-zagadki-logiczne-dla-doroslych"],"_links":{"self":[{"href":"http:\/\/klubmamgdynia.pl\/index.php\/wp-json\/wp\/v2\/product\/7936","targetHints":{"allow":["GET"]}}],"collection":[{"href":"http:\/\/klubmamgdynia.pl\/index.php\/wp-json\/wp\/v2\/product"}],"about":[{"href":"http:\/\/klubmamgdynia.pl\/index.php\/wp-json\/wp\/v2\/types\/product"}],"replies":[{"embeddable":true,"href":"http:\/\/klubmamgdynia.pl\/index.php\/wp-json\/wp\/v2\/comments?post=7936"}],"wp:featuredmedia":[{"embeddable":true,"href":"http:\/\/klubmamgdynia.pl\/index.php\/wp-json\/wp\/v2\/media\/7937"}],"wp:attachment":[{"href":"http:\/\/klubmamgdynia.pl\/index.php\/wp-json\/wp\/v2\/media?parent=7936"}],"wp:term":[{"taxonomy":"product_cat","embeddable":true,"href":"http:\/\/klubmamgdynia.pl\/index.php\/wp-json\/wp\/v2\/product_cat?post=7936"},{"taxonomy":"product_tag","embeddable":true,"href":"http:\/\/klubmamgdynia.pl\/index.php\/wp-json\/wp\/v2\/product_tag?post=7936"}],"curies":[{"name":"wp","href":"https:\/\/api.w.org\/{rel}","templated":true}]}}