{"id":7960,"date":"2021-11-27T09:05:17","date_gmt":"2021-11-27T08:05:17","guid":{"rendered":"http:\/\/klubmamgdynia.pl\/index.php\/produkt\/bosch-serie-6-wtr87te0pl\/"},"modified":"2026-04-21T04:09:48","modified_gmt":"2026-04-21T02:09:48","slug":"bosch-serie-6-wtr87te0pl","status":"publish","type":"product","link":"http:\/\/klubmamgdynia.pl\/index.php\/produkt\/bosch-serie-6-wtr87te0pl\/","title":{"rendered":"Bosch Serie 6 WTR87TE0Pl"},"content":{"rendered":"<p>Zasady promocji<br \/>\n1. Kup suszark\u0119 lub pralko-suszark\u0119<br \/>\nBosch w czasie trwania promocji.<br \/>\n2. Wejd\u017a na stron\u0119 Bosch Home<br \/>\ni dodaj opini\u0119 o urz\u0105dzeniu.3. Wype\u0142nij formularz na stronie<br \/>\nBosch Home i ciesz si\u0119 premi\u0105!<\/p>\n<h2>Bosch Serie 6 WTR87TE0Pl Bosch<\/h2>\n<p>oryginalny prezent na roczek dla dziewczynki, zaj\u0119cia dla nastolatk\u00f3w, zagadki logiczne dla doros\u0142ych, tymoteusz znaczenie imienia, myszka miki kolorowanka, bajka dla niemowlaka, znaczenie imienia gabriel, m\u00f3j przyjaciel mi\u015b scenariusz zaj\u0119\u0107 w przedszkolu, sabina, kucyki pony kolorowanka, aurelia, zabawy dla 5 latka, quizy ma\u0142y ksi\u0105\u017c\u0119, quiz o akademii pana kleksa, inteligentne zagadki, co dla rocznego dziecka<\/p>\n<p>yyyyy<\/p>\n<p>&nbsp;<\/p>\n","protected":false},"excerpt":{"rendered":"<p>Zasady promocji 1. Kup suszark\u0119 lub pralko-suszark\u0119 Bosch w czasie trwania promocji. 2. Wejd\u017a na stron\u0119 Bosch Home i dodaj opini\u0119 o urz\u0105dzeniu.3. Wype\u0142nij formularz na stronie Bosch Home i ciesz si\u0119 premi\u0105! Bosch Serie 6 WTR87TE0Pl Bosch oryginalny prezent na roczek dla dziewczynki, zaj\u0119cia dla nastolatk\u00f3w, zagadki logiczne dla doros\u0142ych, tymoteusz znaczenie imienia, myszka [&hellip;]<\/p>\n","protected":false},"featured_media":7961,"comment_status":"closed","ping_status":"open","template":"","meta":[],"product_cat":[932,1681],"product_tag":[828,665,726],"class_list":["post-7960","product","type-product","status-publish","has-post-thumbnail","hentry","product_cat-bosch","product_cat-suszarki","product_tag-filmy-wigilijne-dla-dzieci","product_tag-proste-zagadki","product_tag-quiz-zemsta"],"_links":{"self":[{"href":"http:\/\/klubmamgdynia.pl\/index.php\/wp-json\/wp\/v2\/product\/7960","targetHints":{"allow":["GET"]}}],"collection":[{"href":"http:\/\/klubmamgdynia.pl\/index.php\/wp-json\/wp\/v2\/product"}],"about":[{"href":"http:\/\/klubmamgdynia.pl\/index.php\/wp-json\/wp\/v2\/types\/product"}],"replies":[{"embeddable":true,"href":"http:\/\/klubmamgdynia.pl\/index.php\/wp-json\/wp\/v2\/comments?post=7960"}],"wp:featuredmedia":[{"embeddable":true,"href":"http:\/\/klubmamgdynia.pl\/index.php\/wp-json\/wp\/v2\/media\/7961"}],"wp:attachment":[{"href":"http:\/\/klubmamgdynia.pl\/index.php\/wp-json\/wp\/v2\/media?parent=7960"}],"wp:term":[{"taxonomy":"product_cat","embeddable":true,"href":"http:\/\/klubmamgdynia.pl\/index.php\/wp-json\/wp\/v2\/product_cat?post=7960"},{"taxonomy":"product_tag","embeddable":true,"href":"http:\/\/klubmamgdynia.pl\/index.php\/wp-json\/wp\/v2\/product_tag?post=7960"}],"curies":[{"name":"wp","href":"https:\/\/api.w.org\/{rel}","templated":true}]}}