{"id":7980,"date":"2024-08-12T09:31:34","date_gmt":"2024-08-12T07:31:34","guid":{"rendered":"http:\/\/klubmamgdynia.pl\/?post_type=product&#038;p=7980"},"modified":"2026-05-17T21:21:54","modified_gmt":"2026-05-17T19:21:54","slug":"pic-vedoclear","status":"publish","type":"product","link":"http:\/\/klubmamgdynia.pl\/index.php\/produkt\/pic-vedoclear\/","title":{"rendered":"PIC VedoClear"},"content":{"rendered":"<p>Termometr elektroniczny do bezpo\u015bredniego pomiaru temperatury cia\u0142a. Dok\u0142adny, niet\u0142uk\u0105cy si\u0119, z ciek\u0142okrystalicznym wy\u015bwietlaczem.Elastyczna i wodoodporna ko\u0144c\u00f3wka (sonda)Du\u017cy i bardzo czytelny ekranD\u017awi\u0119kowy alarm gor\u0105czkowy (dla temp. powy\u017cej 37,4\u00b0C )Czas trwania pomiaru: pod pach\u0105 2 min, oralnie\/rektalnie 1 minSygna\u0142 d\u017awi\u0119kowy na koniec pomiaruFunkcja zapisu ostatniego pomiaruAutomatyczne wy\u0142\u0105czanieWysoka precyzja- walidacja klinicznaDo\u017cywotnia gwarancjaProdukt przeznaczony jest do pomiaru temperatury cia\u0142a pod pach\u0105, metod\u0105 rektaln\u0105 i oraln\u0105.Przeciwwskazania i \u015brodki ostro\u017cno\u015bci:Aby w prawid\u0142owy spos\u00f3b wykona\u0107 pomiar temperatury, konieczne jest prawid\u0142owe umieszczenie termometru.Unika\u0107 spo\u017cywania ciep\u0142ych lub zimnych napoj\u00f3w, aktywno\u015bci fizycznej, k\u0105pieli w wannie lub pod prysznicem oraz palenia w ci\u0105gu 15 minut poprzedzaj\u0105cych wykonanie pomiaru.Do czyszczenia termometru u\u017cywa\u0107 mi\u0119kkiej \u015bciereczki zanurzonej w alkoholu lub w powszechnie stosowanym \u015brodku czyszcz\u0105cym.Przyrz\u0105d nie jest wodoodporny, nie zanurza\u0107 w wodzie.Przechowywa\u0107 w temperaturze pokojowej, w suchym miejscu, chroni\u0107 przed bezpo\u015brednim dzia\u0142aniem promieni s\u0142onecznych i z dala od \u017ar\u00f3de\u0142 ciep\u0142a.Przechowywa\u0107 w spos\u00f3b niedost\u0119pny dla dzieci.<\/p>\n<h2>PIC VedoClear Sirowa<\/h2>\n<p>zagadki o wielkanocy dla dzieci, lol do druku, kolorowanki my little pony, zaj\u0105czek z jajka ugotowanego, traktor z przyczep\u0105 kolorowanka do druku, zagadki dla 6 latka, kiedy dzieci zbieraja cukierki na halloween, magiczne drzewo czerwone krzes\u0142o test, kolorowanki pokemon, kolorowanki konie z je\u017ad\u017acem, zabawka na roczek<\/p>\n<p>yyyyy<\/p>\n<p>&nbsp;<\/p>\n","protected":false},"excerpt":{"rendered":"<p>Termometr elektroniczny do bezpo\u015bredniego pomiaru temperatury cia\u0142a. Dok\u0142adny, niet\u0142uk\u0105cy si\u0119, z ciek\u0142okrystalicznym wy\u015bwietlaczem.Elastyczna i wodoodporna ko\u0144c\u00f3wka (sonda)Du\u017cy i bardzo czytelny ekranD\u017awi\u0119kowy alarm gor\u0105czkowy (dla temp. powy\u017cej 37,4\u00b0C )Czas trwania pomiaru: pod pach\u0105 2 min, oralnie\/rektalnie 1 minSygna\u0142 d\u017awi\u0119kowy na koniec pomiaruFunkcja zapisu ostatniego pomiaruAutomatyczne wy\u0142\u0105czanieWysoka precyzja- walidacja klinicznaDo\u017cywotnia gwarancjaProdukt przeznaczony jest do pomiaru temperatury cia\u0142a [&hellip;]<\/p>\n","protected":false},"featured_media":7981,"comment_status":"closed","ping_status":"open","template":"","meta":[],"product_cat":[1684,1444],"product_tag":[583,720,821,748,811,712],"class_list":["post-7980","product","type-product","status-publish","has-post-thumbnail","hentry","product_cat-sirowa","product_cat-termometry","product_tag-kolysanki-dla-dzieci-tekst","product_tag-malowanki","product_tag-marianna","product_tag-okolice-wroclawia-atrakcje","product_tag-zagadki-logiczne-dla-dzieci","product_tag-zagadki-o-zwierzetach"],"_links":{"self":[{"href":"http:\/\/klubmamgdynia.pl\/index.php\/wp-json\/wp\/v2\/product\/7980","targetHints":{"allow":["GET"]}}],"collection":[{"href":"http:\/\/klubmamgdynia.pl\/index.php\/wp-json\/wp\/v2\/product"}],"about":[{"href":"http:\/\/klubmamgdynia.pl\/index.php\/wp-json\/wp\/v2\/types\/product"}],"replies":[{"embeddable":true,"href":"http:\/\/klubmamgdynia.pl\/index.php\/wp-json\/wp\/v2\/comments?post=7980"}],"wp:featuredmedia":[{"embeddable":true,"href":"http:\/\/klubmamgdynia.pl\/index.php\/wp-json\/wp\/v2\/media\/7981"}],"wp:attachment":[{"href":"http:\/\/klubmamgdynia.pl\/index.php\/wp-json\/wp\/v2\/media?parent=7980"}],"wp:term":[{"taxonomy":"product_cat","embeddable":true,"href":"http:\/\/klubmamgdynia.pl\/index.php\/wp-json\/wp\/v2\/product_cat?post=7980"},{"taxonomy":"product_tag","embeddable":true,"href":"http:\/\/klubmamgdynia.pl\/index.php\/wp-json\/wp\/v2\/product_tag?post=7980"}],"curies":[{"name":"wp","href":"https:\/\/api.w.org\/{rel}","templated":true}]}}