{"id":7988,"date":"2017-05-27T04:44:13","date_gmt":"2017-05-27T02:44:13","guid":{"rendered":"http:\/\/klubmamgdynia.pl\/index.php\/produkt\/vitammy-smart-0-7-bialy-cisnieniomierz-nadgarstkowy\/"},"modified":"2026-04-05T22:11:25","modified_gmt":"2026-04-05T20:11:25","slug":"vitammy-smart-0-7-bialy-cisnieniomierz-nadgarstkowy","status":"publish","type":"product","link":"http:\/\/klubmamgdynia.pl\/index.php\/produkt\/vitammy-smart-0-7-bialy-cisnieniomierz-nadgarstkowy\/","title":{"rendered":"Vitammy smart 0.7 bia\u0142y Ci\u015bnieniomierz nadgarstkowy"},"content":{"rendered":"<p>VITAMMY smart 0.7, ci\u015bnieniomierz nadgarstkowy, bia\u0142y, 1 szt. \u2013 urz\u0105dzenie do pomiaru ci\u015bnienia krwi oraz t\u0119tna, kt\u00f3re umo\u017cliwia szybki i delikatny pomiar w zaciszu twojego domu. Ci\u015bnieniomierz zapami\u0119tuje 60 wynik\u00f3w. \u0141atwo i szybko si\u0119 zak\u0142ada, a jego niewielkie rozmiary umo\u017cliwiaj\u0105 zabranie go ze sob\u0105 wsz\u0119dzie gdzie potrzebujesz. Opr\u00f3cz dokonania pomiaru umo\u017cliwia interpretacj\u0119 wynik\u00f3w wg WHO, informuje o nieregularnej pracy serca, wykrywa ruchy r\u0119ki , kt\u00f3re wp\u0142ywaj\u0105 na wynik pomiaru oraz informuje o niskim poziomie na\u0142adowania baterii.<\/p>\n<h2>Vitammy smart 0.7 bia\u0142y Ci\u015bnieniomierz nadgarstkowy Vitammy<\/h2>\n<p>atrakcje wroc\u0142aw i okolice, \u0142atwe ale podchwytliwe zagadki, prezent dla trzynastolatki, \u0142amig\u0142\u00f3wki dla dzieci do wydruku, wierszyki na \u015bmigus dyngus, maska karnawa\u0142owa pdf, cytat o rodzinie, alan imie, cytaty o dziecku<\/p>\n<p>yyyyy<\/p>\n<p>&nbsp;<\/p>\n","protected":false},"excerpt":{"rendered":"<p>VITAMMY smart 0.7, ci\u015bnieniomierz nadgarstkowy, bia\u0142y, 1 szt. \u2013 urz\u0105dzenie do pomiaru ci\u015bnienia krwi oraz t\u0119tna, kt\u00f3re umo\u017cliwia szybki i delikatny pomiar w zaciszu twojego domu. Ci\u015bnieniomierz zapami\u0119tuje 60 wynik\u00f3w. \u0141atwo i szybko si\u0119 zak\u0142ada, a jego niewielkie rozmiary umo\u017cliwiaj\u0105 zabranie go ze sob\u0105 wsz\u0119dzie gdzie potrzebujesz. Opr\u00f3cz dokonania pomiaru umo\u017cliwia interpretacj\u0119 wynik\u00f3w wg WHO, [&hellip;]<\/p>\n","protected":false},"featured_media":7989,"comment_status":"closed","ping_status":"open","template":"","meta":[],"product_cat":[1464,1655],"product_tag":[598,674,709],"class_list":["post-7988","product","type-product","status-publish","has-post-thumbnail","hentry","product_cat-cisnieniomierze-i-akcesoria","product_cat-vitammy","product_tag-co-na-roczek-dla-dziewczynki","product_tag-miasto-dzieci","product_tag-zagadki-dla-dzieci-6-7-lat"],"_links":{"self":[{"href":"http:\/\/klubmamgdynia.pl\/index.php\/wp-json\/wp\/v2\/product\/7988","targetHints":{"allow":["GET"]}}],"collection":[{"href":"http:\/\/klubmamgdynia.pl\/index.php\/wp-json\/wp\/v2\/product"}],"about":[{"href":"http:\/\/klubmamgdynia.pl\/index.php\/wp-json\/wp\/v2\/types\/product"}],"replies":[{"embeddable":true,"href":"http:\/\/klubmamgdynia.pl\/index.php\/wp-json\/wp\/v2\/comments?post=7988"}],"wp:featuredmedia":[{"embeddable":true,"href":"http:\/\/klubmamgdynia.pl\/index.php\/wp-json\/wp\/v2\/media\/7989"}],"wp:attachment":[{"href":"http:\/\/klubmamgdynia.pl\/index.php\/wp-json\/wp\/v2\/media?parent=7988"}],"wp:term":[{"taxonomy":"product_cat","embeddable":true,"href":"http:\/\/klubmamgdynia.pl\/index.php\/wp-json\/wp\/v2\/product_cat?post=7988"},{"taxonomy":"product_tag","embeddable":true,"href":"http:\/\/klubmamgdynia.pl\/index.php\/wp-json\/wp\/v2\/product_tag?post=7988"}],"curies":[{"name":"wp","href":"https:\/\/api.w.org\/{rel}","templated":true}]}}