{"id":80,"date":"2020-09-08T20:35:21","date_gmt":"2020-09-08T18:35:21","guid":{"rendered":"http:\/\/klubmamgdynia.pl\/index.php\/produkt\/zobavi-drewniana-kolejka-lokomotywa-na-sznurku-30-element\/"},"modified":"2026-04-06T03:14:12","modified_gmt":"2026-04-06T01:14:12","slug":"zobavi-drewniana-kolejka-lokomotywa-na-sznurku-30-element","status":"publish","type":"product","link":"http:\/\/klubmamgdynia.pl\/index.php\/produkt\/zobavi-drewniana-kolejka-lokomotywa-na-sznurku-30-element\/","title":{"rendered":"Zobavi Drewniana Kolejka Lokomotywa Na Sznurku 30 Element"},"content":{"rendered":"<p>Drewniana lokomotywa to zabawka przeznaczona dla dzieci od trzeciego roku \u017cycia. Lokomotywa sk\u0142ada si\u0119 z 30 element\u00f3w, ka\u017cdy element wykonany zosta\u0142y z drewna pomalowanego bezpiecznymi, nietoksycznymi farbami.Zabawa lokomotyw\u0105 rozwija u dziecka wyobra\u017ani\u0119, motoryk\u0119 i zdolno\u015bci manualne.Wymiary:lokomotywa po u\u0142o\u017ceniu ok. 43 cm x 10 cm x 7 cm,opakowanie ok. 43,5 cm x 10,5 cm x 8 cm.Zawarto\u015b\u0107 zestawu:27 klocuszk\u00f3w,3 podstawki z k\u00f3\u0142eczkami i ko\u0142eczkami.<\/p>\n<h2>Zobavi Drewniana Kolejka Lokomotywa Na Sznurku 30 Element Ramiz<\/h2>\n<p>test z lektury magiczne drzewo czerwone krzes\u0142o, kanapki dla dzieci, miasto dzieci pl, wiersz o wakacjach, zagadki na myslenie, zagadki o bo\u017cym narodzeniu<\/p>\n<p>yyyyy<\/p>\n<p>&nbsp;<\/p>\n","protected":false},"excerpt":{"rendered":"<p>Drewniana lokomotywa to zabawka przeznaczona dla dzieci od trzeciego roku \u017cycia. Lokomotywa sk\u0142ada si\u0119 z 30 element\u00f3w, ka\u017cdy element wykonany zosta\u0142y z drewna pomalowanego bezpiecznymi, nietoksycznymi farbami.Zabawa lokomotyw\u0105 rozwija u dziecka wyobra\u017ani\u0119, motoryk\u0119 i zdolno\u015bci manualne.Wymiary:lokomotywa po u\u0142o\u017ceniu ok. 43 cm x 10 cm x 7 cm,opakowanie ok. 43,5 cm x 10,5 cm x 8 [&hellip;]<\/p>\n","protected":false},"featured_media":81,"comment_status":"closed","ping_status":"open","template":"","meta":[],"product_cat":[56,36],"product_tag":[669,732],"class_list":["post-80","product","type-product","status-publish","has-post-thumbnail","hentry","product_cat-kolejki","product_cat-ramiz","product_tag-kolorowanki","product_tag-prezent-dla-rocznego-chlopca"],"_links":{"self":[{"href":"http:\/\/klubmamgdynia.pl\/index.php\/wp-json\/wp\/v2\/product\/80","targetHints":{"allow":["GET"]}}],"collection":[{"href":"http:\/\/klubmamgdynia.pl\/index.php\/wp-json\/wp\/v2\/product"}],"about":[{"href":"http:\/\/klubmamgdynia.pl\/index.php\/wp-json\/wp\/v2\/types\/product"}],"replies":[{"embeddable":true,"href":"http:\/\/klubmamgdynia.pl\/index.php\/wp-json\/wp\/v2\/comments?post=80"}],"wp:featuredmedia":[{"embeddable":true,"href":"http:\/\/klubmamgdynia.pl\/index.php\/wp-json\/wp\/v2\/media\/81"}],"wp:attachment":[{"href":"http:\/\/klubmamgdynia.pl\/index.php\/wp-json\/wp\/v2\/media?parent=80"}],"wp:term":[{"taxonomy":"product_cat","embeddable":true,"href":"http:\/\/klubmamgdynia.pl\/index.php\/wp-json\/wp\/v2\/product_cat?post=80"},{"taxonomy":"product_tag","embeddable":true,"href":"http:\/\/klubmamgdynia.pl\/index.php\/wp-json\/wp\/v2\/product_tag?post=80"}],"curies":[{"name":"wp","href":"https:\/\/api.w.org\/{rel}","templated":true}]}}