{"id":8026,"date":"2013-12-24T08:12:53","date_gmt":"2013-12-24T07:12:53","guid":{"rendered":"http:\/\/klubmamgdynia.pl\/index.php\/produkt\/brimarex-top-bright-drewniane-klocki-9el-konik-morski-130875\/"},"modified":"2026-04-29T21:45:47","modified_gmt":"2026-04-29T19:45:47","slug":"brimarex-top-bright-drewniane-klocki-9el-konik-morski-130875","status":"publish","type":"product","link":"http:\/\/klubmamgdynia.pl\/index.php\/produkt\/brimarex-top-bright-drewniane-klocki-9el-konik-morski-130875\/","title":{"rendered":"Brimarex Top Bright Drewniane Klocki 9El. Konik Morski 130875"},"content":{"rendered":"<p>Drewniane klocki obrazkowe z motywem Morskich Zwierz\u0105t firmy TOP BRIGHT.Drewno jako materia\u0142 do produkcji zabawek posiada wiele zalet, przede wszystkim jest bardzo trwa\u0142e, ekologiczne, bezpieczne oraz przyjemne w dotyku. Zabawki z drewna niezmiennie od pokole\u0144 ucz\u0105 i bawi\u0105 dzieci.Zabawka sk\u0142ada si\u0119 z 9 klock\u00f3w z ka\u017cdej strony pokrytych inn\u0105 grafik\u0105. Zabawka daje mo\u017cliwo\u015b\u0107 u\u0142o\u017cenia 6 r\u00f3\u017cnych obrazk\u00f3w przedstawiaj\u0105cych morskie zwierz\u0119ta konik morski, wieloryb, o\u015bmiornica, rybka, \u017c\u00f3\u0142w, delfin.Ka\u017cde zwierz\u0105tko umieszczone jest na innym kolorze t\u0142a, co jest du\u017cym u\u0142atwieniem dla najm\u0142odszych dzieci.<\/p>\n<h2>Brimarex Top Bright Drewniane Klocki 9El. Konik Morski 130875 Brimarex<\/h2>\n<p>bajka do czytania na dobranoc, jad\u0105 jad\u0105 misie tekst, \u017cyczenia wielkanocne dla dzieci kr\u00f3tkie, kr\u00f3tkie zagadki dla dzieci, aniela imie, mi\u0142osz imie, zdrowe dania dla dzieci, zagadki na inteligencj\u0119, quizy psi patrol, pokoloruj wed\u0142ug wzoru, jak zrobi\u0107 samolot z papieru, anio\u0142ki w niebie pisz\u0105, tabliczka mno\u017cenia do druku, by\u0142a sobie \u017cabka ma\u0142a tekst, zagadki dla 7 latk\u00f3w<\/p>\n<p>yyyyy<\/p>\n<p>&nbsp;<\/p>\n","protected":false},"excerpt":{"rendered":"<p>Drewniane klocki obrazkowe z motywem Morskich Zwierz\u0105t firmy TOP BRIGHT.Drewno jako materia\u0142 do produkcji zabawek posiada wiele zalet, przede wszystkim jest bardzo trwa\u0142e, ekologiczne, bezpieczne oraz przyjemne w dotyku. Zabawki z drewna niezmiennie od pokole\u0144 ucz\u0105 i bawi\u0105 dzieci.Zabawka sk\u0142ada si\u0119 z 9 klock\u00f3w z ka\u017cdej strony pokrytych inn\u0105 grafik\u0105. Zabawka daje mo\u017cliwo\u015b\u0107 u\u0142o\u017cenia 6 [&hellip;]<\/p>\n","protected":false},"featured_media":8027,"comment_status":"closed","ping_status":"open","template":"","meta":[],"product_cat":[1651,113],"product_tag":[624,747,764,872,812,767],"class_list":["post-8026","product","type-product","status-publish","has-post-thumbnail","hentry","product_cat-brimarex","product_cat-klocki","product_tag-krotkie-zagadki","product_tag-malowanki-do-druku","product_tag-prezenty-na-roczek-dla-dziewczynki","product_tag-zagadki-dla-dzieci-6-lat","product_tag-zagadki-logiczne-na-inteligencje","product_tag-zaproszenia-urodzinowe-do-druku"],"_links":{"self":[{"href":"http:\/\/klubmamgdynia.pl\/index.php\/wp-json\/wp\/v2\/product\/8026","targetHints":{"allow":["GET"]}}],"collection":[{"href":"http:\/\/klubmamgdynia.pl\/index.php\/wp-json\/wp\/v2\/product"}],"about":[{"href":"http:\/\/klubmamgdynia.pl\/index.php\/wp-json\/wp\/v2\/types\/product"}],"replies":[{"embeddable":true,"href":"http:\/\/klubmamgdynia.pl\/index.php\/wp-json\/wp\/v2\/comments?post=8026"}],"wp:featuredmedia":[{"embeddable":true,"href":"http:\/\/klubmamgdynia.pl\/index.php\/wp-json\/wp\/v2\/media\/8027"}],"wp:attachment":[{"href":"http:\/\/klubmamgdynia.pl\/index.php\/wp-json\/wp\/v2\/media?parent=8026"}],"wp:term":[{"taxonomy":"product_cat","embeddable":true,"href":"http:\/\/klubmamgdynia.pl\/index.php\/wp-json\/wp\/v2\/product_cat?post=8026"},{"taxonomy":"product_tag","embeddable":true,"href":"http:\/\/klubmamgdynia.pl\/index.php\/wp-json\/wp\/v2\/product_tag?post=8026"}],"curies":[{"name":"wp","href":"https:\/\/api.w.org\/{rel}","templated":true}]}}