{"id":8032,"date":"2022-06-08T16:29:19","date_gmt":"2022-06-08T14:29:19","guid":{"rendered":"http:\/\/klubmamgdynia.pl\/index.php\/produkt\/jokomisiada-namiot-wigwam-tipi-wesole-sowy-dla-dziecka-za3508\/"},"modified":"2026-04-05T21:39:50","modified_gmt":"2026-04-05T19:39:50","slug":"jokomisiada-namiot-wigwam-tipi-wesole-sowy-dla-dziecka-za3508","status":"publish","type":"product","link":"http:\/\/klubmamgdynia.pl\/index.php\/produkt\/jokomisiada-namiot-wigwam-tipi-wesole-sowy-dla-dziecka-za3508\/","title":{"rendered":"Jokomisiada Namiot Wigwam Tipi Weso\u0142e Sowy Dla Dziecka Za3508"},"content":{"rendered":"<p>Namiot w stylu Tipi z wzorem w weso\u0142e s\u00f3wki zapewne przypadnie do gustu ka\u017cdemu maluchowi. Dzieci uwielbiaj\u0105 mie\u0107 sekrety, tajemnice, a taki namiot b\u0119dzie idealnym miejscem do chowania si\u0119, czy przechowywania swoich skarb\u00f3w. Namiot do zabawy w pokoju lub ogrodzie wykonany jest z materia\u0142u \u0142atwo zmywalnego, a rurki s\u0105 z plastiku. Wigwam mo\u017cna roz\u0142o\u017cy\u0107 w dowolnym p\u0142askim miejscu, sprawdzi si\u0119 podczas zabaw w pokoju z misiami, lalkami, autkami, a tak\u017ce w ogrodzie b\u0119dzie si\u0119 \u015bwietnie reprezentowa\u0142. W namiocie s\u0105 troczki do zwi\u0105zania bok\u00f3w, aby by\u0142o swobodne wej\u015bcie i wyj\u015bcie z niego. Okno przez, kt\u00f3re mo\u017cna wygl\u0105da\u0107 czy kto\u015b nieproszony si\u0119 nie skrada do namiotu, te\u017c jest bardzo potrzebne.Wymiar namiotu:- wysoko\u015b\u0107 145 cm- szeroko\u015b\u0107 110 cmNamiot jest ca\u0142kiem przestronny, tak\u017ce bez problemu pomie\u015bci wszystkie skarby dziecka. Taki wigwam mo\u017cna jeszcze ozdobi\u0107 wg w\u0142asnego pomys\u0142u np. lampkami ledowymi, ozdobami tak, aby w\u0142a\u015bciciel czu\u0142 i\u017c to jest jego miejsce : ).Zestaw zapakowany jest w kartonowe opakowanie.<\/p>\n<h2>Jokomisiada Namiot Wigwam Tipi Weso\u0142e Sowy Dla Dziecka Za3508 Jokomisiada<\/h2>\n<p>cytat o dzieciach, ma\u0142y ksi\u0105\u017ce cytaty, kuba imie, matylda znaczenie imienia, adela, miasto dzieci, prosta zagadka, bajka na dobranoc do czytania, cytat rodzina<\/p>\n<p>yyyyy<\/p>\n<p>&nbsp;<\/p>\n","protected":false},"excerpt":{"rendered":"<p>Namiot w stylu Tipi z wzorem w weso\u0142e s\u00f3wki zapewne przypadnie do gustu ka\u017cdemu maluchowi. Dzieci uwielbiaj\u0105 mie\u0107 sekrety, tajemnice, a taki namiot b\u0119dzie idealnym miejscem do chowania si\u0119, czy przechowywania swoich skarb\u00f3w. Namiot do zabawy w pokoju lub ogrodzie wykonany jest z materia\u0142u \u0142atwo zmywalnego, a rurki s\u0105 z plastiku. Wigwam mo\u017cna roz\u0142o\u017cy\u0107 w [&hellip;]<\/p>\n","protected":false},"featured_media":8033,"comment_status":"closed","ping_status":"open","template":"","meta":[],"product_cat":[282,131],"product_tag":[829,681,866,594,705,756],"class_list":["post-8032","product","type-product","status-publish","has-post-thumbnail","hentry","product_cat-domki-i-namioty-dla-dzieci","product_cat-jokomisiada","product_tag-bajki-do-czytania-na-dobranoc","product_tag-flagi-europy-quiz","product_tag-opis-do-zdjecia-dziecka-na-fb","product_tag-podchwytliwe-zagadki-dla-dzieci","product_tag-prezent-na-roczek-dla-chlopca","product_tag-zaproszenie-na-urodziny-do-druku"],"_links":{"self":[{"href":"http:\/\/klubmamgdynia.pl\/index.php\/wp-json\/wp\/v2\/product\/8032","targetHints":{"allow":["GET"]}}],"collection":[{"href":"http:\/\/klubmamgdynia.pl\/index.php\/wp-json\/wp\/v2\/product"}],"about":[{"href":"http:\/\/klubmamgdynia.pl\/index.php\/wp-json\/wp\/v2\/types\/product"}],"replies":[{"embeddable":true,"href":"http:\/\/klubmamgdynia.pl\/index.php\/wp-json\/wp\/v2\/comments?post=8032"}],"wp:featuredmedia":[{"embeddable":true,"href":"http:\/\/klubmamgdynia.pl\/index.php\/wp-json\/wp\/v2\/media\/8033"}],"wp:attachment":[{"href":"http:\/\/klubmamgdynia.pl\/index.php\/wp-json\/wp\/v2\/media?parent=8032"}],"wp:term":[{"taxonomy":"product_cat","embeddable":true,"href":"http:\/\/klubmamgdynia.pl\/index.php\/wp-json\/wp\/v2\/product_cat?post=8032"},{"taxonomy":"product_tag","embeddable":true,"href":"http:\/\/klubmamgdynia.pl\/index.php\/wp-json\/wp\/v2\/product_tag?post=8032"}],"curies":[{"name":"wp","href":"https:\/\/api.w.org\/{rel}","templated":true}]}}