{"id":8052,"date":"2015-10-18T14:24:50","date_gmt":"2015-10-18T12:24:50","guid":{"rendered":"http:\/\/klubmamgdynia.pl\/index.php\/produkt\/spin-master-bakugan-geogan-rising-figurka-montrapod-20134836\/"},"modified":"2026-04-05T21:36:51","modified_gmt":"2026-04-05T19:36:51","slug":"spin-master-bakugan-geogan-rising-figurka-montrapod-20134836","status":"publish","type":"product","link":"http:\/\/klubmamgdynia.pl\/index.php\/produkt\/spin-master-bakugan-geogan-rising-figurka-montrapod-20134836\/","title":{"rendered":"Spin Master Bakugan Geogan Rising Figurka Montrapod 20134836"},"content":{"rendered":"<p>Bakugany to magiczne istoty o niezwyk\u0142ej mocy, z pomoc\u0105 kt\u00f3rych m\u0142odzi wojownicy walcz\u0105 o pok\u00f3j we Wszech\u015bwiecie. Maj\u0105 ju\u017c ogrooomne rzesze fan\u00f3w. Do ich popularyzacji przyczyni\u0142 si\u0119 japo\u0144ski serial animowany oraz gra strategiczna, kt\u00f3ra jest tym atrakcyjniejsza, im wi\u0119cej Bakugan\u00f3w bierze w niej udzia\u0142. Czy masz w sobie to co\u015b, co sprawi, \u017ce staniesz si\u0119 Mistrzem Bakugan?Dodaj dodatkow\u0105 si\u0142\u0119 bojow\u0105 do swojej bitwy Bakugan dzi\u0119ki nowemu Geoganowi! Te tajemnicze postacie z g\u0142\u0119bin Vestroia nie przypominaj\u0105 \u017cadnego Bakugana, jaki kiedykolwiek widzia\u0142e\u015b. Dzi\u0119ki nowym kszta\u0142tom, symbolom frakcji i wspania\u0142ym przezroczystym detalom ka\u017cdy geogan przechodzi unikaln\u0105 transformacj\u0119. Zmierz si\u0119 ze swoimi przyjaci\u00f3\u0142mi w waszej w\u0142asnej Bakugan bitwie! Dodawaj nowe Bakugany do swojej kolekcji i wygrywaj! Kolekcjonuj ulubione postacie z bajki i wst\u0105p do \u015bwiata Bakugan ze swoj\u0105 w\u0142asn\u0105 waleczn\u0105 dru\u017cyn\u0105.Zawarto\u015b\u0107 i cechy zestawu:1 figurka Bakugan Geogan &#8211; Montrapod2 karty zdolno\u015bci1 karta wr\u00f3t1 instrukcjaGeogan to ca\u0142kiem nowy spos\u00f3b walkiRzu\u0107 Geoganem a on otworzy si\u0119 i przeistoczy w waleczn\u0105 posta\u0107Do zebrania ponad 60 Geogan\u00f3w<\/p>\n<h2>Spin Master Bakugan Geogan Rising Figurka Montrapod 20134836 Spin Master<\/h2>\n<p>maski superbohater\u00f3w do wydrukowania, ciekawostki o je\u017cach, literki do druku, quiz o zwierz\u0119tach domowych, adriana znaczenie imienia, karnawa\u0142 maska karnawa\u0142owa szablon, bajki dla dzieci na dobranoc, \u017cyczenia na lany poniedzia\u0142ek wielkanocny, czytanki na dobranoc, julian, na wyspach bergamuta, ida swieta wielkanocne ida swieta, test z dzieci z bullerbyn, quiz minecraft, ninjago kolorowanki, marcelina imi\u0119, prezenty na urodziny dla nastolatk\u00f3w<\/p>\n<p>yyyyy<\/p>\n<p>&nbsp;<\/p>\n","protected":false},"excerpt":{"rendered":"<p>Bakugany to magiczne istoty o niezwyk\u0142ej mocy, z pomoc\u0105 kt\u00f3rych m\u0142odzi wojownicy walcz\u0105 o pok\u00f3j we Wszech\u015bwiecie. Maj\u0105 ju\u017c ogrooomne rzesze fan\u00f3w. Do ich popularyzacji przyczyni\u0142 si\u0119 japo\u0144ski serial animowany oraz gra strategiczna, kt\u00f3ra jest tym atrakcyjniejsza, im wi\u0119cej Bakugan\u00f3w bierze w niej udzia\u0142. Czy masz w sobie to co\u015b, co sprawi, \u017ce staniesz si\u0119 [&hellip;]<\/p>\n","protected":false},"featured_media":8053,"comment_status":"closed","ping_status":"open","template":"","meta":[],"product_cat":[95,94],"product_tag":[833,578,659,581],"class_list":["post-8052","product","type-product","status-publish","has-post-thumbnail","hentry","product_cat-figurki-makiety-i-zestawy","product_cat-spin-master","product_tag-bajki-dla-dzieci-do-czytania","product_tag-fajne-zarty-na-prima-aprilis","product_tag-tupu-tup-po-sniegu-tekst","product_tag-zagadki-dla-8-latka"],"_links":{"self":[{"href":"http:\/\/klubmamgdynia.pl\/index.php\/wp-json\/wp\/v2\/product\/8052","targetHints":{"allow":["GET"]}}],"collection":[{"href":"http:\/\/klubmamgdynia.pl\/index.php\/wp-json\/wp\/v2\/product"}],"about":[{"href":"http:\/\/klubmamgdynia.pl\/index.php\/wp-json\/wp\/v2\/types\/product"}],"replies":[{"embeddable":true,"href":"http:\/\/klubmamgdynia.pl\/index.php\/wp-json\/wp\/v2\/comments?post=8052"}],"wp:featuredmedia":[{"embeddable":true,"href":"http:\/\/klubmamgdynia.pl\/index.php\/wp-json\/wp\/v2\/media\/8053"}],"wp:attachment":[{"href":"http:\/\/klubmamgdynia.pl\/index.php\/wp-json\/wp\/v2\/media?parent=8052"}],"wp:term":[{"taxonomy":"product_cat","embeddable":true,"href":"http:\/\/klubmamgdynia.pl\/index.php\/wp-json\/wp\/v2\/product_cat?post=8052"},{"taxonomy":"product_tag","embeddable":true,"href":"http:\/\/klubmamgdynia.pl\/index.php\/wp-json\/wp\/v2\/product_tag?post=8052"}],"curies":[{"name":"wp","href":"https:\/\/api.w.org\/{rel}","templated":true}]}}