{"id":8064,"date":"2025-05-24T01:17:16","date_gmt":"2025-05-23T23:17:16","guid":{"rendered":"http:\/\/klubmamgdynia.pl\/?post_type=product&#038;p=8064"},"modified":"2026-04-29T02:01:01","modified_gmt":"2026-04-29T00:01:01","slug":"bruder-scrambler-ducati-z-kierowca-63053","status":"publish","type":"product","link":"http:\/\/klubmamgdynia.pl\/index.php\/produkt\/bruder-scrambler-ducati-z-kierowca-63053\/","title":{"rendered":"Bruder Scrambler Ducati Z Kierowc\u0105 63053"},"content":{"rendered":"<p>Zabawka Motor Ducati Scrambler Full Throttle z kierowc\u0105. W sk\u0142ad zestawu wchodzi motor oraz motocyklista z kaskiem. Figurki bWorld posiadaj\u0105 ruchome ko\u0144czyny dzi\u0119ki czemu mo\u017cna umieszcza\u0107 w pojazdach Brudera oraz dowolnie kszta\u0142towa\u0107. W sk\u0142ad zestawu wchodz\u0105: motocykl, figurka kierowcy, kask, r\u0119kawice. Niemiecka firma Bruder to czo\u0142owy producent zabawek w Europie. Zabawki Bruder cechuje doskona\u0142a jako\u015b\u0107 wykonania i dba\u0142o\u015b\u0107 o szczeg\u00f3\u0142y.<\/p>\n<h2>Bruder Scrambler Ducati Z Kierowc\u0105 63053 Bruder<\/h2>\n<p>kolorowanki my little pony, kolorowanka peppa, bajka o smoku wawelskim, walentynka kolorowanka, \u017carty na prima aprilis w domu, aaa kotki dwa tekst, zaj\u0105czek z jajka ugotowanego, mama cytaty, chase kolorowanka, calineczka test z odpowiedziami, mitologia grecka quiz, zima z\u0142a tekst, bajki do czytania dla 6 latka, atrakcje do 30 km od wroc\u0142awia<\/p>\n<p>yyyyy<\/p>\n<p>&nbsp;<\/p>\n","protected":false},"excerpt":{"rendered":"<p>Zabawka Motor Ducati Scrambler Full Throttle z kierowc\u0105. W sk\u0142ad zestawu wchodzi motor oraz motocyklista z kaskiem. Figurki bWorld posiadaj\u0105 ruchome ko\u0144czyny dzi\u0119ki czemu mo\u017cna umieszcza\u0107 w pojazdach Brudera oraz dowolnie kszta\u0142towa\u0107. W sk\u0142ad zestawu wchodz\u0105: motocykl, figurka kierowcy, kask, r\u0119kawice. Niemiecka firma Bruder to czo\u0142owy producent zabawek w Europie. Zabawki Bruder cechuje doskona\u0142a jako\u015b\u0107 [&hellip;]<\/p>\n","protected":false},"featured_media":8065,"comment_status":"closed","ping_status":"open","template":"","meta":[],"product_cat":[83,1076],"product_tag":[702,691,752,715],"class_list":["post-8064","product","type-product","status-publish","has-post-thumbnail","hentry","product_cat-auta-i-inne-pojazdy-do-zabawy","product_cat-bruder","product_tag-co-kupic-na-roczek-dla-dziewczynki","product_tag-gabriel","product_tag-kuba-imie","product_tag-zosia-samosia"],"_links":{"self":[{"href":"http:\/\/klubmamgdynia.pl\/index.php\/wp-json\/wp\/v2\/product\/8064","targetHints":{"allow":["GET"]}}],"collection":[{"href":"http:\/\/klubmamgdynia.pl\/index.php\/wp-json\/wp\/v2\/product"}],"about":[{"href":"http:\/\/klubmamgdynia.pl\/index.php\/wp-json\/wp\/v2\/types\/product"}],"replies":[{"embeddable":true,"href":"http:\/\/klubmamgdynia.pl\/index.php\/wp-json\/wp\/v2\/comments?post=8064"}],"wp:featuredmedia":[{"embeddable":true,"href":"http:\/\/klubmamgdynia.pl\/index.php\/wp-json\/wp\/v2\/media\/8065"}],"wp:attachment":[{"href":"http:\/\/klubmamgdynia.pl\/index.php\/wp-json\/wp\/v2\/media?parent=8064"}],"wp:term":[{"taxonomy":"product_cat","embeddable":true,"href":"http:\/\/klubmamgdynia.pl\/index.php\/wp-json\/wp\/v2\/product_cat?post=8064"},{"taxonomy":"product_tag","embeddable":true,"href":"http:\/\/klubmamgdynia.pl\/index.php\/wp-json\/wp\/v2\/product_tag?post=8064"}],"curies":[{"name":"wp","href":"https:\/\/api.w.org\/{rel}","templated":true}]}}