{"id":8116,"date":"2014-12-05T20:35:14","date_gmt":"2014-12-05T19:35:14","guid":{"rendered":"http:\/\/klubmamgdynia.pl\/index.php\/produkt\/janod-magnetyczna-ukladanka-swiat-basni-magnetibook-3-8-lat-j02588\/"},"modified":"2026-05-17T22:46:43","modified_gmt":"2026-05-17T20:46:43","slug":"janod-magnetyczna-ukladanka-swiat-basni-magnetibook-3-8-lat-j02588","status":"publish","type":"product","link":"http:\/\/klubmamgdynia.pl\/index.php\/produkt\/janod-magnetyczna-ukladanka-swiat-basni-magnetibook-3-8-lat-j02588\/","title":{"rendered":"Janod Magnetyczna Uk\u0142adanka \u015awiat Ba\u015bni Magnetibook 3-8 Lat J02588"},"content":{"rendered":"<p>Janod Magnetyczna Uk\u0142adanka \u015awiat Ba\u015bni Magnetibook                            <\/p>\n<p>a                            <\/p>\n<p>Magnetyczna uk\u0142adanka Magnetibook francuskiej marki Janod to doskona\u0142a zabawka, rozwijaj\u0105ca kreatywno\u015b\u0107 i wyobra\u017ani\u0119, uwielbiana przez dzieci w Polsce i na ca\u0142ym \u015bwiecie. Zabawa polega na uk\u0142adaniu na planszy magnes\u00f3w, kt\u00f3re dziecko mo\u017ce \u0142\u0105czy\u0107 we wzory. Uk\u0142adanka ta b\u0119dzie s\u0142u\u017cy\u0107 przed d\u0142ugi czas i niepr\u0119dko si\u0119 znudzi, bo daje wiele mo\u017cliwo\u015bci kreacji. Jest pi\u0119knie wykonana, co dodatkowo rozbudza zmys\u0142 artystyczny, a ponadto \u0107wiczy logiczne my\u015blenie oraz sprawno\u015b\u0107 manualn\u0105 u dziecka.Magnetibook Ba\u015bnie z bestsellerowej linii Magnetibook zawiera 30 kolorowych magnes\u00f3w z elementami do stworzenia doskonale dzieciom znanych bajkowych postaci, m.in. Czerwonego Kapturka, kota w butach, czarownicy, wr\u00f3\u017cki czy krasnoludka oraz 10 kart z ilustracjami tych postaci. Magnesy pozwalaj\u0105 r\u00f3wnie\u017c na uk\u0142adanie wymy\u015blonych przez siebie bohater\u00f3w. To \u015bwietna rozrywka dla ma\u0142ych mi\u0142o\u015bnik\u00f3w bajek, a tak\u017ce wszystkich tw\u00f3rczych dzieci.                            <\/p>\n<p>a                            <\/p>\n<p>Opakowanie wykonane jest ze sztywnego kartonu w formie ksi\u0105\u017cki. Plansza magnetyczna jest jednocze\u015bnie wewn\u0119trzn\u0105 stron\u0105 ok\u0142adki. Dwie przegr\u00f3dki wewn\u0105trz pomagaj\u0105 utrzyma\u0107 porz\u0105dek w magnesach i kartach. Ca\u0142o\u015b\u0107 prezentuje si\u0119 bardzo estetycznie i doskonale nadaje si\u0119 na prezent.Zabawka rozwija:umiej\u0119tno\u015b\u0107 budowania i projektowaniama\u0142\u0105 motoryk\u0119wiek: 3-8 latliczba element\u00f3w: 40materia\u0142: magnes\/ twardy kartondesign: Francjawymiary produktu: 19 x 4 x 26waga produktu: 0,66 kgwymiary opakowania: 19 x 4 x 26 cmbezpiecze\u0144stwo i jako\u015b\u0107: EN71-1; EN71-2, EN71-3; REACH                            <\/p>\n<p>a                            <\/p>\n<p>a                            <\/p>\n<p>Janod od 1970 roku niezmiennie projektuje zabawki, kt\u00f3re s\u0105 synonimem innowacyjno\u015bci, francuskiego designu i najwy\u017cszej jako\u015bci. Unikalne zabawki Janod tworzone s\u0105 z drewna i innych doskona\u0142ych materia\u0142\u00f3w, a przede wszystkim z dzieci\u0119cych marze\u0144!\u00a0W obecnej ofercie Janod jest ponad 500 produkt\u00f3w, z kt\u00f3rych kluczowe to zabawki drewniane, puzzle, uk\u0142adanki i zabawki magnetyczne. Wszystkie produkty projektowane s\u0105 we Francji przez w\u0142asnych designer\u00f3w. St\u0105d wiele motyw\u00f3w i wzor\u00f3w powtarza si\u0119 w kolekcjach, tworz\u0105c wyj\u0105tkowy, bajkowy \u015bwiat Janod.\u00a0Wszystkie zabawki tworzone s\u0105 z dba\u0142o\u015bci\u0105 o szczeg\u00f3\u0142y, z najwy\u017cszej jako\u015bci materia\u0142\u00f3w, bezpiecznych dla dzieci. Zabawki spe\u0142niaj\u0105 restrykcyjne normy bezpiecze\u0144stwa, takie jak EN71-1, EN71-2, EN71-3 oraz REACH.<\/p>\n<h2>Janod Magnetyczna Uk\u0142adanka \u015awiat Ba\u015bni Magnetibook 3-8 Lat J02588 Janod<\/h2>\n<p>wierszyki o wakacjach kr\u00f3tkie, m.i.a., ciekawe zagadki, zabawy z pi\u0142k\u0105 dla dzieci, miasto dzieci.pl, \u015bwinka peppa kolorowanka do druku, zabawy z 7 latkiem, prezenty dla nastolatka, konkurencje sportowe dla dzieci, zabawy dla 10 latk\u00f3w, film animowany o \u015bwi\u0119tach, cytaty dla dzieci<\/p>\n<p>yyyyy<\/p>\n<p>&nbsp;<\/p>\n","protected":false},"excerpt":{"rendered":"<p>Janod Magnetyczna Uk\u0142adanka \u015awiat Ba\u015bni Magnetibook a Magnetyczna uk\u0142adanka Magnetibook francuskiej marki Janod to doskona\u0142a zabawka, rozwijaj\u0105ca kreatywno\u015b\u0107 i wyobra\u017ani\u0119, uwielbiana przez dzieci w Polsce i na ca\u0142ym \u015bwiecie. Zabawa polega na uk\u0142adaniu na planszy magnes\u00f3w, kt\u00f3re dziecko mo\u017ce \u0142\u0105czy\u0107 we wzory. Uk\u0142adanka ta b\u0119dzie s\u0142u\u017cy\u0107 przed d\u0142ugi czas i niepr\u0119dko si\u0119 znudzi, bo daje [&hellip;]<\/p>\n","protected":false},"featured_media":8117,"comment_status":"closed","ping_status":"open","template":"","meta":[],"product_cat":[557,537],"product_tag":[683,699,807,586],"class_list":["post-8116","product","type-product","status-publish","has-post-thumbnail","hentry","product_cat-janod","product_cat-pozostale-zabawki-edukacyjne","product_tag-karaluchy-pod-poduchy","product_tag-kolorowanki-do-druku-dla-dziewczyn","product_tag-logiczne-zagadki","product_tag-smieszne-zagadki"],"_links":{"self":[{"href":"http:\/\/klubmamgdynia.pl\/index.php\/wp-json\/wp\/v2\/product\/8116","targetHints":{"allow":["GET"]}}],"collection":[{"href":"http:\/\/klubmamgdynia.pl\/index.php\/wp-json\/wp\/v2\/product"}],"about":[{"href":"http:\/\/klubmamgdynia.pl\/index.php\/wp-json\/wp\/v2\/types\/product"}],"replies":[{"embeddable":true,"href":"http:\/\/klubmamgdynia.pl\/index.php\/wp-json\/wp\/v2\/comments?post=8116"}],"wp:featuredmedia":[{"embeddable":true,"href":"http:\/\/klubmamgdynia.pl\/index.php\/wp-json\/wp\/v2\/media\/8117"}],"wp:attachment":[{"href":"http:\/\/klubmamgdynia.pl\/index.php\/wp-json\/wp\/v2\/media?parent=8116"}],"wp:term":[{"taxonomy":"product_cat","embeddable":true,"href":"http:\/\/klubmamgdynia.pl\/index.php\/wp-json\/wp\/v2\/product_cat?post=8116"},{"taxonomy":"product_tag","embeddable":true,"href":"http:\/\/klubmamgdynia.pl\/index.php\/wp-json\/wp\/v2\/product_tag?post=8116"}],"curies":[{"name":"wp","href":"https:\/\/api.w.org\/{rel}","templated":true}]}}