{"id":8118,"date":"2023-12-15T06:54:10","date_gmt":"2023-12-15T05:54:10","guid":{"rendered":"http:\/\/klubmamgdynia.pl\/?post_type=product&#038;p=8118"},"modified":"2026-04-05T23:09:05","modified_gmt":"2026-04-05T21:09:05","slug":"pro-kids-klocki-mega-construx-magnext-5w1-explorers","status":"publish","type":"product","link":"http:\/\/klubmamgdynia.pl\/index.php\/produkt\/pro-kids-klocki-mega-construx-magnext-5w1-explorers\/","title":{"rendered":"Pro Kids Klocki Mega Construx Magnext 5W1 Explorers"},"content":{"rendered":"<p>Ruszaj na podb\u00f3j kosmosu z pojazdami kosmicznymi Mega Construx Magnext. Zestaw sk\u0142ada si\u0119 z 138 element\u00f3w, kt\u00f3re pozwalaj\u0105 zbudowa\u0107 a\u017c 5 pojazd\u00f3w kosmicznych tj. rakieta, kapsu\u0142a, robot, \u0142azik, czy satelite . Dzieki magnesom, klockom, budowa jest \u0142atwa i obywa si\u0119 bez dodatkowych narz\u0119dzi.Pobierz aplikacj\u0119 Mega Construx Beyonders, by znale\u017a\u0107 wi\u0119cej inspiracji do budowania. NAZWA KLOCKI MEGA CONSTRUX MAGNEXT 5W1 EXPLORERS PRODUCENT PRO KIDS WIEK 8+ EAN 0887961759686 Znajd\u017a podobne wed\u0142ug klucza: PRO_KIDS KLOCKI (443618)<\/p>\n<h2>Pro Kids Klocki Mega Construx Magnext 5W1 Explorers Pro Kids<\/h2>\n<p>tekst o rodzinie, jak rozmawia\u0107 z dzie\u0107mi o wojnie, tymoteusz znaczenie imienia, proste szczere \u017cyczenia bo\u017conarodzeniowe, matylda imi\u0119, zagadki logiczne matematyczne dla dzieci, kolorowanki z bajek<\/p>\n<p>yyyyy<\/p>\n<p>&nbsp;<\/p>\n","protected":false},"excerpt":{"rendered":"<p>Ruszaj na podb\u00f3j kosmosu z pojazdami kosmicznymi Mega Construx Magnext. Zestaw sk\u0142ada si\u0119 z 138 element\u00f3w, kt\u00f3re pozwalaj\u0105 zbudowa\u0107 a\u017c 5 pojazd\u00f3w kosmicznych tj. rakieta, kapsu\u0142a, robot, \u0142azik, czy satelite . Dzieki magnesom, klockom, budowa jest \u0142atwa i obywa si\u0119 bez dodatkowych narz\u0119dzi.Pobierz aplikacj\u0119 Mega Construx Beyonders, by znale\u017a\u0107 wi\u0119cej inspiracji do budowania. NAZWA KLOCKI [&hellip;]<\/p>\n","protected":false},"featured_media":8119,"comment_status":"closed","ping_status":"open","template":"","meta":[],"product_cat":[113,1229],"product_tag":[594,596,791,712],"class_list":["post-8118","product","type-product","status-publish","has-post-thumbnail","hentry","product_cat-klocki","product_cat-pro-kids","product_tag-podchwytliwe-zagadki-dla-dzieci","product_tag-pomysly-na-prima-aprilis","product_tag-zagadki-na-myslenie","product_tag-zagadki-o-zwierzetach"],"_links":{"self":[{"href":"http:\/\/klubmamgdynia.pl\/index.php\/wp-json\/wp\/v2\/product\/8118","targetHints":{"allow":["GET"]}}],"collection":[{"href":"http:\/\/klubmamgdynia.pl\/index.php\/wp-json\/wp\/v2\/product"}],"about":[{"href":"http:\/\/klubmamgdynia.pl\/index.php\/wp-json\/wp\/v2\/types\/product"}],"replies":[{"embeddable":true,"href":"http:\/\/klubmamgdynia.pl\/index.php\/wp-json\/wp\/v2\/comments?post=8118"}],"wp:featuredmedia":[{"embeddable":true,"href":"http:\/\/klubmamgdynia.pl\/index.php\/wp-json\/wp\/v2\/media\/8119"}],"wp:attachment":[{"href":"http:\/\/klubmamgdynia.pl\/index.php\/wp-json\/wp\/v2\/media?parent=8118"}],"wp:term":[{"taxonomy":"product_cat","embeddable":true,"href":"http:\/\/klubmamgdynia.pl\/index.php\/wp-json\/wp\/v2\/product_cat?post=8118"},{"taxonomy":"product_tag","embeddable":true,"href":"http:\/\/klubmamgdynia.pl\/index.php\/wp-json\/wp\/v2\/product_tag?post=8118"}],"curies":[{"name":"wp","href":"https:\/\/api.w.org\/{rel}","templated":true}]}}