{"id":8122,"date":"2017-05-07T23:19:01","date_gmt":"2017-05-07T21:19:01","guid":{"rendered":"http:\/\/klubmamgdynia.pl\/index.php\/produkt\/janod-petla-edukacyjna-krolik-i-spolka-j08254\/"},"modified":"2026-04-04T06:04:05","modified_gmt":"2026-04-04T04:04:05","slug":"janod-petla-edukacyjna-krolik-i-spolka-j08254","status":"publish","type":"product","link":"http:\/\/klubmamgdynia.pl\/index.php\/produkt\/janod-petla-edukacyjna-krolik-i-spolka-j08254\/","title":{"rendered":"Janod P\u0119tla Edukacyjna Kr\u00f3lik I Sp\u00f3\u0142ka J08254"},"content":{"rendered":"<p>Janod P\u0119tla Edukacyjna Kr\u00f3lik I Sp\u00f3\u0142ka                            <\/p>\n<p>a                            <\/p>\n<p>P\u0119tla edukacyjna Kr\u00f3lik i sp\u00f3\u0142ka francuskiej marki JANOD to idealna zabawka dla dzieci od 1. roku \u017cycia. Wykonana z drewna i metalu zabawka umieszczona jest na niewielkich szerokich i stabilnych n\u00f3\u017ckach. Blat imituj\u0105cy \u0142\u0105k\u0119 dzieli \u015bcianka \u2013 niebo. Przez blat i \u015bciank\u0119 przechodz\u0105 trzy p\u0119tle \u2013 czerwona, pomara\u0144czowa i srebrna. Zabawka ma r\u00f3wnie\u017c otwory na do\u0142\u0105czone do zestawu drewniane warzywa \u2013 dwie marchewki i pomidora. Na jednej p\u0119tli znajduje si\u0119 chmurka, 2 s\u00f3wki i 3 drewniane kulki, na drugiej \u017c\u00f3\u0142w, a na trzeciej kr\u00f3lik. Przesuwanie klock\u00f3w po p\u0119tlach oraz umieszczenie warzyw w otworach blatu rozwija koordynacj\u0119 ruchow\u0105 i tzw. ma\u0142\u0105 motoryk\u0119. R\u00f3\u017cnorodno\u015b\u0107 mo\u017cliwych aktywno\u015bci i du\u017ca ilo\u015b\u0107 element\u00f3w sprawi, \u017ce zabawka szybko si\u0119 nie znudzi, a pi\u0119kne kolory i przyjazne postacie zwierz\u0105tek dodatkowo zaciekawiaj\u0105 i zach\u0119caj\u0105 dziecko do zabawy. Wszystkie elementy s\u0105 wygodne do trzymania w ma\u0142ych r\u0105czkach.Zabawka zosta\u0142a zaprojektowana we Francji. Zapakowana jest w estetyczne, kartonowe pude\u0142ko. Idealnie nadaje si\u0119 na prezent.                            <\/p>\n<p>a                            <\/p>\n<p>Zabawki edukacyjne marki Janod wyr\u00f3\u017cniaj\u0105 niebanalne rozwi\u0105zania, wysoka jako\u015b\u0107 materia\u0142\u00f3w i precyzyjne wykonanie. Podczas beztroskiej zabawy rozwijaj\u0105 zmys\u0142y dziecka, wspomagaj\u0105 rozw\u00f3j dzi\u0119ki mnogo\u015bci funkcji, zapewniaj\u0105 mu kontakt z estetycznymi materia\u0142ami i designem. Dzi\u0119ki przypisaniu do odpowiedniej kategorii wiekowej, s\u0142u\u017c\u0105 \u0107wiczeniu adekwatnych na danym etapie umiej\u0119tno\u015bci, jak motoryka d\u0142oni czy kojarzenie kszta\u0142t\u00f3w i kolor\u00f3w.wiek:\u00a012-36 miesi\u0119cyliczba element\u00f3w: 1 + 3materia\u0142: drewno, metaldesign: Francjawymiary produktu:\u00a0\u00a028,5 x 20 x 19 cmwaga produktu:\u00a02,4 kgwymiary opakowania: 29 x 21 x 20 cmbezpiecze\u0144stwo i jako\u015b\u0107: EN71-1; EN71-2, EN71-3; REACH                            <\/p>\n<p>a                            <\/p>\n<p>Janod od 1970 roku niezmiennie projektuje zabawki, kt\u00f3re s\u0105 synonimem innowacyjno\u015bci, francuskiego designu i najwy\u017cszej jako\u015bci. Unikalne zabawki Janod tworzone s\u0105 z drewna i innych doskona\u0142ych materia\u0142\u00f3w, a przede wszystkim z dzieci\u0119cych marze\u0144!\u00a0W obecnej ofercie Janod jest ponad 500 produkt\u00f3w, z kt\u00f3rych kluczowe to zabawki drewniane, puzzle, uk\u0142adanki i zabawki magnetyczne. Wszystkie produkty projektowane s\u0105 we Francji przez w\u0142asnych designer\u00f3w. St\u0105d wiele motyw\u00f3w i wzor\u00f3w powtarza si\u0119 w kolekcjach, tworz\u0105c wyj\u0105tkowy, bajkowy \u015bwiat Janod.\u00a0Wszystkie zabawki tworzone s\u0105 z dba\u0142o\u015bci\u0105 o szczeg\u00f3\u0142y, z najwy\u017cszej jako\u015bci materia\u0142\u00f3w, bezpiecznych dla dzieci. Zabawki spe\u0142niaj\u0105 restrykcyjne normy bezpiecze\u0144stwa, takie jak EN71-1, EN71-2, EN71-3 oraz REACH.<\/p>\n<h2>Janod P\u0119tla Edukacyjna Kr\u00f3lik I Sp\u00f3\u0142ka J08254 Janod<\/h2>\n<p>ozdoby wielkanocne kt\u00f3re mog\u0105 zrobi\u0107 dzieci, bajka terapeutyczna o emocjach, quizy za darmo, niech \u017cyj\u0105 wakacje tekst, zagadki o psach, ba\u015bniowe imiona \u017ce\u0144skie, ale kino program, test z opowie\u015bci z narnii lew czarownica i stara szafa, zagadka matematyczna, filmy animowane o \u015bwi\u0119tach, na roczek dla ch\u0142opca, kajko i kokosz szko\u0142a latania test z odpowiedziami, imi\u0119 leon, imi\u0119 natan, prezenty dla nastolatka, kolorowanki star wars<\/p>\n<p>yyyyy<\/p>\n<p>&nbsp;<\/p>\n","protected":false},"excerpt":{"rendered":"<p>Janod P\u0119tla Edukacyjna Kr\u00f3lik I Sp\u00f3\u0142ka a P\u0119tla edukacyjna Kr\u00f3lik i sp\u00f3\u0142ka francuskiej marki JANOD to idealna zabawka dla dzieci od 1. roku \u017cycia. Wykonana z drewna i metalu zabawka umieszczona jest na niewielkich szerokich i stabilnych n\u00f3\u017ckach. Blat imituj\u0105cy \u0142\u0105k\u0119 dzieli \u015bcianka \u2013 niebo. Przez blat i \u015bciank\u0119 przechodz\u0105 trzy p\u0119tle \u2013 czerwona, pomara\u0144czowa [&hellip;]<\/p>\n","protected":false},"featured_media":8123,"comment_status":"closed","ping_status":"open","template":"","meta":[],"product_cat":[557,537],"product_tag":[722,832,586,597,604],"class_list":["post-8122","product","type-product","status-publish","has-post-thumbnail","hentry","product_cat-janod","product_cat-pozostale-zabawki-edukacyjne","product_tag-cytaty-o-przyjazni","product_tag-desery-dla-dzieci","product_tag-smieszne-zagadki","product_tag-zagadki-o-zimie","product_tag-zagadki-trudne"],"_links":{"self":[{"href":"http:\/\/klubmamgdynia.pl\/index.php\/wp-json\/wp\/v2\/product\/8122","targetHints":{"allow":["GET"]}}],"collection":[{"href":"http:\/\/klubmamgdynia.pl\/index.php\/wp-json\/wp\/v2\/product"}],"about":[{"href":"http:\/\/klubmamgdynia.pl\/index.php\/wp-json\/wp\/v2\/types\/product"}],"replies":[{"embeddable":true,"href":"http:\/\/klubmamgdynia.pl\/index.php\/wp-json\/wp\/v2\/comments?post=8122"}],"wp:featuredmedia":[{"embeddable":true,"href":"http:\/\/klubmamgdynia.pl\/index.php\/wp-json\/wp\/v2\/media\/8123"}],"wp:attachment":[{"href":"http:\/\/klubmamgdynia.pl\/index.php\/wp-json\/wp\/v2\/media?parent=8122"}],"wp:term":[{"taxonomy":"product_cat","embeddable":true,"href":"http:\/\/klubmamgdynia.pl\/index.php\/wp-json\/wp\/v2\/product_cat?post=8122"},{"taxonomy":"product_tag","embeddable":true,"href":"http:\/\/klubmamgdynia.pl\/index.php\/wp-json\/wp\/v2\/product_tag?post=8122"}],"curies":[{"name":"wp","href":"https:\/\/api.w.org\/{rel}","templated":true}]}}