{"id":8144,"date":"2014-12-05T14:59:33","date_gmt":"2014-12-05T13:59:33","guid":{"rendered":"http:\/\/klubmamgdynia.pl\/index.php\/produkt\/suavinex-smoczek-do-butelki-zero-zero-m-sredni-przeplyw-2szt\/"},"modified":"2026-05-17T22:17:45","modified_gmt":"2026-05-17T20:17:45","slug":"suavinex-smoczek-do-butelki-zero-zero-m-sredni-przeplyw-2szt","status":"publish","type":"product","link":"http:\/\/klubmamgdynia.pl\/index.php\/produkt\/suavinex-smoczek-do-butelki-zero-zero-m-sredni-przeplyw-2szt\/","title":{"rendered":"Suavinex Smoczek Do Butelki Zero Zero M \u015aredni Przep\u0142yw 2Szt."},"content":{"rendered":"<p>Wymienny smoczek do butelki Suavinex Zero Zero. Wykonany zosta\u0142 z silikonu i posiada specjalnie opracowany kszta\u0142t. Jego celem jest jak najlepsza imitacja kobiecej piersi zar\u00f3wno pod wzgl\u0119dem kszta\u0142tu jak i faktury. Zminimalizowanie r\u00f3\u017cnic mi\u0119dzy brodawk\u0105 a smoczkiem sprawia, \u017ce dziecku \u0142atwiej jest przechodzi\u0107 z butelki na karmienie naturalne i na odwr\u00f3t.Prezentowany smoczek Suavinex Zero Zero posiada otw\u00f3r o \u015brednim przep\u0142ywie. Pasuje do butelek o pojemno\u015bci 180 ml i 270 ml. Szczeg\u00f3\u0142y:innowacyjna budowa zbli\u017cona kszta\u0142tem i faktur\u0105 do kobiecej piersi (kszta\u0142t smoczka opracowany na podstawie bada\u0144 naukowych)wykonany z bezpiecznego, barwionego silikonuu\u0142atwia rodzicom \u0142\u0105czenie dw\u00f3ch sposob\u00f3w karmienia &#8211; piersi\u0105 i butelk\u0105polecana do mleka, sok\u00f3w i bardzo p\u0142ynnych pokarm\u00f3wd\u0142ugi, wymodelowany kszta\u0142t, zapewnia tak\u0105 sam\u0105 pozycj\u0119 i prac\u0119 mi\u0119\u015bni jamy ustnej, j\u0119zyka i szcz\u0119ki dziecka jak przy karmieniu piersi\u0105smoczek M o \u015brednim przep\u0142ywie lokalizacja smoczka na skraju butelki zapewnia nieprzerwane wype\u0142nienie pokarmem, co minimalizuje ilo\u015b\u0107 po\u0142ykanego przez dziecko powietrzawykonane w UE,smoczki rekomendowane s\u0105 przez Hiszpa\u0144skie Towarzystwa Dentystyki Dzieci\u0119cej i Stowarzyszenie W\u0142oskich Specjalist\u00f3w Ortodont\u00f3w (A.S.I.O.)wszystkie produkty s\u0105 wolne od BPA, przebadane klinicznie i wyprodukowane przez hiszpa\u0144skiego producenta farmaceutycznego.Producent: Suavinex<\/p>\n<h2>Suavinex Smoczek Do Butelki Zero Zero M \u015aredni Przep\u0142yw 2Szt. Suavinex<\/h2>\n<p>pomysl na prezent na roczek, zabawy logiczne dla dzieci, jak zrobi\u0107 samolot z papieru, \u015bwinka peppa do czytania, zabawy dla 5 6 latk\u00f3w, kolorowanka sky, park ujazdowski, kolorowanki \u015bwi\u0105teczne do druku pdf, ilona, quiz o psie kt\u00f3ry je\u017adzi\u0142 kolej\u0105<\/p>\n<p>yyyyy<\/p>\n<p>&nbsp;<\/p>\n","protected":false},"excerpt":{"rendered":"<p>Wymienny smoczek do butelki Suavinex Zero Zero. Wykonany zosta\u0142 z silikonu i posiada specjalnie opracowany kszta\u0142t. Jego celem jest jak najlepsza imitacja kobiecej piersi zar\u00f3wno pod wzgl\u0119dem kszta\u0142tu jak i faktury. Zminimalizowanie r\u00f3\u017cnic mi\u0119dzy brodawk\u0105 a smoczkiem sprawia, \u017ce dziecku \u0142atwiej jest przechodzi\u0107 z butelki na karmienie naturalne i na odwr\u00f3t.Prezentowany smoczek Suavinex Zero Zero [&hellip;]<\/p>\n","protected":false},"featured_media":8145,"comment_status":"closed","ping_status":"open","template":"","meta":[],"product_cat":[283,1328],"product_tag":[772,781,755,842,591,712],"class_list":["post-8144","product","type-product","status-publish","has-post-thumbnail","hentry","product_cat-smoczki-i-ustniki-do-butelek","product_cat-suavinex","product_tag-45-panstw-europy-i-ich-stolice-quiz","product_tag-cytaty-o-wychowaniu-dzieci","product_tag-henryk","product_tag-plac-zabaw-poznan","product_tag-quiz-o-minecraft","product_tag-zagadki-o-zwierzetach"],"_links":{"self":[{"href":"http:\/\/klubmamgdynia.pl\/index.php\/wp-json\/wp\/v2\/product\/8144","targetHints":{"allow":["GET"]}}],"collection":[{"href":"http:\/\/klubmamgdynia.pl\/index.php\/wp-json\/wp\/v2\/product"}],"about":[{"href":"http:\/\/klubmamgdynia.pl\/index.php\/wp-json\/wp\/v2\/types\/product"}],"replies":[{"embeddable":true,"href":"http:\/\/klubmamgdynia.pl\/index.php\/wp-json\/wp\/v2\/comments?post=8144"}],"wp:featuredmedia":[{"embeddable":true,"href":"http:\/\/klubmamgdynia.pl\/index.php\/wp-json\/wp\/v2\/media\/8145"}],"wp:attachment":[{"href":"http:\/\/klubmamgdynia.pl\/index.php\/wp-json\/wp\/v2\/media?parent=8144"}],"wp:term":[{"taxonomy":"product_cat","embeddable":true,"href":"http:\/\/klubmamgdynia.pl\/index.php\/wp-json\/wp\/v2\/product_cat?post=8144"},{"taxonomy":"product_tag","embeddable":true,"href":"http:\/\/klubmamgdynia.pl\/index.php\/wp-json\/wp\/v2\/product_tag?post=8144"}],"curies":[{"name":"wp","href":"https:\/\/api.w.org\/{rel}","templated":true}]}}