{"id":8148,"date":"2020-09-17T06:58:26","date_gmt":"2020-09-17T04:58:26","guid":{"rendered":"http:\/\/klubmamgdynia.pl\/index.php\/produkt\/janod-rodzina-ropuch-zabawki-do-kapieli-5-sztuk\/"},"modified":"2026-04-06T11:48:44","modified_gmt":"2026-04-06T09:48:44","slug":"janod-rodzina-ropuch-zabawki-do-kapieli-5-sztuk","status":"publish","type":"product","link":"http:\/\/klubmamgdynia.pl\/index.php\/produkt\/janod-rodzina-ropuch-zabawki-do-kapieli-5-sztuk\/","title":{"rendered":"Janod Rodzina Ropuch Zabawki Do K\u0105pieli 5 Sztuk"},"content":{"rendered":"<p>Janod Rodzina Ropuch Zabawki Do K\u0105pieli\u00a0                            <\/p>\n<p>a                            <\/p>\n<p>Zestaw figurek do k\u0105pieli Rodzina \u017c\u00f3\u0142wi JANOD to wytrzyma\u0142e zabawki z wodoodpornego tworzywa.<br \/>\nW sk\u0142ad kompletu wchodzi pi\u0119\u0107 uroczych \u017c\u00f3\u0142wik\u00f3w<br \/>\nw r\u00f3\u017cnorodnych, intensywnych kolorach.<br \/>\nFigurki maj\u0105 dwie wielko\u015bci \u2013 wi\u0119ksi rodzice i nieco mniejsze dzieci,<br \/>\ns\u0105 mi\u0119kkie, por\u0119czne i przyjemne w dotyku.\u00a0Dzi\u0119ki specjalnym wypustkom na skorupie i wg\u0142\u0119bieniu w brzuszku mo\u017cna je ze sob\u0105 \u0142\u0105czy\u0107, tworz\u0105c np. \u0142a\u0144cuch.\u00a0Ma\u0142e \u017c\u00f3\u0142wiki po \u015bci\u015bni\u0119ciu i nape\u0142nieniu wod\u0105, tryskaj\u0105.Zabawki maj\u0105 intensywne, \u0142adne kolory.\u00a0Tworzenie opowie\u015bci o ich przygodach to doskona\u0142y spos\u00f3b\u00a0na wyciszenie i idealny umilacz czasu, sp\u0119dzanego w wannie.                            <\/p>\n<p>a                            <\/p>\n<p>Kolekcja do k\u0105pieli JANOD to seria pi\u0119knych wodoodpornych zabawek dla maluszk\u00f3w. Sk\u0142adaj\u0105 si\u0119 na ni\u0105 m.in. sympatyczne zwierzaczki, puzzle, \u0142\u00f3dki, a nawet artyku\u0142y plastyczne. Dzi\u0119ki nim czas k\u0105pieli jest zawsze wype\u0142niony rado\u015bci\u0105 i eksperymentami, a przy tym rozbudza dzieci\u0119c\u0105 wyobra\u017ani\u0119.Zabawka rozwija:ch\u0119\u0107 odkrywania i eksperymentowaniama\u0142\u0105 motoryk\u0119wyobra\u017ani\u0119, pomys\u0142owo\u015b\u0107 i kreatywno\u015b\u0107wiek: 10 miesi\u0119cy +liczba element\u00f3w: 5materia\u0142: plastikdesign: Francjawymiary produktu: 6x6x8 cmwaga produktu: 0,19 kgwymiary opakowania:\u00a021 x 16 x 5,5 cmbezpiecze\u0144stwo i jako\u015b\u0107: EN71-1; EN71-2, EN71-3; REACH                            <\/p>\n<p>a                            <\/p>\n<p>Janod od 1970 roku niezmiennie projektuje zabawki, kt\u00f3re s\u0105 synonimem innowacyjno\u015bci, francuskiego designu i najwy\u017cszej jako\u015bci. Unikalne zabawki Janod tworzone s\u0105 z drewna i innych doskona\u0142ych materia\u0142\u00f3w, a przede wszystkim z dzieci\u0119cych marze\u0144!\u00a0W obecnej ofercie Janod jest ponad 500 produkt\u00f3w, z kt\u00f3rych kluczowe to zabawki drewniane, puzzle, uk\u0142adanki i zabawki magnetyczne. Wszystkie produkty projektowane s\u0105 we Francji przez w\u0142asnych designer\u00f3w. St\u0105d wiele motyw\u00f3w i wzor\u00f3w powtarza si\u0119 w kolekcjach, tworz\u0105c wyj\u0105tkowy, bajkowy \u015bwiat Janod.\u00a0Wszystkie zabawki tworzone s\u0105 z dba\u0142o\u015bci\u0105 o szczeg\u00f3\u0142y, z najwy\u017cszej jako\u015bci materia\u0142\u00f3w, bezpiecznych dla dzieci. Zabawki spe\u0142niaj\u0105 restrykcyjne normy bezpiecze\u0144stwa, takie jak EN71-1, EN71-2, EN71-3 oraz REACH.<\/p>\n<h2>Janod Rodzina Ropuch Zabawki Do K\u0105pieli 5 Sztuk Janod<\/h2>\n<p>prezent na \u015bwi\u0119ta dla nastolatka, misie z film\u00f3w animowanych, najpi\u0119kniejsze cytaty cytaty dla mamy, maski do wydruku, podchwytliwe zagadki dla dzieci, wobies, dziecko cytaty, trudne zagadki logiczne z odpowiedziami, plan lekcji do druku<\/p>\n<p>yyyyy<\/p>\n<p>&nbsp;<\/p>\n","protected":false},"excerpt":{"rendered":"<p>Janod Rodzina Ropuch Zabawki Do K\u0105pieli\u00a0 a Zestaw figurek do k\u0105pieli Rodzina \u017c\u00f3\u0142wi JANOD to wytrzyma\u0142e zabawki z wodoodpornego tworzywa. W sk\u0142ad kompletu wchodzi pi\u0119\u0107 uroczych \u017c\u00f3\u0142wik\u00f3w w r\u00f3\u017cnorodnych, intensywnych kolorach. Figurki maj\u0105 dwie wielko\u015bci \u2013 wi\u0119ksi rodzice i nieco mniejsze dzieci, s\u0105 mi\u0119kkie, por\u0119czne i przyjemne w dotyku.\u00a0Dzi\u0119ki specjalnym wypustkom na skorupie i wg\u0142\u0119bieniu [&hellip;]<\/p>\n","protected":false},"featured_media":8149,"comment_status":"closed","ping_status":"open","template":"","meta":[],"product_cat":[557,1498],"product_tag":[871,588,581],"class_list":["post-8148","product","type-product","status-publish","has-post-thumbnail","hentry","product_cat-janod","product_cat-zabawki-do-kapieli","product_tag-bajka-o-smoku-wawelskim","product_tag-wzruszajace-slowa-dla-przyjaciela","product_tag-zagadki-dla-8-latka"],"_links":{"self":[{"href":"http:\/\/klubmamgdynia.pl\/index.php\/wp-json\/wp\/v2\/product\/8148","targetHints":{"allow":["GET"]}}],"collection":[{"href":"http:\/\/klubmamgdynia.pl\/index.php\/wp-json\/wp\/v2\/product"}],"about":[{"href":"http:\/\/klubmamgdynia.pl\/index.php\/wp-json\/wp\/v2\/types\/product"}],"replies":[{"embeddable":true,"href":"http:\/\/klubmamgdynia.pl\/index.php\/wp-json\/wp\/v2\/comments?post=8148"}],"wp:featuredmedia":[{"embeddable":true,"href":"http:\/\/klubmamgdynia.pl\/index.php\/wp-json\/wp\/v2\/media\/8149"}],"wp:attachment":[{"href":"http:\/\/klubmamgdynia.pl\/index.php\/wp-json\/wp\/v2\/media?parent=8148"}],"wp:term":[{"taxonomy":"product_cat","embeddable":true,"href":"http:\/\/klubmamgdynia.pl\/index.php\/wp-json\/wp\/v2\/product_cat?post=8148"},{"taxonomy":"product_tag","embeddable":true,"href":"http:\/\/klubmamgdynia.pl\/index.php\/wp-json\/wp\/v2\/product_tag?post=8148"}],"curies":[{"name":"wp","href":"https:\/\/api.w.org\/{rel}","templated":true}]}}