{"id":8158,"date":"2018-01-26T20:59:26","date_gmt":"2018-01-26T19:59:26","guid":{"rendered":"http:\/\/klubmamgdynia.pl\/index.php\/produkt\/dumel-silverlit-robo-kombat-samurai-2-pak-88052-s88056\/"},"modified":"2026-04-03T23:56:47","modified_gmt":"2026-04-03T21:56:47","slug":"dumel-silverlit-robo-kombat-samurai-2-pak-88052-s88056","status":"publish","type":"product","link":"http:\/\/klubmamgdynia.pl\/index.php\/produkt\/dumel-silverlit-robo-kombat-samurai-2-pak-88052-s88056\/","title":{"rendered":"Dumel Silverlit Robo Kombat Samurai 2-Pak 88052 S88056"},"content":{"rendered":"<p>Robo Kombat Samurai 2-pak Silverlit 88056Stocz walk\u0119 z przeciwnikiem i pokonaj go si\u0142\u0105 swoich cios\u00f3w! Steruj robotem za pomoc\u0105 d\u017cojstika, s\u0142uchaj realistycznych odg\u0142os\u00f3w walki i obserwuj \u015bwiec\u0105ce oczy robot\u00f3w. W zestawie znajdziesz 2 roboty i 2 d\u017cojstiki. Sam zdecyduj czy chcesz walczy\u0107 z koleg\u0105, czy z automatycznie zaprogramowanym robotem w trybie A.I. Zabawka przeznaczona dla dzieci od 5 roku \u017cycia.Charakterystyka produktu:2 tryby gry: walcz z koleg\u0105, walcz z zaprogramowanym robotem\u015bwiat\u0142o LED (oczy robota)realistyczne odg\u0142osy walkimo\u017cliwo\u015b\u0107 zadawania serii uderze\u0144robot sterowany za pomoc\u0105 d\u017cojstikaw zestawie 2 roboty i 2 d\u017cojstiki dzia\u0142aj\u0105ce na kana\u0142ach A i Broboty wyposa\u017cone w bro\u0144 zwi\u0119kszaj\u0105c\u0105 realizm walkiInformacje dodatkoweZasilanie:6 x AA i 4 x AAA ( brak w zestawie )Wymiary opakowania:46 x 26,7 x 11 cm<\/p>\n<h2>Dumel Silverlit Robo Kombat Samurai 2-Pak 88052 S88056 Dumel<\/h2>\n<p>nauka j\u0119zyka polskiego dla dzieci z ukrainy materia\u0142y, zagadki wielkanocne dla doros\u0142ych, znaki drogowe quizy, imi\u0119 kostek, kawa\u0142y na prima aprilis dla rodzic\u00f3w, matylda imi\u0119, nauka pisania wyraz\u00f3w dla dzieci do druku pdf, prezent na roczek dziewczynka, ilona, piosenki o wakacjach, ma\u0142o nas do pieczenia chleba, test z lektury dzieci z bullerbyn<\/p>\n<p>yyyyy<\/p>\n<p>&nbsp;<\/p>\n","protected":false},"excerpt":{"rendered":"<p>Robo Kombat Samurai 2-pak Silverlit 88056Stocz walk\u0119 z przeciwnikiem i pokonaj go si\u0142\u0105 swoich cios\u00f3w! Steruj robotem za pomoc\u0105 d\u017cojstika, s\u0142uchaj realistycznych odg\u0142os\u00f3w walki i obserwuj \u015bwiec\u0105ce oczy robot\u00f3w. W zestawie znajdziesz 2 roboty i 2 d\u017cojstiki. Sam zdecyduj czy chcesz walczy\u0107 z koleg\u0105, czy z automatycznie zaprogramowanym robotem w trybie A.I. Zabawka przeznaczona dla [&hellip;]<\/p>\n","protected":false},"featured_media":8159,"comment_status":"closed","ping_status":"open","template":"","meta":[],"product_cat":[41,337],"product_tag":[700,745,814,653],"class_list":["post-8158","product","type-product","status-publish","has-post-thumbnail","hentry","product_cat-dumel","product_cat-zabawki-zdalnie-sterowane","product_tag-bajki-do-czytania-dla-dzieci","product_tag-prezent-dla-15-latki","product_tag-prezenty-dla-nastolatek","product_tag-warszawa-dla-dzieci"],"_links":{"self":[{"href":"http:\/\/klubmamgdynia.pl\/index.php\/wp-json\/wp\/v2\/product\/8158","targetHints":{"allow":["GET"]}}],"collection":[{"href":"http:\/\/klubmamgdynia.pl\/index.php\/wp-json\/wp\/v2\/product"}],"about":[{"href":"http:\/\/klubmamgdynia.pl\/index.php\/wp-json\/wp\/v2\/types\/product"}],"replies":[{"embeddable":true,"href":"http:\/\/klubmamgdynia.pl\/index.php\/wp-json\/wp\/v2\/comments?post=8158"}],"wp:featuredmedia":[{"embeddable":true,"href":"http:\/\/klubmamgdynia.pl\/index.php\/wp-json\/wp\/v2\/media\/8159"}],"wp:attachment":[{"href":"http:\/\/klubmamgdynia.pl\/index.php\/wp-json\/wp\/v2\/media?parent=8158"}],"wp:term":[{"taxonomy":"product_cat","embeddable":true,"href":"http:\/\/klubmamgdynia.pl\/index.php\/wp-json\/wp\/v2\/product_cat?post=8158"},{"taxonomy":"product_tag","embeddable":true,"href":"http:\/\/klubmamgdynia.pl\/index.php\/wp-json\/wp\/v2\/product_tag?post=8158"}],"curies":[{"name":"wp","href":"https:\/\/api.w.org\/{rel}","templated":true}]}}