{"id":8160,"date":"2021-12-09T09:47:22","date_gmt":"2021-12-09T08:47:22","guid":{"rendered":"http:\/\/klubmamgdynia.pl\/index.php\/produkt\/art-and-play-piankolina-niebieska-4-kostki-w-roznych-kolorach\/"},"modified":"2026-04-19T05:41:33","modified_gmt":"2026-04-19T03:41:33","slug":"art-and-play-piankolina-niebieska-4-kostki-w-roznych-kolorach","status":"publish","type":"product","link":"http:\/\/klubmamgdynia.pl\/index.php\/produkt\/art-and-play-piankolina-niebieska-4-kostki-w-roznych-kolorach\/","title":{"rendered":"Art And Play Piankolina Niebieska &#8211; 4 Kostki W R\u00f3\u017cnych Kolorach"},"content":{"rendered":"<p>Zanim zaczniesz modelowa\u0107 ugniataj j\u0105 i \u015bciskaj!To kreatywna zabawka w postaci lekkiej i mi\u0119kkiej kuleczkowej masy plastycznej.Poniewa\u017c masa jest mi\u0119kka bez problemu mo\u017cna z niej modelowa\u0107 dowolne kszta\u0142ty.Ka\u017cde dziecko kieruj\u0105c si\u0119 wyobra\u017ani\u0105 mo\u017ce ulepi\u0107 z Piankoliny figury p\u0142askie, a tak\u017ce przestrzenne.Piankolina nie brudzi, nigdy nie wysycha, nie przykleja si\u0119 ani do r\u0105k ani do ubrania, a jej kolorowe kostki \u0142atwo si\u0119 ze sob\u0105 \u0142\u0105cz\u0105.Rozwija wyobra\u017ani\u0119 zdolno\u015bci tw\u00f3rcze, zdolno\u015bci manualne wspomagaj\u0105c rozw\u00f3j koordynacji wzrokowo-ruchowej dziecka.Bardzo \u017cywe barwy Piankoliny zach\u0119caj\u0105 najm\u0142odszych do aktywnej zabawy, w trakcie kt\u00f3rej dzieci poznaj\u0105 kolory, ucz\u0105 si\u0119 liczy\u0107 oraz tworz\u0105 najr\u00f3\u017cniejsze kszta\u0142ty.Jest to zabawka zar\u00f3wno dla ch\u0142opc\u00f3w jak i dla dziewczynek.WIEK:3+ZAWARTO\u015a\u0106:4 kolory piankolinyWYMIARY:14 x 10 x 7,5 cmWAGA:150 gUWAGI:Trzyma\u0107 z dala od oczu.Nie wk\u0142ada\u0107 do ust, nosa, uszu.Przed i po u\u017cyciu umy\u0107 r\u0119ce myd\u0142em i ciep\u0142\u0105 wod\u0105.Usun\u0105\u0107 wszelkie elementy opakowania przed podaniem dziecku.Czy\u015bci\u0107 za pomoc\u0105 szmatki zwil\u017conej wod\u0105 lub sp\u0142uka\u0107 zimn\u0105 wod\u0105 i pozostawi\u0107 do wyschni\u0119cia.<\/p>\n<h2>Art And Play Piankolina Niebieska &#8211; 4 Kostki W R\u00f3\u017cnych Kolorach ART AND PLAY<\/h2>\n<p>logiczne zagadki dla dzieci, prezent na 1 urodziny dla ch\u0142opca, imi\u0119 kostek, ciekawe miejsca w warszawie dla m\u0142odzie\u017cy, o mamie, zagadki na inteligencj\u0119 z odpowiedziami, cytaty o wychowaniu dzieci, my jeste\u015bmy krasnoludki tekst, quiz psi patrol, kolorowanki lol do druku, opisy rodzina, stare wierszyki dla dzieci, wydarzenia warszawa dzisiaj, krak\u00f3w atrakcje dla dzieci<\/p>\n<p>yyyyy<\/p>\n<p>&nbsp;<\/p>\n","protected":false},"excerpt":{"rendered":"<p>Zanim zaczniesz modelowa\u0107 ugniataj j\u0105 i \u015bciskaj!To kreatywna zabawka w postaci lekkiej i mi\u0119kkiej kuleczkowej masy plastycznej.Poniewa\u017c masa jest mi\u0119kka bez problemu mo\u017cna z niej modelowa\u0107 dowolne kszta\u0142ty.Ka\u017cde dziecko kieruj\u0105c si\u0119 wyobra\u017ani\u0105 mo\u017ce ulepi\u0107 z Piankoliny figury p\u0142askie, a tak\u017ce przestrzenne.Piankolina nie brudzi, nigdy nie wysycha, nie przykleja si\u0119 ani do r\u0105k ani do ubrania, [&hellip;]<\/p>\n","protected":false},"featured_media":8161,"comment_status":"closed","ping_status":"open","template":"","meta":[],"product_cat":[1690,21],"product_tag":[648,582,742,630,869],"class_list":["post-8160","product","type-product","status-publish","has-post-thumbnail","hentry","product_cat-art-and-play","product_cat-zabawki-plastyczne","product_tag-dobrej-nocy-i-sza","product_tag-nauka-pisania-literek-do-wydruku-pdf","product_tag-piosenki-dla-dzieci-tekst","product_tag-podchwytliwe-zagadki-z-odpowiedziami","product_tag-zagadki-na-logike"],"_links":{"self":[{"href":"http:\/\/klubmamgdynia.pl\/index.php\/wp-json\/wp\/v2\/product\/8160","targetHints":{"allow":["GET"]}}],"collection":[{"href":"http:\/\/klubmamgdynia.pl\/index.php\/wp-json\/wp\/v2\/product"}],"about":[{"href":"http:\/\/klubmamgdynia.pl\/index.php\/wp-json\/wp\/v2\/types\/product"}],"replies":[{"embeddable":true,"href":"http:\/\/klubmamgdynia.pl\/index.php\/wp-json\/wp\/v2\/comments?post=8160"}],"wp:featuredmedia":[{"embeddable":true,"href":"http:\/\/klubmamgdynia.pl\/index.php\/wp-json\/wp\/v2\/media\/8161"}],"wp:attachment":[{"href":"http:\/\/klubmamgdynia.pl\/index.php\/wp-json\/wp\/v2\/media?parent=8160"}],"wp:term":[{"taxonomy":"product_cat","embeddable":true,"href":"http:\/\/klubmamgdynia.pl\/index.php\/wp-json\/wp\/v2\/product_cat?post=8160"},{"taxonomy":"product_tag","embeddable":true,"href":"http:\/\/klubmamgdynia.pl\/index.php\/wp-json\/wp\/v2\/product_tag?post=8160"}],"curies":[{"name":"wp","href":"https:\/\/api.w.org\/{rel}","templated":true}]}}