{"id":8168,"date":"2021-08-02T04:45:10","date_gmt":"2021-08-02T02:45:10","guid":{"rendered":"http:\/\/klubmamgdynia.pl\/index.php\/produkt\/schleich-swiat-elfow-bayala-salon-elfow-42186\/"},"modified":"2026-04-16T13:37:43","modified_gmt":"2026-04-16T11:37:43","slug":"schleich-swiat-elfow-bayala-salon-elfow-42186","status":"publish","type":"product","link":"http:\/\/klubmamgdynia.pl\/index.php\/produkt\/schleich-swiat-elfow-bayala-salon-elfow-42186\/","title":{"rendered":"Schleich \u015awiat Elf\u00f3w Bayala Salon Elf\u00f3w 42186"},"content":{"rendered":"<p>\u015awiat elf\u00f3w\u00a0\u00a0to seria pi\u0119knych i niezwyk\u0142ych stworze\u0144, wywodz\u0105cych si\u0119 ze \u015bwiata fantazji i mit\u00f3w. Przedstawia dwa odmienne klany tych magicznych, d\u0142ugowiecznych istot o smuk\u0142ych sylwetkach i charakterystycznych szpiczastych uszach. Pierwszy z nich to elfy \u015bwiat\u0142a o pi\u0119knym g\u0142osie i delikatnej urodzie.\u00a0\u00a0\u017byj\u0105 w harmonii z natur\u0105, unikaj\u0105c zwad i spor\u00f3w mimo, i\u017c s\u0105\u00a0doskona\u0142ymi\u00a0i niezwykle zwinnmi wojownikami. Drugi z klan\u00f3w stanowi\u0105 mroczne elfy o z\u0142ych i m\u015bciwych charakterach. Zamieszkuj\u0105 one bagna, podziemia i ciemne lasy. S\u0105 zakomitymi szermierzami i \u0142ucznikami, znaj\u0105cymi si\u0119 na tajnikach czarnej magii.<br \/>\nSchleich Produktions- und Handelsges. mbH zosta\u0142a za\u0142o\u017cona w 1935r. przez Friedricha Schleicha. W latach 60-tych firma rozpocz\u0119\u0142a produkcj\u0119 zabawek, g\u0142\u00f3wnie plastikowych figurek znanych i lubianych postaci komicznych, takich jak: Smurfy, pszcz\u00f3\u0142ka Maja, Snoopy, rodzina Mapet\u00f3w i wiele, wiele innych. W latach 80-tych do oferty wprowadzono figurki zwierz\u0105t. Zwierz\u0119ce \u015brodowisko sta\u0142o si\u0119 odzwierciedleniem natury na ma\u0142\u0105 skal\u0119. Pocz\u0105wszy od minionego \u015bwiata gad\u00f3w kopalnianych a\u017c do oswojonych i dzikich zwierz\u0105t wsp\u00f3\u0142czesno\u015bci. Zwierz\u0119ce figurki s\u0105 tak wierne naturze, jak to tylko mo\u017cliwe. W ten spos\u00f3b dzieci poznaj\u0105 bogactwo i r\u00f3\u017cnorodno\u015b\u0107 przyrody. Nowo\u015bci\u0105 w kolekcji Schleich s\u0105 postacie rycerzy, dworzan z czas\u00f3w \u015aredniowiecza oraz bohater\u00f3w mitycznych. W powstawaniu zabawek Schleich bior\u0105 udzia\u0142 dzieci, pedagodzy i rodzice. Dlatego przy tworzeniu figurek zwraca si\u0119 szczeg\u00f3ln\u0105 uwag\u0119 na to, aby by\u0142y one odpowiednie dla dzieci\u0119cych r\u0105czek oraz nios\u0142y odpowiedni przekaz edukacyjny. Ka\u017cda figurka Schleich wykonana jest z najwy\u017csz\u0105 dba\u0142o\u015bci\u0105 o szczeg\u00f3\u0142y. Starannie odlana z tworzywa, r\u0119cznie pomalowana &#8211; wiernie oddaje rzeczywisty wygl\u0105d zwierz\u0119cia czy postaci. Materia\u0142y, z kt\u00f3rych s\u0105 produkowane figurki Schleich zosta\u0142y wyselekcjonowane i przebadane tak, aby spe\u0142nia\u0107 najwy\u017csze normy bezpiecze\u0144stwa.<\/p>\n<h2>Schleich \u015awiat Elf\u00f3w Bayala Salon Elf\u00f3w 42186 Schleich<\/h2>\n<p>jaki prezent na roczek dla ch\u0142opca, kr\u00f3tkie zagadki dla dzieci, cytat o rodzinie, psi patrol rysunek, zagadki o dinozaurach, oskar imi\u0119, kamila, przeczytaj mi wiersz, prosta zagadka, michalina, \u0142amig\u0142\u00f3wki dla dzieci, bajki do czytania psi patrol, r\u00f3\u017cne zagadki, asiunia pytania do lektury, teksty ko\u0142ysanek, co kupi\u0107 dziecku na roczek, ela znaczenie imienia, everest psi patrol kolorowanka, janusz korczak cytaty<\/p>\n<p>yyyyy<\/p>\n<p>&nbsp;<\/p>\n","protected":false},"excerpt":{"rendered":"<p>\u015awiat elf\u00f3w\u00a0\u00a0to seria pi\u0119knych i niezwyk\u0142ych stworze\u0144, wywodz\u0105cych si\u0119 ze \u015bwiata fantazji i mit\u00f3w. Przedstawia dwa odmienne klany tych magicznych, d\u0142ugowiecznych istot o smuk\u0142ych sylwetkach i charakterystycznych szpiczastych uszach. Pierwszy z nich to elfy \u015bwiat\u0142a o pi\u0119knym g\u0142osie i delikatnej urodzie.\u00a0\u00a0\u017byj\u0105 w harmonii z natur\u0105, unikaj\u0105c zwad i spor\u00f3w mimo, i\u017c s\u0105\u00a0doskona\u0142ymi\u00a0i niezwykle zwinnmi wojownikami. [&hellip;]<\/p>\n","protected":false},"featured_media":8169,"comment_status":"closed","ping_status":"open","template":"","meta":[],"product_cat":[95,952],"product_tag":[837,777,686,859,659],"class_list":["post-8168","product","type-product","status-publish","has-post-thumbnail","hentry","product_cat-figurki-makiety-i-zestawy","product_cat-schleich","product_tag-cicha-noc-po-angielsku","product_tag-co-na-roczek","product_tag-co-na-roczek-dla-chlopca","product_tag-dobranoc-pchly-na-noc","product_tag-tupu-tup-po-sniegu-tekst"],"_links":{"self":[{"href":"http:\/\/klubmamgdynia.pl\/index.php\/wp-json\/wp\/v2\/product\/8168","targetHints":{"allow":["GET"]}}],"collection":[{"href":"http:\/\/klubmamgdynia.pl\/index.php\/wp-json\/wp\/v2\/product"}],"about":[{"href":"http:\/\/klubmamgdynia.pl\/index.php\/wp-json\/wp\/v2\/types\/product"}],"replies":[{"embeddable":true,"href":"http:\/\/klubmamgdynia.pl\/index.php\/wp-json\/wp\/v2\/comments?post=8168"}],"wp:featuredmedia":[{"embeddable":true,"href":"http:\/\/klubmamgdynia.pl\/index.php\/wp-json\/wp\/v2\/media\/8169"}],"wp:attachment":[{"href":"http:\/\/klubmamgdynia.pl\/index.php\/wp-json\/wp\/v2\/media?parent=8168"}],"wp:term":[{"taxonomy":"product_cat","embeddable":true,"href":"http:\/\/klubmamgdynia.pl\/index.php\/wp-json\/wp\/v2\/product_cat?post=8168"},{"taxonomy":"product_tag","embeddable":true,"href":"http:\/\/klubmamgdynia.pl\/index.php\/wp-json\/wp\/v2\/product_tag?post=8168"}],"curies":[{"name":"wp","href":"https:\/\/api.w.org\/{rel}","templated":true}]}}