{"id":8176,"date":"2025-10-02T15:17:55","date_gmt":"2025-10-02T13:17:55","guid":{"rendered":"http:\/\/klubmamgdynia.pl\/?post_type=product&#038;p=8176"},"modified":"2026-04-29T02:45:33","modified_gmt":"2026-04-29T00:45:33","slug":"ses-krosno-tkackie","status":"publish","type":"product","link":"http:\/\/klubmamgdynia.pl\/index.php\/produkt\/ses-krosno-tkackie\/","title":{"rendered":"Ses Krosno Tkackie"},"content":{"rendered":"<p>krosno tkackie &#8211; ma\u0142e, o trwa\u0142ej drewnianej ramie s\u0142u\u017cy do tkania gotowych produkt\u00f3w. W zetawie ponadto znajduje si\u0119 kolorowa we\u0142na i drewniany grzebyk pomocny do rownomiernego u\u0142o\u017cenia si\u0119 w\u0142\u00f3czki.<\/p>\n<h2>Ses Krosno Tkackie Ses<\/h2>\n<p>kolorowanki \u015bwi\u0105teczne do druku pdf, opis do zdj\u0119cia dziecka na fb, zabawy dla 7 latka, cytaty na dzien dziecka, zabawki na roczek dla dziewczynki, cytat o przyja\u017ani, znajd\u017a r\u00f3\u017cnice do druku, bajki do czytania psi patrol, test z lektury asiunia, ma\u0142y ksi\u0105\u017c\u0119 cytaty o mi\u0142o\u015bci, lol kolorowanka do druku, wiosna zagadki s\u0142owne, cytaty o mi\u0142o\u015bci kubu\u015b puchatek, audiobooki dla dzieci za darmo, bajki dla dzieci do czytania na dobranoc, po\u0142\u0105cz kropki<\/p>\n<p>yyyyy<\/p>\n<p>&nbsp;<\/p>\n","protected":false},"excerpt":{"rendered":"<p>krosno tkackie &#8211; ma\u0142e, o trwa\u0142ej drewnianej ramie s\u0142u\u017cy do tkania gotowych produkt\u00f3w. W zetawie ponadto znajduje si\u0119 kolorowa we\u0142na i drewniany grzebyk pomocny do rownomiernego u\u0142o\u017cenia si\u0119 w\u0142\u00f3czki. Ses Krosno Tkackie Ses kolorowanki \u015bwi\u0105teczne do druku pdf, opis do zdj\u0119cia dziecka na fb, zabawy dla 7 latka, cytaty na dzien dziecka, zabawki na roczek [&hellip;]<\/p>\n","protected":false},"featured_media":8177,"comment_status":"closed","ping_status":"open","template":"","meta":[],"product_cat":[357,21],"product_tag":[806,678,709,756],"class_list":["post-8176","product","type-product","status-publish","has-post-thumbnail","hentry","product_cat-ses","product_cat-zabawki-plastyczne","product_tag-prezent-dla-dziecka-na-roczek","product_tag-prezent-na-roczek-dla-dziewczynki","product_tag-zagadki-dla-dzieci-6-7-lat","product_tag-zaproszenie-na-urodziny-do-druku"],"_links":{"self":[{"href":"http:\/\/klubmamgdynia.pl\/index.php\/wp-json\/wp\/v2\/product\/8176","targetHints":{"allow":["GET"]}}],"collection":[{"href":"http:\/\/klubmamgdynia.pl\/index.php\/wp-json\/wp\/v2\/product"}],"about":[{"href":"http:\/\/klubmamgdynia.pl\/index.php\/wp-json\/wp\/v2\/types\/product"}],"replies":[{"embeddable":true,"href":"http:\/\/klubmamgdynia.pl\/index.php\/wp-json\/wp\/v2\/comments?post=8176"}],"wp:featuredmedia":[{"embeddable":true,"href":"http:\/\/klubmamgdynia.pl\/index.php\/wp-json\/wp\/v2\/media\/8177"}],"wp:attachment":[{"href":"http:\/\/klubmamgdynia.pl\/index.php\/wp-json\/wp\/v2\/media?parent=8176"}],"wp:term":[{"taxonomy":"product_cat","embeddable":true,"href":"http:\/\/klubmamgdynia.pl\/index.php\/wp-json\/wp\/v2\/product_cat?post=8176"},{"taxonomy":"product_tag","embeddable":true,"href":"http:\/\/klubmamgdynia.pl\/index.php\/wp-json\/wp\/v2\/product_tag?post=8176"}],"curies":[{"name":"wp","href":"https:\/\/api.w.org\/{rel}","templated":true}]}}