{"id":8184,"date":"2024-05-19T21:10:13","date_gmt":"2024-05-19T19:10:13","guid":{"rendered":"http:\/\/klubmamgdynia.pl\/?post_type=product&#038;p=8184"},"modified":"2026-04-29T10:29:46","modified_gmt":"2026-04-29T08:29:46","slug":"fanny_cb5171","status":"publish","type":"product","link":"http:\/\/klubmamgdynia.pl\/index.php\/produkt\/fanny_cb5171\/","title":{"rendered":"FANNY_CB5171"},"content":{"rendered":"<p>Kolekcja:Jesie\u0144\/ZimaRodzaj:DamskaMateria\u0142:poliuretanZapi\u0119cie:zip\u015arodek:przegr\u00f3dki na karty kredytoweprzegr\u00f3dki na dokumentyportmonetkaSzeroko\u015b\u0107 w cm:10Wysoko\u015b\u0107 w cm:19.5G\u0142\u0119boko\u015b\u0107 w cm:2Oryginalny pokrowiec:tak<\/p>\n<h2>FANNY_CB5171 Carrera<\/h2>\n<p>ziemia wyspa zielona tekst, prima aprilis w szkole, psi patrol kolorowanka do druku, anio\u0142ki w niebie pisz\u0105, estera, sky kolorowanka, znaczenie imienia julian, zaproszenia urodzinowe do wydruku chomikuj, zabawka na roczek dla ch\u0142opca, mia i ja kolorowanki do druku, \u017carty na prima aprilis na rodzic\u00f3w, tr\u00f3jmiasto atrakcje dla dzieci<\/p>\n<p>yyyyy<\/p>\n<p>&nbsp;<\/p>\n","protected":false},"excerpt":{"rendered":"<p>Kolekcja:Jesie\u0144\/ZimaRodzaj:DamskaMateria\u0142:poliuretanZapi\u0119cie:zip\u015arodek:przegr\u00f3dki na karty kredytoweprzegr\u00f3dki na dokumentyportmonetkaSzeroko\u015b\u0107 w cm:10Wysoko\u015b\u0107 w cm:19.5G\u0142\u0119boko\u015b\u0107 w cm:2Oryginalny pokrowiec:tak FANNY_CB5171 Carrera ziemia wyspa zielona tekst, prima aprilis w szkole, psi patrol kolorowanka do druku, anio\u0142ki w niebie pisz\u0105, estera, sky kolorowanka, znaczenie imienia julian, zaproszenia urodzinowe do wydruku chomikuj, zabawka na roczek dla ch\u0142opca, mia i ja kolorowanki do druku, \u017carty [&hellip;]<\/p>\n","protected":false},"featured_media":8185,"comment_status":"closed","ping_status":"open","template":"","meta":[],"product_cat":[140,1698],"product_tag":[848,853,856],"class_list":["post-8184","product","type-product","status-publish","has-post-thumbnail","hentry","product_cat-carrera","product_cat-portfele-damskie","product_tag-cytat-o-rodzinie","product_tag-kolorowanki-do-druku-dla-doroslych","product_tag-prezent-dla-16-latki"],"_links":{"self":[{"href":"http:\/\/klubmamgdynia.pl\/index.php\/wp-json\/wp\/v2\/product\/8184","targetHints":{"allow":["GET"]}}],"collection":[{"href":"http:\/\/klubmamgdynia.pl\/index.php\/wp-json\/wp\/v2\/product"}],"about":[{"href":"http:\/\/klubmamgdynia.pl\/index.php\/wp-json\/wp\/v2\/types\/product"}],"replies":[{"embeddable":true,"href":"http:\/\/klubmamgdynia.pl\/index.php\/wp-json\/wp\/v2\/comments?post=8184"}],"wp:featuredmedia":[{"embeddable":true,"href":"http:\/\/klubmamgdynia.pl\/index.php\/wp-json\/wp\/v2\/media\/8185"}],"wp:attachment":[{"href":"http:\/\/klubmamgdynia.pl\/index.php\/wp-json\/wp\/v2\/media?parent=8184"}],"wp:term":[{"taxonomy":"product_cat","embeddable":true,"href":"http:\/\/klubmamgdynia.pl\/index.php\/wp-json\/wp\/v2\/product_cat?post=8184"},{"taxonomy":"product_tag","embeddable":true,"href":"http:\/\/klubmamgdynia.pl\/index.php\/wp-json\/wp\/v2\/product_tag?post=8184"}],"curies":[{"name":"wp","href":"https:\/\/api.w.org\/{rel}","templated":true}]}}