{"id":8188,"date":"2025-09-19T18:00:16","date_gmt":"2025-09-19T16:00:16","guid":{"rendered":"http:\/\/klubmamgdynia.pl\/?post_type=product&#038;p=8188"},"modified":"2026-04-20T20:04:18","modified_gmt":"2026-04-20T18:04:18","slug":"collecta-zwierzeta-domowe-pies-rasy-doberman-88086","status":"publish","type":"product","link":"http:\/\/klubmamgdynia.pl\/index.php\/produkt\/collecta-zwierzeta-domowe-pies-rasy-doberman-88086\/","title":{"rendered":"Collecta Zwierz\u0119ta domowe Pies Rasy Doberman (88086)"},"content":{"rendered":"<p>PIES DOBERMAN to figurka najwy\u017cszej jako\u015bci pod wzgl\u0119dem rzeczywistego odwzorowania kszta\u0142tu i koloru. Collecta to jeden z najwi\u0119kszych na \u015bwiecie producent\u00f3w replik zwierz\u0105t oraz postaci mitologicznych. Firma Collecta z pomoc\u0105 paleontolog\u00f3w z Wielkiej Brytanii stworzy\u0142a jedn\u0105 z nawi\u0119kszych kolekcji dinozaur\u00f3w na \u015bwiecie.EAN: 4892900880860<\/p>\n<h2>Collecta Zwierz\u0119ta domowe Pies Rasy Doberman (88086) Collecta<\/h2>\n<p>horror dla dzieci, zagadki dla dzieci 4-5 lat, jak narysowa\u0107 psa krok po kroku, quiz zemsta, trudne zadania matematyczne, prezent dla 19 latka, ba\u015bniowe imiona \u017ce\u0144skie, menu urodzinowe dla dzieci w wieku 8 10 lat, zagadki rymowanki dla dzieci, sentencje napisy cytaty o rodzinie, wiersz o marzannie<\/p>\n<p>yyyyy<\/p>\n<p>&nbsp;<\/p>\n","protected":false},"excerpt":{"rendered":"<p>PIES DOBERMAN to figurka najwy\u017cszej jako\u015bci pod wzgl\u0119dem rzeczywistego odwzorowania kszta\u0142tu i koloru. Collecta to jeden z najwi\u0119kszych na \u015bwiecie producent\u00f3w replik zwierz\u0105t oraz postaci mitologicznych. Firma Collecta z pomoc\u0105 paleontolog\u00f3w z Wielkiej Brytanii stworzy\u0142a jedn\u0105 z nawi\u0119kszych kolekcji dinozaur\u00f3w na \u015bwiecie.EAN: 4892900880860 Collecta Zwierz\u0119ta domowe Pies Rasy Doberman (88086) Collecta horror dla dzieci, zagadki [&hellip;]<\/p>\n","protected":false},"featured_media":8189,"comment_status":"closed","ping_status":"open","template":"","meta":[],"product_cat":[490,95],"product_tag":[833,816,849],"class_list":["post-8188","product","type-product","status-publish","has-post-thumbnail","hentry","product_cat-collecta","product_cat-figurki-makiety-i-zestawy","product_tag-bajki-dla-dzieci-do-czytania","product_tag-place-zabaw-warszawa","product_tag-zagadki-matematyczne-dla-dzieci"],"_links":{"self":[{"href":"http:\/\/klubmamgdynia.pl\/index.php\/wp-json\/wp\/v2\/product\/8188","targetHints":{"allow":["GET"]}}],"collection":[{"href":"http:\/\/klubmamgdynia.pl\/index.php\/wp-json\/wp\/v2\/product"}],"about":[{"href":"http:\/\/klubmamgdynia.pl\/index.php\/wp-json\/wp\/v2\/types\/product"}],"replies":[{"embeddable":true,"href":"http:\/\/klubmamgdynia.pl\/index.php\/wp-json\/wp\/v2\/comments?post=8188"}],"wp:featuredmedia":[{"embeddable":true,"href":"http:\/\/klubmamgdynia.pl\/index.php\/wp-json\/wp\/v2\/media\/8189"}],"wp:attachment":[{"href":"http:\/\/klubmamgdynia.pl\/index.php\/wp-json\/wp\/v2\/media?parent=8188"}],"wp:term":[{"taxonomy":"product_cat","embeddable":true,"href":"http:\/\/klubmamgdynia.pl\/index.php\/wp-json\/wp\/v2\/product_cat?post=8188"},{"taxonomy":"product_tag","embeddable":true,"href":"http:\/\/klubmamgdynia.pl\/index.php\/wp-json\/wp\/v2\/product_tag?post=8188"}],"curies":[{"name":"wp","href":"https:\/\/api.w.org\/{rel}","templated":true}]}}