{"id":82,"date":"2021-07-23T10:10:41","date_gmt":"2021-07-23T08:10:41","guid":{"rendered":"http:\/\/klubmamgdynia.pl\/index.php\/produkt\/ramiz-range-rover-hse-bialy-padkrr999bia\/"},"modified":"2026-05-02T23:42:58","modified_gmt":"2026-05-02T21:42:58","slug":"ramiz-range-rover-hse-bialy-padkrr999bia","status":"publish","type":"product","link":"http:\/\/klubmamgdynia.pl\/index.php\/produkt\/ramiz-range-rover-hse-bialy-padkrr999bia\/","title":{"rendered":"Ramiz Range Rover HSE Bia\u0142y (PADKRR999BIA)"},"content":{"rendered":"<p>SpecyfikacjaPojazd Range Rover HSESilnik4 x 45W,Nap\u0119d2 Tryby &#8211; nap\u0119d 4 lub 2 Silniki (prze\u0142\u0105cznik),Akumulator2 x 12V\/7Ah,Pilot2.4G,Przycisk bezpiecze\u0144stwa STOP,3 szybko\u015bci,Ko\u0142aPiankowe ko\u0142a EVA,\u00a0\u015arednica 30 cm,Szeroko\u015b\u0107 11 cm,AmortyzatoryTy\u0142, Prz\u00f3dBiegiWolny Start,Prz\u00f3d\/Ty\u0142,\u015awiat\u0142a\u015awiat\u0142a LED,Prz\u00f3d, Ty\u0142, \u015awiat\u0142a G\u00f3rne,W\u0142\u0105cznik w stacyjce,Wyposa\u017ceniePanel AudioPanel nowego typu z trybem &#8222;SPORT&#8221; (odg\u0142osy pojazdu po wci\u015bni\u0119ciu peda\u0142u gazu),Wej\u015bcie na karty pami\u0119ci,AUX (mo\u017cliwo\u015b\u0107 pod\u0142\u0105czenia mikrofonu),USB,Bluetooth,MP3,Radio FM,Klakson w kierownicy,Wska\u017anik na\u0142adowania bateriiTak,Start2 pozycyjny kluczyk,SiedzenieCzarna ekosk\u00f3ra,Pasy bezpiecze\u0144stwa,53 x 21 x 32 cm,Baga\u017cnikotwierana maska przednia ze schowkiem,Otwierane DrzwiTak+BlokadaUchwyt TransportowyR\u0105czka Transportowa z ty\u0142u,Wymiary\u00a0Rozmiar PojazduD\u0142ugo\u015b\u0107 147 cm,Szeroko\u015b\u0107 90 cm,Wysoko\u015b\u0107 65 cm,Waga Pojazdu31 Kg,Rozmiar Kartonu149 x 80 x 44 cm,Waga Kartonu36 Kg,Maksymalne Obci\u0105\u017cenie50 Kg,Prze\u015bwit14 cm,Wyposa\u017cenie DodatkoweInstrukcja + Zestaw Monta\u017cowy\u0141adowarka 1500mAPokrowiec Na Pojazd,Kabel MiniJackPilot R\/C<\/p>\n<h2>Ramiz Range Rover HSE Bia\u0142y (PADKRR999BIA) Ramiz<\/h2>\n<p>jak namalowa\u0107 kota, zak\u0142adka do ksi\u0105\u017cki szablon, piosenka dla mamy tekst, \u0142amig\u0142\u00f3wki dla dzieci do druku, \u017cyczenia bo\u017ce narodzenie oryginalne, na wyspach bergamutach tekst, tabliczka mno\u017cenia kolorowanki do wydruku, imiona z bajek, \u0142amig\u0142owki do druku, test miko\u0142ajek 25 pyta\u0144, m\u0105dre prezenty dla 7 latki, zagadki przyrodnicze, dzie\u0144 matki w\u0142asnor\u0119czny prezent dla mamy od dziecka, jak si\u0119 rysuje psa, najpi\u0119kniejsze cytaty dziecko cytaty, m\u0105dre bajki dla dzieci do czytania, lody kolorowanka<\/p>\n<p>yyyyy<\/p>\n<p>&nbsp;<\/p>\n","protected":false},"excerpt":{"rendered":"<p>SpecyfikacjaPojazd Range Rover HSESilnik4 x 45W,Nap\u0119d2 Tryby &#8211; nap\u0119d 4 lub 2 Silniki (prze\u0142\u0105cznik),Akumulator2 x 12V\/7Ah,Pilot2.4G,Przycisk bezpiecze\u0144stwa STOP,3 szybko\u015bci,Ko\u0142aPiankowe ko\u0142a EVA,\u00a0\u015arednica 30 cm,Szeroko\u015b\u0107 11 cm,AmortyzatoryTy\u0142, Prz\u00f3dBiegiWolny Start,Prz\u00f3d\/Ty\u0142,\u015awiat\u0142a\u015awiat\u0142a LED,Prz\u00f3d, Ty\u0142, \u015awiat\u0142a G\u00f3rne,W\u0142\u0105cznik w stacyjce,Wyposa\u017ceniePanel AudioPanel nowego typu z trybem &#8222;SPORT&#8221; (odg\u0142osy pojazdu po wci\u015bni\u0119ciu peda\u0142u gazu),Wej\u015bcie na karty pami\u0119ci,AUX (mo\u017cliwo\u015b\u0107 pod\u0142\u0105czenia mikrofonu),USB,Bluetooth,MP3,Radio FM,Klakson w kierownicy,Wska\u017anik na\u0142adowania [&hellip;]<\/p>\n","protected":false},"featured_media":83,"comment_status":"closed","ping_status":"open","template":"","meta":[],"product_cat":[36,24],"product_tag":[655,627,602,762,822],"class_list":["post-82","product","type-product","status-publish","has-post-thumbnail","hentry","product_cat-ramiz","product_cat-samochody-dla-dzieci","product_tag-najlepsze-zagadki","product_tag-quiz-dzieci-z-bullerbyn","product_tag-quiz-o-zwierzetach-domowych","product_tag-trudne-zagadki-dla-dzieci","product_tag-wierszyki-o-wakacjach-krotkie"],"_links":{"self":[{"href":"http:\/\/klubmamgdynia.pl\/index.php\/wp-json\/wp\/v2\/product\/82","targetHints":{"allow":["GET"]}}],"collection":[{"href":"http:\/\/klubmamgdynia.pl\/index.php\/wp-json\/wp\/v2\/product"}],"about":[{"href":"http:\/\/klubmamgdynia.pl\/index.php\/wp-json\/wp\/v2\/types\/product"}],"replies":[{"embeddable":true,"href":"http:\/\/klubmamgdynia.pl\/index.php\/wp-json\/wp\/v2\/comments?post=82"}],"wp:featuredmedia":[{"embeddable":true,"href":"http:\/\/klubmamgdynia.pl\/index.php\/wp-json\/wp\/v2\/media\/83"}],"wp:attachment":[{"href":"http:\/\/klubmamgdynia.pl\/index.php\/wp-json\/wp\/v2\/media?parent=82"}],"wp:term":[{"taxonomy":"product_cat","embeddable":true,"href":"http:\/\/klubmamgdynia.pl\/index.php\/wp-json\/wp\/v2\/product_cat?post=82"},{"taxonomy":"product_tag","embeddable":true,"href":"http:\/\/klubmamgdynia.pl\/index.php\/wp-json\/wp\/v2\/product_tag?post=82"}],"curies":[{"name":"wp","href":"https:\/\/api.w.org\/{rel}","templated":true}]}}