{"id":8214,"date":"2022-04-19T11:52:42","date_gmt":"2022-04-19T09:52:42","guid":{"rendered":"http:\/\/klubmamgdynia.pl\/index.php\/produkt\/siku-pojazd-ambulans-s1083\/"},"modified":"2026-05-17T22:05:38","modified_gmt":"2026-05-17T20:05:38","slug":"siku-pojazd-ambulans-s1083","status":"publish","type":"product","link":"http:\/\/klubmamgdynia.pl\/index.php\/produkt\/siku-pojazd-ambulans-s1083\/","title":{"rendered":"Siku Pojazd Ambulans S1083"},"content":{"rendered":"<p>Metalowo-plastikowy model pojazdu istniej\u0105cego w rzeczywisto\u015bci. Pojazd wykonano z dba\u0142o\u015bci\u0105 o najdrobniejsze szczeg\u00f3\u0142y, co sprawia, \u017ce idealnie sprawdzi si\u0119 nie tylko jako zabawka, ale r\u00f3wnie\u017c jako element kolekcji.Siku to niemiecka firma znana na ca\u0142ym \u015bwiecie z produkcji \u015bwietnej jako\u015bci metalowych modeli pojazd\u00f3w w r\u00f3\u017cnych skalach. W ofercie mo\u017cna znale\u017a\u0107 nie tylko malutkie maszyny w skali 1:87, ale r\u00f3wnie\u017c ca\u0142kiem du\u017ce zabawki w skali 1:32. Pojazdy niejednokrotnie posiadaj\u0105 ruchome cz\u0119\u015bci, pozwalaj\u0105ce na bardzo realistyczn\u0105 zabaw\u0119. Dziecko znajdzie tu autka z otwieranymi drzwiami, d\u017awigi z obracanymi wysi\u0119gnikami, czy koparki z ruchomymi ramionami. Du\u017ca cz\u0119\u015b\u0107 pojazd\u00f3w wyposa\u017cona zosta\u0142a w hak, pozwalaj\u0105cy na pod\u0142\u0105czenie r\u00f3\u017cnych akcesori\u00f3w, typu przyczepy, czy maszyny rolnicze, r\u00f3wnie\u017c znajduj\u0105ce si\u0119 w ofercie producenta. Modele Siku \u015bwietnie sprawdz\u0105 si\u0119 jako klasyczne zabawki, lub elementy kolekcji dla pasjonat\u00f3w motoryzacji.<\/p>\n<h2>Siku Pojazd Ambulans S1083 Siku<\/h2>\n<p>\u0142\u00f3d\u017a atrakcje dla dzieci, konie quiz, opisy do zdj\u0119\u0107 z dzieckiem, dzieci pl, bajka o \u017cabie, wierszyki na \u015bmigus dyngus, quiz konie<\/p>\n<p>yyyyy<\/p>\n<p>&nbsp;<\/p>\n","protected":false},"excerpt":{"rendered":"<p>Metalowo-plastikowy model pojazdu istniej\u0105cego w rzeczywisto\u015bci. Pojazd wykonano z dba\u0142o\u015bci\u0105 o najdrobniejsze szczeg\u00f3\u0142y, co sprawia, \u017ce idealnie sprawdzi si\u0119 nie tylko jako zabawka, ale r\u00f3wnie\u017c jako element kolekcji.Siku to niemiecka firma znana na ca\u0142ym \u015bwiecie z produkcji \u015bwietnej jako\u015bci metalowych modeli pojazd\u00f3w w r\u00f3\u017cnych skalach. W ofercie mo\u017cna znale\u017a\u0107 nie tylko malutkie maszyny w skali [&hellip;]<\/p>\n","protected":false},"featured_media":8215,"comment_status":"closed","ping_status":"open","template":"","meta":[],"product_cat":[83,300],"product_tag":[831,808,746],"class_list":["post-8214","product","type-product","status-publish","has-post-thumbnail","hentry","product_cat-auta-i-inne-pojazdy-do-zabawy","product_cat-siku","product_tag-bruno","product_tag-imie-mia","product_tag-zagadki-typu-co-to-jest"],"_links":{"self":[{"href":"http:\/\/klubmamgdynia.pl\/index.php\/wp-json\/wp\/v2\/product\/8214","targetHints":{"allow":["GET"]}}],"collection":[{"href":"http:\/\/klubmamgdynia.pl\/index.php\/wp-json\/wp\/v2\/product"}],"about":[{"href":"http:\/\/klubmamgdynia.pl\/index.php\/wp-json\/wp\/v2\/types\/product"}],"replies":[{"embeddable":true,"href":"http:\/\/klubmamgdynia.pl\/index.php\/wp-json\/wp\/v2\/comments?post=8214"}],"wp:featuredmedia":[{"embeddable":true,"href":"http:\/\/klubmamgdynia.pl\/index.php\/wp-json\/wp\/v2\/media\/8215"}],"wp:attachment":[{"href":"http:\/\/klubmamgdynia.pl\/index.php\/wp-json\/wp\/v2\/media?parent=8214"}],"wp:term":[{"taxonomy":"product_cat","embeddable":true,"href":"http:\/\/klubmamgdynia.pl\/index.php\/wp-json\/wp\/v2\/product_cat?post=8214"},{"taxonomy":"product_tag","embeddable":true,"href":"http:\/\/klubmamgdynia.pl\/index.php\/wp-json\/wp\/v2\/product_tag?post=8214"}],"curies":[{"name":"wp","href":"https:\/\/api.w.org\/{rel}","templated":true}]}}