{"id":822,"date":"2019-04-13T07:35:25","date_gmt":"2019-04-13T05:35:25","guid":{"rendered":"http:\/\/klubmamgdynia.pl\/index.php\/produkt\/baby-born-sliniaczek-dla-lalki-818305\/"},"modified":"2026-04-24T01:38:32","modified_gmt":"2026-04-23T23:38:32","slug":"baby-born-sliniaczek-dla-lalki-818305","status":"publish","type":"product","link":"http:\/\/klubmamgdynia.pl\/index.php\/produkt\/baby-born-sliniaczek-dla-lalki-818305\/","title":{"rendered":"Baby Born \u015aliniaczek Dla Lalki 818305"},"content":{"rendered":"<p>Baby Born \u015aliniaczek 2-pack\u00a0                            <\/p>\n<p>a                            <\/p>\n<p>Zestaw 2 \u015bliniaczk\u00f3w Baby born to wspania\u0142y dodatek do zabawy lalk\u0105.                            <\/p>\n<p>a                            <\/p>\n<p>W komplecie: r\u00f3\u017cowy \u015bliniaczek z motywem pieska, kr\u00f3liczka i kwiatk\u00f3w oraz wzorzysty, barwny \u015bliniak z r\u00f3\u017cow\u0105 lam\u00f3wk\u0105.<\/p>\n<p>a                            <\/p>\n<p>Ka\u017cda mama wie jak ci\u0119\u017cko utrzyma\u0107 w czysto\u015bci malucha podczas posi\u0142ku, czy to przy marchewce czy przy podwieczorku za ka\u017cdym razem jedzenie ko\u0144czy si\u0119 tak samo.<br \/>\nDlatego \u015bliniaczek to niezb\u0119dne akcesorium m\u0142odej opiekunki.                            <\/p>\n<p>a<\/p>\n<h2>Baby Born \u015aliniaczek Dla Lalki 818305 BABY BORN<\/h2>\n<p>bajki dla dzieci do czytania na dobranoc, bajka krecik, cytat o rodzinie, oryginalny prezent na roczek dla ch\u0142opca, wakacyjne kolorowanki, szlaczki literopodobne do wydruku, wakacyjne kolorowanki, testy ma\u0142y ksi\u0105\u017ce, dyplomy szablony pdf, proste dekoracje \u015bwi\u0105teczne dla dzieci, maska wilka szablon, szlaczki do druku, opowie\u015b\u0107 wigilijna test z odpowiedziami, prezent na roczek dla chlopca<\/p>\n<p>yyyyy<\/p>\n<p>&nbsp;<\/p>\n","protected":false},"excerpt":{"rendered":"<p>Baby Born \u015aliniaczek 2-pack\u00a0 a Zestaw 2 \u015bliniaczk\u00f3w Baby born to wspania\u0142y dodatek do zabawy lalk\u0105. a W komplecie: r\u00f3\u017cowy \u015bliniaczek z motywem pieska, kr\u00f3liczka i kwiatk\u00f3w oraz wzorzysty, barwny \u015bliniak z r\u00f3\u017cow\u0105 lam\u00f3wk\u0105. a Ka\u017cda mama wie jak ci\u0119\u017cko utrzyma\u0107 w czysto\u015bci malucha podczas posi\u0142ku, czy to przy marchewce czy przy podwieczorku za ka\u017cdym [&hellip;]<\/p>\n","protected":false},"featured_media":823,"comment_status":"closed","ping_status":"open","template":"","meta":[],"product_cat":[176,50],"product_tag":[829,808,687,856,830,811],"class_list":["post-822","product","type-product","status-publish","has-post-thumbnail","hentry","product_cat-baby-born","product_cat-ubranka-i-buty-dla-lalek","product_tag-bajki-do-czytania-na-dobranoc","product_tag-imie-mia","product_tag-podchwytliwe-zagadki-matematyczne","product_tag-prezent-dla-16-latki","product_tag-rodzina-cytaty","product_tag-zagadki-logiczne-dla-dzieci"],"_links":{"self":[{"href":"http:\/\/klubmamgdynia.pl\/index.php\/wp-json\/wp\/v2\/product\/822","targetHints":{"allow":["GET"]}}],"collection":[{"href":"http:\/\/klubmamgdynia.pl\/index.php\/wp-json\/wp\/v2\/product"}],"about":[{"href":"http:\/\/klubmamgdynia.pl\/index.php\/wp-json\/wp\/v2\/types\/product"}],"replies":[{"embeddable":true,"href":"http:\/\/klubmamgdynia.pl\/index.php\/wp-json\/wp\/v2\/comments?post=822"}],"wp:featuredmedia":[{"embeddable":true,"href":"http:\/\/klubmamgdynia.pl\/index.php\/wp-json\/wp\/v2\/media\/823"}],"wp:attachment":[{"href":"http:\/\/klubmamgdynia.pl\/index.php\/wp-json\/wp\/v2\/media?parent=822"}],"wp:term":[{"taxonomy":"product_cat","embeddable":true,"href":"http:\/\/klubmamgdynia.pl\/index.php\/wp-json\/wp\/v2\/product_cat?post=822"},{"taxonomy":"product_tag","embeddable":true,"href":"http:\/\/klubmamgdynia.pl\/index.php\/wp-json\/wp\/v2\/product_tag?post=822"}],"curies":[{"name":"wp","href":"https:\/\/api.w.org\/{rel}","templated":true}]}}