{"id":8242,"date":"2021-10-27T23:22:31","date_gmt":"2021-10-27T21:22:31","guid":{"rendered":"http:\/\/klubmamgdynia.pl\/index.php\/produkt\/lol-surprise-mini-family-579632\/"},"modified":"2026-05-17T22:17:47","modified_gmt":"2026-05-17T20:17:47","slug":"lol-surprise-mini-family-579632","status":"publish","type":"product","link":"http:\/\/klubmamgdynia.pl\/index.php\/produkt\/lol-surprise-mini-family-579632\/","title":{"rendered":"LOL Surprise Mini Family 579632"},"content":{"rendered":"<p>LOL Surprise Mini Family Laleczki Domek\u00a0                            <\/p>\n<p>a                            <\/p>\n<p>Przedstawiamy ZUPE\u0141NIE NOW\u0104 rodzinn\u0105 kolekcj\u0119 LOL Surprise MINI! Rozpakuj ulubione przez fan\u00f3w postacie OMG, ich Lil Sis i rodzinne zwierz\u0105tko teraz w miniaturowym rozmiarze!<\/p>\n<p>Ka\u017cda mini figurka jest dok\u0142adn\u0105 replik\u0105 modnej lalki OMG, lalki kolekcjonerskiej LOL Surprise i domowego zwierzaka, w tym ich charakterystyczny wygl\u0105d. Czy znajdziesz s\u0142odkiego i b\u0105belkowego Candylicious i Bon Bon Fam lub odkryjesz opalizuj\u0105c\u0105 Kitty K i jej za\u0142og\u0119?                            <\/p>\n<p>a                            <\/p>\n<p>Kula zmienia si\u0119 r\u00f3wnie\u017c w wielopokojowy zestaw do zabawy, unikalny dla ka\u017cdej rodziny. Dodatkowo mo\u017cesz zestawy \u0142\u0105czy\u0107 ze sob\u0105, sparuj je, gdy znajdziesz ich starsz\u0105 siostr\u0119 w L.O.L. Surprise Mini Collection.<\/p>\n<p>Zbierz wszystkie 12 uroczych mini rodzin i stw\u00f3rz sw\u00f3j w\u0142asny miniaturowy \u015bwiat LOL Surprise OMG!                            <\/p>\n<p>a                            <\/p>\n<p>UWAGA! Zabawka dzia\u0142a na zasadzie niespodzianki. Nigdy nie wiadomo co znajdzie si\u0119 w \u015brodku!                            <\/p>\n<p>a                            <\/p>\n<p>P\u0142e\u0107:: Dziewczynki<br \/>\nWiek: 3 lata+<br \/>\nKod katalogowy:: 579632<br \/>\nWymiary opakowania:: 9,5 x 9,5 x 9,5<br \/>\nwaga opakowania: 0.5<\/p>\n<h2>LOL Surprise Mini Family 579632 LOL Surprise<\/h2>\n<p>pomysly na prima aprilis, nadia imie, literki do druku, quiz o bo\u017cym narodzeniu, gdzie strumyk p\u0142ynie z wolna tekst, zabawy na dzie\u0144 dziecka w szkole, zagadki nie do rozwi\u0105zania, jak rozmawia\u0107 z dzie\u0107mi o wojnie, prezent dla 15 latki 2021, bajki dla dziewczynek, gry i zabawy dla dzieci, izabela imie, zaproszenie do druku, zabawy tematyczne przyk\u0142ady<\/p>\n<p>yyyyy<\/p>\n<p>&nbsp;<\/p>\n","protected":false},"excerpt":{"rendered":"<p>LOL Surprise Mini Family Laleczki Domek\u00a0 a Przedstawiamy ZUPE\u0141NIE NOW\u0104 rodzinn\u0105 kolekcj\u0119 LOL Surprise MINI! Rozpakuj ulubione przez fan\u00f3w postacie OMG, ich Lil Sis i rodzinne zwierz\u0105tko teraz w miniaturowym rozmiarze! Ka\u017cda mini figurka jest dok\u0142adn\u0105 replik\u0105 modnej lalki OMG, lalki kolekcjonerskiej LOL Surprise i domowego zwierzaka, w tym ich charakterystyczny wygl\u0105d. Czy znajdziesz s\u0142odkiego [&hellip;]<\/p>\n","protected":false},"featured_media":8243,"comment_status":"closed","ping_status":"open","template":"","meta":[],"product_cat":[65,294],"product_tag":[844,627,586,860],"class_list":["post-8242","product","type-product","status-publish","has-post-thumbnail","hentry","product_cat-lalki","product_cat-lol-surprise","product_tag-co-kupic-na-roczek","product_tag-quiz-dzieci-z-bullerbyn","product_tag-smieszne-zagadki","product_tag-zagadki-logiczne-dla-doroslych"],"_links":{"self":[{"href":"http:\/\/klubmamgdynia.pl\/index.php\/wp-json\/wp\/v2\/product\/8242","targetHints":{"allow":["GET"]}}],"collection":[{"href":"http:\/\/klubmamgdynia.pl\/index.php\/wp-json\/wp\/v2\/product"}],"about":[{"href":"http:\/\/klubmamgdynia.pl\/index.php\/wp-json\/wp\/v2\/types\/product"}],"replies":[{"embeddable":true,"href":"http:\/\/klubmamgdynia.pl\/index.php\/wp-json\/wp\/v2\/comments?post=8242"}],"wp:featuredmedia":[{"embeddable":true,"href":"http:\/\/klubmamgdynia.pl\/index.php\/wp-json\/wp\/v2\/media\/8243"}],"wp:attachment":[{"href":"http:\/\/klubmamgdynia.pl\/index.php\/wp-json\/wp\/v2\/media?parent=8242"}],"wp:term":[{"taxonomy":"product_cat","embeddable":true,"href":"http:\/\/klubmamgdynia.pl\/index.php\/wp-json\/wp\/v2\/product_cat?post=8242"},{"taxonomy":"product_tag","embeddable":true,"href":"http:\/\/klubmamgdynia.pl\/index.php\/wp-json\/wp\/v2\/product_tag?post=8242"}],"curies":[{"name":"wp","href":"https:\/\/api.w.org\/{rel}","templated":true}]}}