{"id":8244,"date":"2013-12-21T23:13:48","date_gmt":"2013-12-21T22:13:48","guid":{"rendered":"http:\/\/klubmamgdynia.pl\/index.php\/produkt\/lean-toys-lalka-syrenka-ze-swiecacym-ogonem-akcesoria-dla-lalki\/"},"modified":"2026-04-30T02:07:57","modified_gmt":"2026-04-30T00:07:57","slug":"lean-toys-lalka-syrenka-ze-swiecacym-ogonem-akcesoria-dla-lalki","status":"publish","type":"product","link":"http:\/\/klubmamgdynia.pl\/index.php\/produkt\/lean-toys-lalka-syrenka-ze-swiecacym-ogonem-akcesoria-dla-lalki\/","title":{"rendered":"Lean Toys Lalka Syrenka Ze \u015awiec\u0105cym Ogonem + Akcesoria Dla Lalki"},"content":{"rendered":"<p>LALKA SYRENKA ZE \u015aWIEC\u0104CYM OGONEMPi\u0119kna lalka z d\u0142ugimi w\u0142osami.\u015awiat\u0142a uruchamia si\u0119 przyciskiem i maj\u0105 r\u00f3\u017cne fantastyczne sekwencje.Dzi\u0119ki tej wspania\u0142ej syrence dziewczynki b\u0119d\u0105 w si\u00f3dmym niebie!W zestawie znajduj\u0105 si\u0119 akcesoria do zabawy.Syrenka ma wysoko\u015b\u0107 ok. 33 cm.UWAGI:Produkt nie nadaje si\u0119 dla dzieci poni\u017cej 3 lat.Zawiera ma\u0142e elementy, kt\u00f3re \u0142atwo po\u0142kn\u0105\u0107 lub kt\u00f3re mog\u0105 dosta\u0107 si\u0119 do dr\u00f3g oddechowych &#8211; NIEBEZPIECZE\u0143STWO UDUSZENIA.<\/p>\n<h2>Lean Toys Lalka Syrenka Ze \u015awiec\u0105cym Ogonem + Akcesoria Dla Lalki Lean Toys<\/h2>\n<p>opisy o rodzinie, historia pluszowego misia, quiz dynastia mizio\u0142k\u00f3w, filmy familijne walta disneya, prezenty na urodziny dla nastolatk\u00f3w, by\u0142a sobie \u017cabka ma\u0142a tekst, zagadki na my\u015blenie, ma\u0142y ksi\u0105\u017c\u0119 &#8211; test z odpowiedziami, przyja\u017a\u0144, zagadki na inteligencj\u0119, quiz spos\u00f3b na alcybiadesa, eneduerabe, sentencje o dzieciach, atrakcje wroc\u0142aw i okolice, opisy do zdj dziecka, test ch\u0142opcy z placu broni klasa 5, cytaty korczaka, prezent na roczek dziewczynka, kolorowanki do druku dla doros\u0142ych, kolorowanki do druku dla doros\u0142ych<\/p>\n<p>yyyyy<\/p>\n<p>&nbsp;<\/p>\n","protected":false},"excerpt":{"rendered":"<p>LALKA SYRENKA ZE \u015aWIEC\u0104CYM OGONEMPi\u0119kna lalka z d\u0142ugimi w\u0142osami.\u015awiat\u0142a uruchamia si\u0119 przyciskiem i maj\u0105 r\u00f3\u017cne fantastyczne sekwencje.Dzi\u0119ki tej wspania\u0142ej syrence dziewczynki b\u0119d\u0105 w si\u00f3dmym niebie!W zestawie znajduj\u0105 si\u0119 akcesoria do zabawy.Syrenka ma wysoko\u015b\u0107 ok. 33 cm.UWAGI:Produkt nie nadaje si\u0119 dla dzieci poni\u017cej 3 lat.Zawiera ma\u0142e elementy, kt\u00f3re \u0142atwo po\u0142kn\u0105\u0107 lub kt\u00f3re mog\u0105 dosta\u0107 si\u0119 do [&hellip;]<\/p>\n","protected":false},"featured_media":8245,"comment_status":"closed","ping_status":"open","template":"","meta":[],"product_cat":[65,73],"product_tag":[847,638,866,594,621],"class_list":["post-8244","product","type-product","status-publish","has-post-thumbnail","hentry","product_cat-lalki","product_cat-lean-toys","product_tag-kolorowanki-pokemon","product_tag-miastodzieci","product_tag-opis-do-zdjecia-dziecka-na-fb","product_tag-podchwytliwe-zagadki-dla-dzieci","product_tag-prezenty-roczek"],"_links":{"self":[{"href":"http:\/\/klubmamgdynia.pl\/index.php\/wp-json\/wp\/v2\/product\/8244","targetHints":{"allow":["GET"]}}],"collection":[{"href":"http:\/\/klubmamgdynia.pl\/index.php\/wp-json\/wp\/v2\/product"}],"about":[{"href":"http:\/\/klubmamgdynia.pl\/index.php\/wp-json\/wp\/v2\/types\/product"}],"replies":[{"embeddable":true,"href":"http:\/\/klubmamgdynia.pl\/index.php\/wp-json\/wp\/v2\/comments?post=8244"}],"wp:featuredmedia":[{"embeddable":true,"href":"http:\/\/klubmamgdynia.pl\/index.php\/wp-json\/wp\/v2\/media\/8245"}],"wp:attachment":[{"href":"http:\/\/klubmamgdynia.pl\/index.php\/wp-json\/wp\/v2\/media?parent=8244"}],"wp:term":[{"taxonomy":"product_cat","embeddable":true,"href":"http:\/\/klubmamgdynia.pl\/index.php\/wp-json\/wp\/v2\/product_cat?post=8244"},{"taxonomy":"product_tag","embeddable":true,"href":"http:\/\/klubmamgdynia.pl\/index.php\/wp-json\/wp\/v2\/product_tag?post=8244"}],"curies":[{"name":"wp","href":"https:\/\/api.w.org\/{rel}","templated":true}]}}