{"id":8256,"date":"2013-10-29T09:28:39","date_gmt":"2013-10-29T08:28:39","guid":{"rendered":"http:\/\/klubmamgdynia.pl\/index.php\/produkt\/ramiz-traktor-zielony-przyczepa-czerwona-2-4ghz\/"},"modified":"2026-05-17T22:37:41","modified_gmt":"2026-05-17T20:37:41","slug":"ramiz-traktor-zielony-przyczepa-czerwona-2-4ghz","status":"publish","type":"product","link":"http:\/\/klubmamgdynia.pl\/index.php\/produkt\/ramiz-traktor-zielony-przyczepa-czerwona-2-4ghz\/","title":{"rendered":"Ramiz Traktor Zielony Przyczepa Czerwona 2 4Ghz"},"content":{"rendered":"<p>Opis  TRAKTOR z przyczep\u0105 w skali 1:28  Zdalnie sterowany traktor z przyczep\u0105 posiada ergonomicznego pilota, kt\u00f3ry jest wyposa\u017cony w r\u00f3\u017cne funkcje.Pojazd porusza si\u0119 szybko do przodu, do ty\u0142u, z \u0142atwo\u015bci\u0105 skr\u0119ca w lewo i w prawo.Pilotem mo\u017cna r\u00f3wnie\u017c sterowa\u0107 naczep\u0105, podnosimy j\u0105 pod do ty\u0142u co umo\u017cliwi zrzucenie \u0142adunku.Dodatkowo, mo\u017cemy podnosi\u0107 w g\u00f3r\u0119 i w d\u00f3\u0142 \u0142y\u017ck\u0119 zainstalowan\u0105 z przodu traktora. Zar\u00f3wno traktor jak naczep\u0119 wyposa\u017cono w gumowe ko\u0142a &#8211; znakomicie imituj\u0105ce prawdziwe opony.Dodatkowo sam traktor jest wyposa\u017cony w amortyzatory (prz\u00f3d pojazdu) co dodatkowo wp\u0142ywa na jako\u015b\u0107 jazdy.Zabawka jest zasilana 3 bateriami typu AAA (umieszczamy je pod kabin\u0105 traktora) oraz 1 bateri\u0105 9V (pilot zdalnego sterowania) &#8211; brak baterii w zestawie.Wielofunkcyjny pilot pozwala na wykonanie nast\u0119puj\u0105cych manewr\u00f3w:- jazda do przodu,- jazda do ty\u0142u,- skr\u0119t w prawo,- skr\u0119t w lewo,- podnoszenie i opuszczanie \u0142y\u017cki,- podnoszenie i opuszczanie przyczepy.Zawarto\u015b\u0107 zestawu- traktor,- przyczepa,- pilot zdalnego sterowania,Wymiary    Wymiary traktora ok. 28 cm x 9 cm x 12 cm,Wymiary naczepy ok. 29 cm x 10 cm x 12 cm,D\u0142ugo\u015b\u0107 ca\u0142ego zestawu ok. 57 cm,Wymiary pude\u0142ka ok. 64 cm x 18 cm x 17 cm.<\/p>\n<h2>Ramiz Traktor Zielony Przyczepa Czerwona 2 4Ghz Ramiz<\/h2>\n<p>dyplomy do wydrukowania a4, dziwne zagadki, prezenty dla rocznego dziecka, dzie\u0144 pluszowego misia 2021, zagadka logiczna dla dzieci, pokemony do druku, zyczenia walentynkowe dla dzieci, darmowy szablon list do miko\u0142aja, darmowe bajki dla dzieci, wiosna zagadki s\u0142owne, plac zamkowy, quiz zemsta, gdzie strumyk p\u0142ynie z wolna tekst, nauka zegara do druku, jeremi, miko\u0142ajek quiz, prezenty dla nastolatkow, transformers kolorowanka, \u015bmieszne \u0142ama\u0144ce j\u0119zykowe, jasmin imi\u0119<\/p>\n<p>yyyyy<\/p>\n<p>&nbsp;<\/p>\n","protected":false},"excerpt":{"rendered":"<p>Opis TRAKTOR z przyczep\u0105 w skali 1:28 Zdalnie sterowany traktor z przyczep\u0105 posiada ergonomicznego pilota, kt\u00f3ry jest wyposa\u017cony w r\u00f3\u017cne funkcje.Pojazd porusza si\u0119 szybko do przodu, do ty\u0142u, z \u0142atwo\u015bci\u0105 skr\u0119ca w lewo i w prawo.Pilotem mo\u017cna r\u00f3wnie\u017c sterowa\u0107 naczep\u0105, podnosimy j\u0105 pod do ty\u0142u co umo\u017cliwi zrzucenie \u0142adunku.Dodatkowo, mo\u017cemy podnosi\u0107 w g\u00f3r\u0119 i w [&hellip;]<\/p>\n","protected":false},"featured_media":8257,"comment_status":"closed","ping_status":"open","template":"","meta":[],"product_cat":[36,337],"product_tag":[593,749,684,589],"class_list":["post-8256","product","type-product","status-publish","has-post-thumbnail","hentry","product_cat-ramiz","product_cat-zabawki-zdalnie-sterowane","product_tag-jak-narysowac-konia","product_tag-najlepsze-zarty-na-prima-aprilis","product_tag-prezent-dla-dziewczynki-na-roczek","product_tag-prezent-dla-rocznego-dziecka"],"_links":{"self":[{"href":"http:\/\/klubmamgdynia.pl\/index.php\/wp-json\/wp\/v2\/product\/8256","targetHints":{"allow":["GET"]}}],"collection":[{"href":"http:\/\/klubmamgdynia.pl\/index.php\/wp-json\/wp\/v2\/product"}],"about":[{"href":"http:\/\/klubmamgdynia.pl\/index.php\/wp-json\/wp\/v2\/types\/product"}],"replies":[{"embeddable":true,"href":"http:\/\/klubmamgdynia.pl\/index.php\/wp-json\/wp\/v2\/comments?post=8256"}],"wp:featuredmedia":[{"embeddable":true,"href":"http:\/\/klubmamgdynia.pl\/index.php\/wp-json\/wp\/v2\/media\/8257"}],"wp:attachment":[{"href":"http:\/\/klubmamgdynia.pl\/index.php\/wp-json\/wp\/v2\/media?parent=8256"}],"wp:term":[{"taxonomy":"product_cat","embeddable":true,"href":"http:\/\/klubmamgdynia.pl\/index.php\/wp-json\/wp\/v2\/product_cat?post=8256"},{"taxonomy":"product_tag","embeddable":true,"href":"http:\/\/klubmamgdynia.pl\/index.php\/wp-json\/wp\/v2\/product_tag?post=8256"}],"curies":[{"name":"wp","href":"https:\/\/api.w.org\/{rel}","templated":true}]}}