{"id":8260,"date":"2018-06-27T19:59:13","date_gmt":"2018-06-27T17:59:13","guid":{"rendered":"http:\/\/klubmamgdynia.pl\/index.php\/produkt\/lena-oprawa-warsztatowa-oval-60w-e27-230v-simetal-bialy-320170\/"},"modified":"2026-04-04T01:32:45","modified_gmt":"2026-04-03T23:32:45","slug":"lena-oprawa-warsztatowa-oval-60w-e27-230v-simetal-bialy-320170","status":"publish","type":"product","link":"http:\/\/klubmamgdynia.pl\/index.php\/produkt\/lena-oprawa-warsztatowa-oval-60w-e27-230v-simetal-bialy-320170\/","title":{"rendered":"Lena Oprawa warsztatowa OVAL 60W E27 230V SIMETAL bia\u0142y 320170"},"content":{"rendered":"<p>Metalowa siatka ochronna3 wej\u015bcia na przewodyPodstawa: tworzywo sztuczneKlosz: szk\u0142oKlosz: prismaticKolor obudowy: bia\u0142yParametryWymiary [mm]: 170 x 125 x 115Zasilanie: 230V 50HzKolor: bia\u0142yStopie\u0144 ochrony [IP]: IP 44Klasa ochronno\u015bci: IIStopie\u0144 ochrony [IK]: IK06Obudowa: podstawa z tworzywa sztucznegoKlosz: szklany przezroczysty z metalow\u0105 siatk\u0105 ochronn\u0105\u0179r\u00f3d\u0142o \u015bwiat\u0142a: \u017car\u00f3wka E27Moc [W]: 60<\/p>\n<h2>Lena Oprawa warsztatowa OVAL 60W E27 230V SIMETAL bia\u0142y 320170 Lena<\/h2>\n<p>dzie\u0144 pluszowego misia, kolorowanki pokemon do druku, bajki dla niemowlakow, prezenty dla 7 latki, romantyczna bajka na dobranoc, zagadki dla dzieci<\/p>\n<p>yyyyy<\/p>\n<p>&nbsp;<\/p>\n","protected":false},"excerpt":{"rendered":"<p>Metalowa siatka ochronna3 wej\u015bcia na przewodyPodstawa: tworzywo sztuczneKlosz: szk\u0142oKlosz: prismaticKolor obudowy: bia\u0142yParametryWymiary [mm]: 170 x 125 x 115Zasilanie: 230V 50HzKolor: bia\u0142yStopie\u0144 ochrony [IP]: IP 44Klasa ochronno\u015bci: IIStopie\u0144 ochrony [IK]: IK06Obudowa: podstawa z tworzywa sztucznegoKlosz: szklany przezroczysty z metalow\u0105 siatk\u0105 ochronn\u0105\u0179r\u00f3d\u0142o \u015bwiat\u0142a: \u017car\u00f3wka E27Moc [W]: 60 Lena Oprawa warsztatowa OVAL 60W E27 230V SIMETAL bia\u0142y 320170 [&hellip;]<\/p>\n","protected":false},"featured_media":8261,"comment_status":"closed","ping_status":"open","template":"","meta":[],"product_cat":[531,1701],"product_tag":[765,676,759,783,868,767],"class_list":["post-8260","product","type-product","status-publish","has-post-thumbnail","hentry","product_cat-lena","product_cat-oswietlenie-biurowe","product_tag-atrakcje-dla-dzieci-warszawa","product_tag-bursztynek","product_tag-pomysly-na-prezent-dla-nastolatkow","product_tag-prezenty-na-roczek-dla-chlopca","product_tag-quizy-dla-dzieci","product_tag-zaproszenia-urodzinowe-do-druku"],"_links":{"self":[{"href":"http:\/\/klubmamgdynia.pl\/index.php\/wp-json\/wp\/v2\/product\/8260","targetHints":{"allow":["GET"]}}],"collection":[{"href":"http:\/\/klubmamgdynia.pl\/index.php\/wp-json\/wp\/v2\/product"}],"about":[{"href":"http:\/\/klubmamgdynia.pl\/index.php\/wp-json\/wp\/v2\/types\/product"}],"replies":[{"embeddable":true,"href":"http:\/\/klubmamgdynia.pl\/index.php\/wp-json\/wp\/v2\/comments?post=8260"}],"wp:featuredmedia":[{"embeddable":true,"href":"http:\/\/klubmamgdynia.pl\/index.php\/wp-json\/wp\/v2\/media\/8261"}],"wp:attachment":[{"href":"http:\/\/klubmamgdynia.pl\/index.php\/wp-json\/wp\/v2\/media?parent=8260"}],"wp:term":[{"taxonomy":"product_cat","embeddable":true,"href":"http:\/\/klubmamgdynia.pl\/index.php\/wp-json\/wp\/v2\/product_cat?post=8260"},{"taxonomy":"product_tag","embeddable":true,"href":"http:\/\/klubmamgdynia.pl\/index.php\/wp-json\/wp\/v2\/product_tag?post=8260"}],"curies":[{"name":"wp","href":"https:\/\/api.w.org\/{rel}","templated":true}]}}