{"id":8262,"date":"2019-12-15T02:53:08","date_gmt":"2019-12-15T01:53:08","guid":{"rendered":"http:\/\/klubmamgdynia.pl\/index.php\/produkt\/janod-kask-bialy-j03277\/"},"modified":"2026-04-29T19:51:56","modified_gmt":"2026-04-29T17:51:56","slug":"janod-kask-bialy-j03277","status":"publish","type":"product","link":"http:\/\/klubmamgdynia.pl\/index.php\/produkt\/janod-kask-bialy-j03277\/","title":{"rendered":"Janod Kask Bia\u0142y J03277"},"content":{"rendered":"<p>Janod Kask Bia\u0142y                            <\/p>\n<p>a                            <\/p>\n<p>Dzieci\u0119cy kask rowerowy Bikloon francuskiej marki JANOD w kolorze bia\u0142ym. Rozmiar S (ok. 3-6 lat). Obw\u00f3d g\u0142owy regulowany za pomoc\u0105 pokr\u0119t\u0142a, od 47 do 54 cm. Pasy mocuj\u0105ce z 3-punktow\u0105 regulacj\u0105 i zapi\u0119ciem na klik pod szyj\u0105 pozwalaj\u0105 dok\u0142adnie dopasowa\u0107 kask do g\u0142\u00f3wki dziecka. Wn\u0119trze kasku wype\u0142nia zapewniaj\u0105ca komfort i bezpiecze\u0144stwo pianka, kt\u00f3r\u0105 w razie potrzeby mo\u017cna wyj\u0105\u0107 i wyczy\u015bci\u0107 (jest mocowana na rzepy). Skorupa kasku ma bia\u0142y kolor i g\u0142adk\u0105 powierzchni\u0119, kt\u00f3r\u0105 mo\u017cna ozdobi\u0107 i spersonalizowa\u0107 wed\u0142ug w\u0142asnego uznania (naklejki nie s\u0105 do\u0142\u0105czone do kasku). Posiada a\u017c 11 otwor\u00f3w wentylacyjnych, co gwarantuje doskona\u0142\u0105 cyrkulacj\u0119 powietrza i zapobiega poceniu si\u0119 g\u0142\u00f3wki. Kask sprawdzi si\u0119 podczas jazdy na rowerze, rolkach, hulajnodze czy rowerku biegowym.                            <\/p>\n<p>a                            <\/p>\n<p>Zabawki do zabawy na zewn\u0105trz marki Janod zach\u0119caj\u0105 dziecko do aktywno\u015bci na \u015bwie\u017cym powietrzu. Ich wysoka jako\u015b\u0107 i precyzyjne wykonanie s\u0105 gwarancj\u0105 bezpiecze\u0144stwa, dzi\u0119ki czemu maluch mo\u017ce swobodnie rozwija\u0107 swoj\u0105 motoryk\u0119 \u2013 \u0107wiczy\u0107 r\u00f3wnowag\u0119, koordynacj\u0119 ruchow\u0105, czucie g\u0142\u0119bokie i dobry kontakt z w\u0142asnym cia\u0142em. Zabawa na dworze ma ponadto korzystny wp\u0142yw na zdrowie i og\u00f3ln\u0105 odporno\u015b\u0107.Zabawka rozwija:odkrywanie i eksperymentowaniesprawno\u015b\u0107 ruchow\u0105kategoria: na zewn\u0105trzseria: Bikloonproducent: Janodwiek: 3-6 latliczba element\u00f3w: 1materia\u0142: plastikdesign: Francjawymiary produktu: 25 x 20 x 15,5cmwaga produktu: 380 gbezpiecze\u0144stwo i jako\u015b\u0107: EN71-1; EN71-2, EN71-3; REACH                            <\/p>\n<p>a                            <\/p>\n<p>Janod od 1970 roku niezmiennie projektuje zabawki, kt\u00f3re s\u0105 synonimem innowacyjno\u015bci, francuskiego designu i najwy\u017cszej jako\u015bci. Unikalne zabawki Janod tworzone s\u0105 z drewna i innych doskona\u0142ych materia\u0142\u00f3w, a przede wszystkim z dzieci\u0119cych marze\u0144!\u00a0W obecnej ofercie Janod jest ponad 500 produkt\u00f3w, z kt\u00f3rych kluczowe to zabawki drewniane, puzzle, uk\u0142adanki i zabawki magnetyczne. Wszystkie produkty projektowane s\u0105 we Francji przez w\u0142asnych designer\u00f3w. St\u0105d wiele motyw\u00f3w i wzor\u00f3w powtarza si\u0119 w kolekcjach, tworz\u0105c wyj\u0105tkowy, bajkowy \u015bwiat Janod.\u00a0Wszystkie zabawki tworzone s\u0105 z dba\u0142o\u015bci\u0105 o szczeg\u00f3\u0142y, z najwy\u017cszej jako\u015bci materia\u0142\u00f3w, bezpiecznych dla dzieci. Zabawki spe\u0142niaj\u0105 restrykcyjne normy bezpiecze\u0144stwa, takie jak EN71-1, EN71-2, EN71-3 oraz REACH.<\/p>\n<h2>Janod Kask Bia\u0142y J03277 Janod<\/h2>\n<p>najlepsze zagadki, malowanki do druku, zaproszenia urodzinowe do druku, motyl kolorowanka, quizy flagi, quizy dla dzieci o zwierz\u0119tach, dobranoc zimowo, kolorowanki konie z je\u017ad\u017acem, kiedy dzieci chodz\u0105 na halloween, zagadki \u015bmieszne podchwytliwe, prezent na urodziny dla nastolatki<\/p>\n<p>yyyyy<\/p>\n<p>&nbsp;<\/p>\n","protected":false},"excerpt":{"rendered":"<p>Janod Kask Bia\u0142y a Dzieci\u0119cy kask rowerowy Bikloon francuskiej marki JANOD w kolorze bia\u0142ym. Rozmiar S (ok. 3-6 lat). Obw\u00f3d g\u0142owy regulowany za pomoc\u0105 pokr\u0119t\u0142a, od 47 do 54 cm. Pasy mocuj\u0105ce z 3-punktow\u0105 regulacj\u0105 i zapi\u0119ciem na klik pod szyj\u0105 pozwalaj\u0105 dok\u0142adnie dopasowa\u0107 kask do g\u0142\u00f3wki dziecka. Wn\u0119trze kasku wype\u0142nia zapewniaj\u0105ca komfort i bezpiecze\u0144stwo [&hellip;]<\/p>\n","protected":false},"featured_media":8263,"comment_status":"closed","ping_status":"open","template":"","meta":[],"product_cat":[557,1702],"product_tag":[666,682,601,595],"class_list":["post-8262","product","type-product","status-publish","has-post-thumbnail","hentry","product_cat-janod","product_cat-kaski-i-ochraniacze","product_tag-afrykanskie-imiona","product_tag-przyjazn-cytaty","product_tag-zagadki-co-to-jest","product_tag-zagadki-dla-6-latka"],"_links":{"self":[{"href":"http:\/\/klubmamgdynia.pl\/index.php\/wp-json\/wp\/v2\/product\/8262","targetHints":{"allow":["GET"]}}],"collection":[{"href":"http:\/\/klubmamgdynia.pl\/index.php\/wp-json\/wp\/v2\/product"}],"about":[{"href":"http:\/\/klubmamgdynia.pl\/index.php\/wp-json\/wp\/v2\/types\/product"}],"replies":[{"embeddable":true,"href":"http:\/\/klubmamgdynia.pl\/index.php\/wp-json\/wp\/v2\/comments?post=8262"}],"wp:featuredmedia":[{"embeddable":true,"href":"http:\/\/klubmamgdynia.pl\/index.php\/wp-json\/wp\/v2\/media\/8263"}],"wp:attachment":[{"href":"http:\/\/klubmamgdynia.pl\/index.php\/wp-json\/wp\/v2\/media?parent=8262"}],"wp:term":[{"taxonomy":"product_cat","embeddable":true,"href":"http:\/\/klubmamgdynia.pl\/index.php\/wp-json\/wp\/v2\/product_cat?post=8262"},{"taxonomy":"product_tag","embeddable":true,"href":"http:\/\/klubmamgdynia.pl\/index.php\/wp-json\/wp\/v2\/product_tag?post=8262"}],"curies":[{"name":"wp","href":"https:\/\/api.w.org\/{rel}","templated":true}]}}