{"id":8274,"date":"2022-07-03T01:29:41","date_gmt":"2022-07-02T23:29:41","guid":{"rendered":"http:\/\/klubmamgdynia.pl\/index.php\/produkt\/janod-ukladanka-3d-zabawa-w-chowanego-dinozaury\/"},"modified":"2026-04-03T17:08:26","modified_gmt":"2026-04-03T15:08:26","slug":"janod-ukladanka-3d-zabawa-w-chowanego-dinozaury","status":"publish","type":"product","link":"http:\/\/klubmamgdynia.pl\/index.php\/produkt\/janod-ukladanka-3d-zabawa-w-chowanego-dinozaury\/","title":{"rendered":"Janod Uk\u0142adanka 3D Zabawa W Chowanego Dinozaury"},"content":{"rendered":"<p>Drewniane puzzle 3D francuskiej marki JANOD to wspania\u0142a pierwsza uk\u0142adanka dla malucha. Puzzle Zabawa w chowanego Dinozaury sk\u0142adaj\u0105 si\u0119 z 7 drewnianych element\u00f3w \u2013 figurek dinozaur\u00f3w oraz zaro\u015bli i dwucz\u0119\u015bciowego jaja, za kt\u00f3rymi ukrywaj\u0105 si\u0119 dwie figurki. Elementy uk\u0142adanki nale\u017cy dopasowa\u0107 w odpowiednie miejsca na drewnianej, kolorowej planszy, przedstawiaj\u0105cej prehistoryczny krajobraz. Jest to idealny wst\u0119p do nauki uk\u0142adania prawdziwych puzzli. Ponadto klocki 3D mog\u0105 by\u0107 tak\u017ce wspania\u0142ymi figurkami do zabawy. Puzzle zaprojektowano we Francji. Idealnie nadaj\u0105 si\u0119 na prezent. Uk\u0142adanie puzzli stymuluje rozw\u00f3j m\u00f3zgu dziecka ju\u017c od najm\u0142odszych lat. To znakomity trening pami\u0119ci i koncentracji, kt\u00f3ry dodatkowo uczy rozpoznawania kszta\u0142t\u00f3w oraz logicznego my\u015blenia. Puzzle rozwijaj\u0105 te\u017c wiar\u0119 we w\u0142asne mo\u017cliwo\u015bci, \u0107wicz\u0105 sprawno\u015b\u0107 manualn\u0105 d\u0142oni i cierpliwo\u015b\u0107. Zabawka rozwija:\u2022 umiej\u0119tno\u015b\u0107 budowania i projektowania \u2022 pami\u0119\u0107 i koncentracj\u0119Janod od 1970 roku niezmiennie projektuje zabawki, \u0142\u0105cz\u0105ce innowacyjno\u015b\u0107 z francuskim designem i najwy\u017csz\u0105 jako\u015bci\u0105. Unikalne produkty Janod tworzone s\u0105 z drewna i innych solidnych, trwa\u0142ych materia\u0142\u00f3w, a przede wszystkim \u2013 z dzieci\u0119cych marze\u0144!Janod \u2013 JUST PLAY kategoria: puzzleindeks: J07104producent: Janodwiek: 18-36 miesi\u0119cyliczba element\u00f3w: 8materia\u0142: drewnodesign: Francjawymiary produktu: 22 x 2,5 x 22 cmwaga produktu: 0,43 kgwymiary opakowania: 22 x 2,5 x 22 cmbezpiecze\u0144stwo i jako\u015b\u0107: EN71-1; EN71-2, EN71-3; REACH Kod Producenta: J07104seria: janod_zabawki edukacyjne_uk\u0142adanki sortery<\/p>\n<h2>Janod Uk\u0142adanka 3D Zabawa W Chowanego Dinozaury Janod<\/h2>\n<p>prezent na \u015bwi\u0119ta dla nastolatka, nadia imi\u0119, kolorowanki minecraft, impreza halloween 2021 dla dzieci, imi\u0119 dla dziewczynki 2019, linda, kolorowanki lol, szablony zimowe do wydruku, podchwytliwe zagadki i odpowiedzi, \u015bwinka peppa bajki do czytania, cytaty dziecko, bajki na dobranoc, nadia, na roczek dla dziewczynki<\/p>\n<p>yyyyy<\/p>\n<p>&nbsp;<\/p>\n","protected":false},"excerpt":{"rendered":"<p>Drewniane puzzle 3D francuskiej marki JANOD to wspania\u0142a pierwsza uk\u0142adanka dla malucha. Puzzle Zabawa w chowanego Dinozaury sk\u0142adaj\u0105 si\u0119 z 7 drewnianych element\u00f3w \u2013 figurek dinozaur\u00f3w oraz zaro\u015bli i dwucz\u0119\u015bciowego jaja, za kt\u00f3rymi ukrywaj\u0105 si\u0119 dwie figurki. Elementy uk\u0142adanki nale\u017cy dopasowa\u0107 w odpowiednie miejsca na drewnianej, kolorowej planszy, przedstawiaj\u0105cej prehistoryczny krajobraz. Jest to idealny wst\u0119p [&hellip;]<\/p>\n","protected":false},"featured_media":8275,"comment_status":"closed","ping_status":"open","template":"","meta":[],"product_cat":[557,90],"product_tag":[828,851,580,663,701],"class_list":["post-8274","product","type-product","status-publish","has-post-thumbnail","hentry","product_cat-janod","product_cat-puzzle","product_tag-filmy-wigilijne-dla-dzieci","product_tag-jak-narysowac-kota","product_tag-janusz","product_tag-kolorowanki-dla-dzieci-do-druku","product_tag-zgadywanki-dla-dzieci"],"_links":{"self":[{"href":"http:\/\/klubmamgdynia.pl\/index.php\/wp-json\/wp\/v2\/product\/8274","targetHints":{"allow":["GET"]}}],"collection":[{"href":"http:\/\/klubmamgdynia.pl\/index.php\/wp-json\/wp\/v2\/product"}],"about":[{"href":"http:\/\/klubmamgdynia.pl\/index.php\/wp-json\/wp\/v2\/types\/product"}],"replies":[{"embeddable":true,"href":"http:\/\/klubmamgdynia.pl\/index.php\/wp-json\/wp\/v2\/comments?post=8274"}],"wp:featuredmedia":[{"embeddable":true,"href":"http:\/\/klubmamgdynia.pl\/index.php\/wp-json\/wp\/v2\/media\/8275"}],"wp:attachment":[{"href":"http:\/\/klubmamgdynia.pl\/index.php\/wp-json\/wp\/v2\/media?parent=8274"}],"wp:term":[{"taxonomy":"product_cat","embeddable":true,"href":"http:\/\/klubmamgdynia.pl\/index.php\/wp-json\/wp\/v2\/product_cat?post=8274"},{"taxonomy":"product_tag","embeddable":true,"href":"http:\/\/klubmamgdynia.pl\/index.php\/wp-json\/wp\/v2\/product_tag?post=8274"}],"curies":[{"name":"wp","href":"https:\/\/api.w.org\/{rel}","templated":true}]}}