{"id":8276,"date":"2019-10-28T23:13:28","date_gmt":"2019-10-28T22:13:28","guid":{"rendered":"http:\/\/klubmamgdynia.pl\/index.php\/produkt\/siku-farmer-przyczepa-transportowa-z-lyzka-s2896\/"},"modified":"2026-04-08T17:38:14","modified_gmt":"2026-04-08T15:38:14","slug":"siku-farmer-przyczepa-transportowa-z-lyzka-s2896","status":"publish","type":"product","link":"http:\/\/klubmamgdynia.pl\/index.php\/produkt\/siku-farmer-przyczepa-transportowa-z-lyzka-s2896\/","title":{"rendered":"Siku Farmer Przyczepa Transportowa Z \u0141y\u017ck\u0105 S2896"},"content":{"rendered":"<p>Pojazd wielofunkcyjny Oehler. Wielofunkcyjna przyczepa Oehler w skali 1:32 \u0142\u0105czy w sobie wiele talent\u00f3w. Podstaw\u0119 przyczepy stanowi jednoosiowe podwozie z metalu wyposa\u017cone w ogumienie rolnicze i d\u017awig. Montowana na podwoziu platforma jest ruchoma. Na platformie mo\u017cna zamontowa\u0107 burty umo\u017cliwiaj\u0105ce transport materia\u0142\u00f3w sypkich. W przypadku przewozu ma\u0142ych ilo\u015bci materia\u0142u wystarcz\u0105 niskie burty z ruchom\u0105 tyln\u0105 klap\u0105. Chc\u0105c przewie\u017a\u0107 wi\u0119cej materia\u0142u, mo\u017cna bez problemu zamontowa\u0107 drugi poziom burt. Je\u015bli jednak trzeba przywie\u017a\u0107 pnie drzew z lasu, burty z \u0142atwo\u015bci\u0105 mo\u017cna zast\u0105pi\u0107 bocznymi k\u0142onicami. Dodatkowo model wyposa\u017cono w hak holowniczy. seria: Siku Farmer skala: 1:32 wiek: +3 lata Od blisko 100 lat modele SIKU towarzysz\u0105 dzieciom podczas zabaw. Bawili si\u0119 nimi dzisiejsi dziadkowie i ojcowie, kt\u00f3rzy teraz kupuj\u0105 je swoim dzieciom i wnukom. Solidne wykonanie z wysokiej jako\u015bci plastikowych i metalowych element\u00f3w sprawia, \u017ce modele SIKU s\u0105 trwa\u0142e i bezpieczne dla dzieci. Sieper GmbH jest rodzinn\u0105 firm\u0105 za\u0142o\u017con\u0105 w 1921 roku. G\u0142\u00f3wna siedziba znajduje si\u0119 w L\u00fcdenscheid, sk\u0105d kolejne pokolenie w\u0142a\u015bcicieli zarz\u0105dza 850 pracownikami z oddzia\u0142\u00f3w firmy z ca\u0142ego \u015bwiata. Sieper GmbH produkuje pod mark\u0105 SIKU manualne oraz zdalnie sterowane modele pojazd\u00f3w w r\u00f3\u017cnych skalach. Wykonane z metalowych i plastikowych element\u00f3w zabawki wyr\u00f3\u017cniaj\u0105 si\u0119 trwa\u0142o\u015bci\u0105, wytrzyma\u0142o\u015bci\u0105 oraz wiernym oddaniem szczeg\u00f3\u0142\u00f3w rzeczywistych pojazd\u00f3w i pozwalaj\u0105 na bardzo r\u00f3\u017cnorodn\u0105 zabaw\u0119. W centrali firmy w L\u00fcdenscheid znajduj\u0105 si\u0119 dzia\u0142y: produkcji, projektowania, dzia\u0142 sprzeda\u017cy i handlowy.<\/p>\n<h2>Siku Farmer Przyczepa Transportowa Z \u0141y\u017ck\u0105 S2896 Siku<\/h2>\n<p>pokoloruj wed\u0142ug wzoru, zaproszenie na urodziny do druku pdf, rozrywka dla dzieci, prezent dla dwunastolatka, cytat dziecko, kajko i kokosz szko\u0142a latania test z odpowiedziami, rymowanki o pisankach, kolorowanki do wydruku, mapa europy do druku<\/p>\n<p>yyyyy<\/p>\n<p>&nbsp;<\/p>\n","protected":false},"excerpt":{"rendered":"<p>Pojazd wielofunkcyjny Oehler. Wielofunkcyjna przyczepa Oehler w skali 1:32 \u0142\u0105czy w sobie wiele talent\u00f3w. Podstaw\u0119 przyczepy stanowi jednoosiowe podwozie z metalu wyposa\u017cone w ogumienie rolnicze i d\u017awig. Montowana na podwoziu platforma jest ruchoma. Na platformie mo\u017cna zamontowa\u0107 burty umo\u017cliwiaj\u0105ce transport materia\u0142\u00f3w sypkich. W przypadku przewozu ma\u0142ych ilo\u015bci materia\u0142u wystarcz\u0105 niskie burty z ruchom\u0105 tyln\u0105 klap\u0105. [&hellip;]<\/p>\n","protected":false},"featured_media":8277,"comment_status":"closed","ping_status":"open","template":"","meta":[],"product_cat":[83,300],"product_tag":[801,864,821,703,741],"class_list":["post-8276","product","type-product","status-publish","has-post-thumbnail","hentry","product_cat-auta-i-inne-pojazdy-do-zabawy","product_cat-siku","product_tag-bajki-terapeutyczne-o-emocjach","product_tag-basen-warszawa","product_tag-marianna","product_tag-prezent-dla-nastolatki","product_tag-wlochy"],"_links":{"self":[{"href":"http:\/\/klubmamgdynia.pl\/index.php\/wp-json\/wp\/v2\/product\/8276","targetHints":{"allow":["GET"]}}],"collection":[{"href":"http:\/\/klubmamgdynia.pl\/index.php\/wp-json\/wp\/v2\/product"}],"about":[{"href":"http:\/\/klubmamgdynia.pl\/index.php\/wp-json\/wp\/v2\/types\/product"}],"replies":[{"embeddable":true,"href":"http:\/\/klubmamgdynia.pl\/index.php\/wp-json\/wp\/v2\/comments?post=8276"}],"wp:featuredmedia":[{"embeddable":true,"href":"http:\/\/klubmamgdynia.pl\/index.php\/wp-json\/wp\/v2\/media\/8277"}],"wp:attachment":[{"href":"http:\/\/klubmamgdynia.pl\/index.php\/wp-json\/wp\/v2\/media?parent=8276"}],"wp:term":[{"taxonomy":"product_cat","embeddable":true,"href":"http:\/\/klubmamgdynia.pl\/index.php\/wp-json\/wp\/v2\/product_cat?post=8276"},{"taxonomy":"product_tag","embeddable":true,"href":"http:\/\/klubmamgdynia.pl\/index.php\/wp-json\/wp\/v2\/product_tag?post=8276"}],"curies":[{"name":"wp","href":"https:\/\/api.w.org\/{rel}","templated":true}]}}