{"id":828,"date":"2019-08-03T13:20:45","date_gmt":"2019-08-03T11:20:45","guid":{"rendered":"http:\/\/klubmamgdynia.pl\/index.php\/produkt\/exit-domek-cedrowy-dla-dzieci-fantazja-300-czerwony-d-50111300\/"},"modified":"2026-04-03T19:30:03","modified_gmt":"2026-04-03T17:30:03","slug":"exit-domek-cedrowy-dla-dzieci-fantazja-300-czerwony-d-50111300","status":"publish","type":"product","link":"http:\/\/klubmamgdynia.pl\/index.php\/produkt\/exit-domek-cedrowy-dla-dzieci-fantazja-300-czerwony-d-50111300\/","title":{"rendered":"Exit Domek cedrowy dla dzieci Fantazja 300 czerwony D-50111300"},"content":{"rendered":"<p>Domek do zabaw z fantazyjnym wej\u015bciem i wyj\u015bciem w postaci schodk\u00f3w oraz zje\u017cdzalni, na pewno ucieszy ka\u017cdego malucha. Wykonany z drewna cedrowego, kt\u00f3re cechuje si\u0119 wyj\u0105tkow\u0105 odporno\u015bci\u0105 na czynniki atmosferyczne, z pewno\u015bci\u0105 pos\u0142u\u017cy przez wiele lat. Domek Exit zosta\u0142 pomalowany bejc\u0105 w ciep\u0142ych, radosnych kolorach, wytworzon\u0105 na bazie wodnej. Drewniany domek Fantasia b\u0119dzie bezpiecznym i zach\u0119caj\u0105cym do sp\u0119dzania czasu w ogrodzie miejscem zabaw dla dzieci i ich przyjaci\u00f3\u0142.Charakterystyka produktu:wykonany z drewna cedrowego odpornego na warunki atmosferyczne i z kt\u00f3rego nie wystaj\u0105 drzazgiciekawy kszta\u0142t ze zje\u017cd\u017calni\u0105 i szerokimi schodkamiotwierane drzwi i okna\u0142atwy do zmontowaniapomalowany bejc\u0105 na bazie wodnejdla dzieci powy\u017cej 3-ego roku \u017cyciawymiary: 163 cm x 240 cm x 226 cm (wysoko\u015b\u0107)waga: 72 kg<\/p>\n<h2>Exit Domek cedrowy dla dzieci Fantazja 300 czerwony D-50111300 Exit<\/h2>\n<p>gry z pi\u0142k\u0105, \u017cyczenia wielkanocne dla dzieci kr\u00f3tkie, dziewczynka z parku pytania i odpowiedzi, ka\u0142u\u017cy\u015bci, 20 pytania do lektury ma\u0142y ksi\u0105\u017c\u0119, wystawy dla dzieci warszawa, \u017c\u0105rty na prima aprilis, zaproszenie na urodziny do druku, gry planszowe dla nastolatk\u00f3w, zagadki na dzie\u0144 przedszkolaka, kolorowanki disney, trudne zagadki na inteligencje, znajd\u017a r\u00f3\u017cnice do druku, andrea, wielkanocne zagadki, uk\u0142ad s\u0142oneczny do druku, testy ma\u0142y ksi\u0105\u017ce, zagadki na dzie\u0144 przedszkolaka<\/p>\n<p>yyyyy<\/p>\n<p>&nbsp;<\/p>\n","protected":false},"excerpt":{"rendered":"<p>Domek do zabaw z fantazyjnym wej\u015bciem i wyj\u015bciem w postaci schodk\u00f3w oraz zje\u017cdzalni, na pewno ucieszy ka\u017cdego malucha. Wykonany z drewna cedrowego, kt\u00f3re cechuje si\u0119 wyj\u0105tkow\u0105 odporno\u015bci\u0105 na czynniki atmosferyczne, z pewno\u015bci\u0105 pos\u0142u\u017cy przez wiele lat. Domek Exit zosta\u0142 pomalowany bejc\u0105 w ciep\u0142ych, radosnych kolorach, wytworzon\u0105 na bazie wodnej. Drewniany domek Fantasia b\u0119dzie bezpiecznym i [&hellip;]<\/p>\n","protected":false},"featured_media":829,"comment_status":"closed","ping_status":"open","template":"","meta":[],"product_cat":[282,291],"product_tag":[685,775,638,627,778],"class_list":["post-828","product","type-product","status-publish","has-post-thumbnail","hentry","product_cat-domki-i-namioty-dla-dzieci","product_cat-exit","product_tag-cytaty-o-rodzinie","product_tag-kolorowanki-do-druku-pokemon","product_tag-miastodzieci","product_tag-quiz-dzieci-z-bullerbyn","product_tag-zabawki-na-roczek-dla-chlopca"],"_links":{"self":[{"href":"http:\/\/klubmamgdynia.pl\/index.php\/wp-json\/wp\/v2\/product\/828","targetHints":{"allow":["GET"]}}],"collection":[{"href":"http:\/\/klubmamgdynia.pl\/index.php\/wp-json\/wp\/v2\/product"}],"about":[{"href":"http:\/\/klubmamgdynia.pl\/index.php\/wp-json\/wp\/v2\/types\/product"}],"replies":[{"embeddable":true,"href":"http:\/\/klubmamgdynia.pl\/index.php\/wp-json\/wp\/v2\/comments?post=828"}],"wp:featuredmedia":[{"embeddable":true,"href":"http:\/\/klubmamgdynia.pl\/index.php\/wp-json\/wp\/v2\/media\/829"}],"wp:attachment":[{"href":"http:\/\/klubmamgdynia.pl\/index.php\/wp-json\/wp\/v2\/media?parent=828"}],"wp:term":[{"taxonomy":"product_cat","embeddable":true,"href":"http:\/\/klubmamgdynia.pl\/index.php\/wp-json\/wp\/v2\/product_cat?post=828"},{"taxonomy":"product_tag","embeddable":true,"href":"http:\/\/klubmamgdynia.pl\/index.php\/wp-json\/wp\/v2\/product_tag?post=828"}],"curies":[{"name":"wp","href":"https:\/\/api.w.org\/{rel}","templated":true}]}}