{"id":8296,"date":"2025-04-18T21:30:58","date_gmt":"2025-04-18T19:30:58","guid":{"rendered":"http:\/\/klubmamgdynia.pl\/?post_type=product&#038;p=8296"},"modified":"2026-04-06T01:18:33","modified_gmt":"2026-04-05T23:18:33","slug":"jamara-zjezdzalna-ogrodowa-140cm","status":"publish","type":"product","link":"http:\/\/klubmamgdynia.pl\/index.php\/produkt\/jamara-zjezdzalna-ogrodowa-140cm\/","title":{"rendered":"Jamara Zje\u017cd\u017calna Ogrodowa 140Cm"},"content":{"rendered":"<p>Zje\u017cd\u017calna Jamara 0140 140 cmProducent: JamaraModel: 0140Stan opakowania: oryginalne, lekko podniszczoneCechy produktuFunny Slide zje\u017cd\u017calnia Z wytrzyma\u0142ego tworzywa sztucznego.Wylewka po\u015blizgowa zapewnia delikatne l\u0105dowanie.Szerokie stopnie i uchwyty bezpiecze\u0144stwa.Linka stabilizacyjna.Produkt pochodz\u0105cy z nadwy\u017cek magazynowych, ca\u0142kowicie nowy. Zosta\u0142 przez nas sprawdzony i jest w pe\u0142ni sprawny. Towar mo\u017ce posiada\u0107 drobne ryski.<\/p>\n<h2>Jamara Zje\u017cd\u017calna Ogrodowa 140Cm Jamara<\/h2>\n<p>kr\u00f3tkie bajki do czytania pdf, nauczyciel cytaty, test z lektury miko\u0142ajek do druku, quiz o \u015bwi\u0119tach bo\u017cego narodzenia, lol surprise kolorowanki, imie leon, zagadki sprawdzaj\u0105ce inteligencj\u0119, pomysl na prezent na roczek<\/p>\n<p>yyyyy<\/p>\n<p>&nbsp;<\/p>\n","protected":false},"excerpt":{"rendered":"<p>Zje\u017cd\u017calna Jamara 0140 140 cmProducent: JamaraModel: 0140Stan opakowania: oryginalne, lekko podniszczoneCechy produktuFunny Slide zje\u017cd\u017calnia Z wytrzyma\u0142ego tworzywa sztucznego.Wylewka po\u015blizgowa zapewnia delikatne l\u0105dowanie.Szerokie stopnie i uchwyty bezpiecze\u0144stwa.Linka stabilizacyjna.Produkt pochodz\u0105cy z nadwy\u017cek magazynowych, ca\u0142kowicie nowy. Zosta\u0142 przez nas sprawdzony i jest w pe\u0142ni sprawny. Towar mo\u017ce posiada\u0107 drobne ryski. Jamara Zje\u017cd\u017calna Ogrodowa 140Cm Jamara kr\u00f3tkie bajki do [&hellip;]<\/p>\n","protected":false},"featured_media":8297,"comment_status":"closed","ping_status":"open","template":"","meta":[],"product_cat":[505,392],"product_tag":[761,645,621],"class_list":["post-8296","product","type-product","status-publish","has-post-thumbnail","hentry","product_cat-jamara","product_cat-zjezdzalnie","product_tag-choinko-piekna-jak-las-tekst","product_tag-latwe-zagadki","product_tag-prezenty-roczek"],"_links":{"self":[{"href":"http:\/\/klubmamgdynia.pl\/index.php\/wp-json\/wp\/v2\/product\/8296","targetHints":{"allow":["GET"]}}],"collection":[{"href":"http:\/\/klubmamgdynia.pl\/index.php\/wp-json\/wp\/v2\/product"}],"about":[{"href":"http:\/\/klubmamgdynia.pl\/index.php\/wp-json\/wp\/v2\/types\/product"}],"replies":[{"embeddable":true,"href":"http:\/\/klubmamgdynia.pl\/index.php\/wp-json\/wp\/v2\/comments?post=8296"}],"wp:featuredmedia":[{"embeddable":true,"href":"http:\/\/klubmamgdynia.pl\/index.php\/wp-json\/wp\/v2\/media\/8297"}],"wp:attachment":[{"href":"http:\/\/klubmamgdynia.pl\/index.php\/wp-json\/wp\/v2\/media?parent=8296"}],"wp:term":[{"taxonomy":"product_cat","embeddable":true,"href":"http:\/\/klubmamgdynia.pl\/index.php\/wp-json\/wp\/v2\/product_cat?post=8296"},{"taxonomy":"product_tag","embeddable":true,"href":"http:\/\/klubmamgdynia.pl\/index.php\/wp-json\/wp\/v2\/product_tag?post=8296"}],"curies":[{"name":"wp","href":"https:\/\/api.w.org\/{rel}","templated":true}]}}