{"id":8300,"date":"2015-04-21T17:33:57","date_gmt":"2015-04-21T15:33:57","guid":{"rendered":"http:\/\/klubmamgdynia.pl\/index.php\/produkt\/gra-planszowa-lisciani-mind-skills-wygrywam-ze-stresem\/"},"modified":"2026-04-23T01:25:38","modified_gmt":"2026-04-22T23:25:38","slug":"gra-planszowa-lisciani-mind-skills-wygrywam-ze-stresem","status":"publish","type":"product","link":"http:\/\/klubmamgdynia.pl\/index.php\/produkt\/gra-planszowa-lisciani-mind-skills-wygrywam-ze-stresem\/","title":{"rendered":"Gra planszowa Lisciani Mind Skills Wygrywam Ze Stresem"},"content":{"rendered":"<p>Mind Skills Wygrywam ze stresem Nieskomplikowana gra planszowa, kt\u00f3rej celem jest roz\u0142adowanie stresu. Podczas rozgrywki nale\u017cy zachowa\u0107 spok\u00f3j, by pokona\u0107 swojego przeciwnika. Odpowiadaj poprawnie na zadawane pytania, podawaj wymagan\u0105 liczb\u0119 nazw z danej kategorii i pokonaj swojego przeciwnika! \u015awiatowa Organizacja Zdrowia wyodr\u0119bni\u0142a 10 umiej\u0119tno\u015bci \u017cyciowych, kt\u00f3re s\u0105 potrzebne by wyrosn\u0105\u0107 na lepsz\u0105 i szcz\u0119\u015bliwsz\u0105 osob\u0119, kt\u00f3ra jest w stanie prowadzi\u0107 godne \u017cycie. I to w\u0142a\u015bnie te umiej\u0119tno\u015bci s\u0105 rozwijane w grach z tej serii, kt\u00f3re s\u0105 r\u00f3wnie\u017c dla dziecka \u015bwietn\u0105 zabaw\u0105. S\u0105 to mi\u0119kkie umiej\u0119tno\u015bci, niezb\u0119dne w codziennym \u017cyciu. Pozwalaj\u0105 dzieciom lepiej pozna\u0107 samych siebie, swoje emocje, \u0142atwiej nawi\u0105zywa\u0107 kontakty z innymi lud\u017ami czy radzi\u0107 sobie ze stresem&#8230;.<\/p>\n<h2>Gra planszowa Lisciani Mind Skills Wygrywam Ze Stresem Lisciani<\/h2>\n<p>prezent dla 15 latki 2021, madre zyczenia bozonarodzeniowe, harry potter kolorowanka, dyplomy do wydrukowania a4, jagna, sentencje o dzieciach, litera r do druku, kolorowanki do druku kotki, zaproszenia na urodziny do wydruku czarno bia\u0142e, nauka zegara do druku pdf, kundel bury tekst, bajki dla chlopcow, dobre zagadki logiczne<\/p>\n<p>yyyyy<\/p>\n<p>&nbsp;<\/p>\n","protected":false},"excerpt":{"rendered":"<p>Mind Skills Wygrywam ze stresem Nieskomplikowana gra planszowa, kt\u00f3rej celem jest roz\u0142adowanie stresu. Podczas rozgrywki nale\u017cy zachowa\u0107 spok\u00f3j, by pokona\u0107 swojego przeciwnika. Odpowiadaj poprawnie na zadawane pytania, podawaj wymagan\u0105 liczb\u0119 nazw z danej kategorii i pokonaj swojego przeciwnika! \u015awiatowa Organizacja Zdrowia wyodr\u0119bni\u0142a 10 umiej\u0119tno\u015bci \u017cyciowych, kt\u00f3re s\u0105 potrzebne by wyrosn\u0105\u0107 na lepsz\u0105 i szcz\u0119\u015bliwsz\u0105 osob\u0119, [&hellip;]<\/p>\n","protected":false},"featured_media":8301,"comment_status":"closed","ping_status":"open","template":"","meta":[],"product_cat":[235,362],"product_tag":[859,807,725],"class_list":["post-8300","product","type-product","status-publish","has-post-thumbnail","hentry","product_cat-gry-planszowe","product_cat-lisciani","product_tag-dobranoc-pchly-na-noc","product_tag-logiczne-zagadki","product_tag-zgadywanki"],"_links":{"self":[{"href":"http:\/\/klubmamgdynia.pl\/index.php\/wp-json\/wp\/v2\/product\/8300","targetHints":{"allow":["GET"]}}],"collection":[{"href":"http:\/\/klubmamgdynia.pl\/index.php\/wp-json\/wp\/v2\/product"}],"about":[{"href":"http:\/\/klubmamgdynia.pl\/index.php\/wp-json\/wp\/v2\/types\/product"}],"replies":[{"embeddable":true,"href":"http:\/\/klubmamgdynia.pl\/index.php\/wp-json\/wp\/v2\/comments?post=8300"}],"wp:featuredmedia":[{"embeddable":true,"href":"http:\/\/klubmamgdynia.pl\/index.php\/wp-json\/wp\/v2\/media\/8301"}],"wp:attachment":[{"href":"http:\/\/klubmamgdynia.pl\/index.php\/wp-json\/wp\/v2\/media?parent=8300"}],"wp:term":[{"taxonomy":"product_cat","embeddable":true,"href":"http:\/\/klubmamgdynia.pl\/index.php\/wp-json\/wp\/v2\/product_cat?post=8300"},{"taxonomy":"product_tag","embeddable":true,"href":"http:\/\/klubmamgdynia.pl\/index.php\/wp-json\/wp\/v2\/product_tag?post=8300"}],"curies":[{"name":"wp","href":"https:\/\/api.w.org\/{rel}","templated":true}]}}