{"id":8302,"date":"2023-07-31T09:05:51","date_gmt":"2023-07-31T07:05:51","guid":{"rendered":"http:\/\/klubmamgdynia.pl\/?post_type=product&#038;p=8302"},"modified":"2026-04-06T11:17:26","modified_gmt":"2026-04-06T09:17:26","slug":"bright-starts-skoczek-centrum-zabawy-nemo","status":"publish","type":"product","link":"http:\/\/klubmamgdynia.pl\/index.php\/produkt\/bright-starts-skoczek-centrum-zabawy-nemo\/","title":{"rendered":"Bright Starts Skoczek Centrum Zabawy Nemo"},"content":{"rendered":"<p>SKOCZEK CENTRUM ZABAWY Bright Starts NemoINTERAKTYWNY SKOCZEK CENTRUM ZABAWY JUMPEROO GDZIE JEST NEMOPo prostu skacz z kolorowym skoczkiem aktywno\u015bci nemo!Ten magiczny skoczek Disney Baby zabierze Twoje dziecko na podwodn\u0105 przygod\u0119 a\u017c do s. Sherman 42 Wallaby Way Sydney.Otoczony przez morze zabawek o tematyce nemo maluszek b\u0119dzie si\u0119 \u015bwietnie bawi\u0142 wchodz\u0105c w interakcj\u0119 z ponad 13 aktywno\u015bciami.B\u0119dzie tam: klown ze swoj\u0105 ulubion\u0105 ryb\u0105 klauna, zanurzy si\u0119 w bezpiecznym dla dziecka lustrze i bawi si\u0119 wszystkimi swoimi ulubie\u0144cami nemo, takimi jak Dory, Bruce, mr. Ray i wi\u0119cej.Dziecko mo\u017ce sterowa\u0107 swoim statkiem, tak jak chce, na obracanym o 360 stopni krze\u015ble wykonanym z siedziska z wysokim oparciem dla dodatkowego komfortu.Dzi\u0119ki ta\u0144cz\u0105cym \u015bwiat\u0142om, s\u0142odkim piosenkom i znajdowaniu przyjaci\u00f3\u0142 nemo, Twoje dziecko pokocha ten kolorowy skoczek.Ponad 13 interaktywnych dzia\u0142a\u0144 ze \u015bwiat\u0142ami, piosenkami i d\u017awi\u0119kami.Dostosowuje si\u0119 do 4 r\u00f3\u017cnych pozycji, aby rosn\u0105\u0107 wraz z dzieckiem.Siedzisko obraca si\u0119 o 360 stopni dla magii we wszystkich kierunkach.<\/p>\n<h2>Bright Starts Skoczek Centrum Zabawy Nemo Bright Starts<\/h2>\n<p>atrakcje dla dzieci warszawa, krzy\u017c\u00f3wki dla dzieci, ostatni dzwonek tekst, trudne zagadki dla doros\u0142ych, zagadki dla dzieci z odpowiedziami, co oznacza nazwa jordan, niespotykane imiona \u017ce\u0144skie, miriam imi\u0119, trudne zadania matematyczne, zabawka dla rocznej dziewczynki, prezent dla rocznej dziewczynki, prezenty dla nastolatk\u00f3w 2021<\/p>\n<p>yyyyy<\/p>\n<p>&nbsp;<\/p>\n","protected":false},"excerpt":{"rendered":"<p>SKOCZEK CENTRUM ZABAWY Bright Starts NemoINTERAKTYWNY SKOCZEK CENTRUM ZABAWY JUMPEROO GDZIE JEST NEMOPo prostu skacz z kolorowym skoczkiem aktywno\u015bci nemo!Ten magiczny skoczek Disney Baby zabierze Twoje dziecko na podwodn\u0105 przygod\u0119 a\u017c do s. Sherman 42 Wallaby Way Sydney.Otoczony przez morze zabawek o tematyce nemo maluszek b\u0119dzie si\u0119 \u015bwietnie bawi\u0142 wchodz\u0105c w interakcj\u0119 z ponad 13 [&hellip;]<\/p>\n","protected":false},"featured_media":8303,"comment_status":"closed","ping_status":"open","template":"","meta":[],"product_cat":[1600,1539],"product_tag":[740,614,714,812,796],"class_list":["post-8302","product","type-product","status-publish","has-post-thumbnail","hentry","product_cat-bright-starts","product_cat-bujaki-i-zabawki-na-biegunach","product_tag-fajne-prezenty-dla-nastolatkow","product_tag-pia","product_tag-zagadki-logiczne","product_tag-zagadki-logiczne-na-inteligencje","product_tag-zagatki"],"_links":{"self":[{"href":"http:\/\/klubmamgdynia.pl\/index.php\/wp-json\/wp\/v2\/product\/8302","targetHints":{"allow":["GET"]}}],"collection":[{"href":"http:\/\/klubmamgdynia.pl\/index.php\/wp-json\/wp\/v2\/product"}],"about":[{"href":"http:\/\/klubmamgdynia.pl\/index.php\/wp-json\/wp\/v2\/types\/product"}],"replies":[{"embeddable":true,"href":"http:\/\/klubmamgdynia.pl\/index.php\/wp-json\/wp\/v2\/comments?post=8302"}],"wp:featuredmedia":[{"embeddable":true,"href":"http:\/\/klubmamgdynia.pl\/index.php\/wp-json\/wp\/v2\/media\/8303"}],"wp:attachment":[{"href":"http:\/\/klubmamgdynia.pl\/index.php\/wp-json\/wp\/v2\/media?parent=8302"}],"wp:term":[{"taxonomy":"product_cat","embeddable":true,"href":"http:\/\/klubmamgdynia.pl\/index.php\/wp-json\/wp\/v2\/product_cat?post=8302"},{"taxonomy":"product_tag","embeddable":true,"href":"http:\/\/klubmamgdynia.pl\/index.php\/wp-json\/wp\/v2\/product_tag?post=8302"}],"curies":[{"name":"wp","href":"https:\/\/api.w.org\/{rel}","templated":true}]}}