{"id":8314,"date":"2020-07-11T17:50:53","date_gmt":"2020-07-11T15:50:53","guid":{"rendered":"http:\/\/klubmamgdynia.pl\/index.php\/produkt\/pozostali-forever-fashion-zestaw-do-tworzenia-bizuterii-bransoletka-naszyjnik\/"},"modified":"2026-05-17T22:03:23","modified_gmt":"2026-05-17T20:03:23","slug":"pozostali-forever-fashion-zestaw-do-tworzenia-bizuterii-bransoletka-naszyjnik","status":"publish","type":"product","link":"http:\/\/klubmamgdynia.pl\/index.php\/produkt\/pozostali-forever-fashion-zestaw-do-tworzenia-bizuterii-bransoletka-naszyjnik\/","title":{"rendered":"Pozostali Forever Fashion Zestaw Do Tworzenia Bi\u017cuterii Bransoletka Naszyjnik"},"content":{"rendered":"<p>Zawiera wszystko, aby dziewczynki mog\u0142y tworzy\u0107 w\u0142asne bransoletki i naszyjniki. Idealny prezent dla wszystkich dziewczynek, uwielbiaj\u0105cych modn\u0105 bi\u017cuteri\u0119.Zawarto\u015b\u0107 zestawu: sznurek w 6 kolorach (8m),4 zapi\u0119cia do bransoletek, 2 zapi\u0119cia do naszyjnik\u00f3w<\/p>\n<h2>Pozostali Forever Fashion Zestaw Do Tworzenia Bi\u017cuterii Bransoletka Naszyjnik <\/h2>\n<p>kolorowanka lato, walentynka dla syna, przys\u0142owia o rodzinie, warszawa atrakcje dla dzieci, test z lektury opowie\u015bci z narni lew czarownica i stara szafa, kolorowanki star wars, kolorowanka peppa, origami kotek, glupie zagadki, kolorowanki lego ninjago, lidia imie, leonardo imi\u0119, kolorowanka kotek, logiczne zagadki dla dzieci, Keyword, bajki na dobranoc do czytania, gad\u017cety dla nastolatk\u00f3w 2021, prezent na dzie\u0144 dziecka dla nastolatk\u00f3w, milan imie, plac zamkowy<\/p>\n<p>yyyyy<\/p>\n<p>&nbsp;<\/p>\n","protected":false},"excerpt":{"rendered":"<p>Zawiera wszystko, aby dziewczynki mog\u0142y tworzy\u0107 w\u0142asne bransoletki i naszyjniki. Idealny prezent dla wszystkich dziewczynek, uwielbiaj\u0105cych modn\u0105 bi\u017cuteri\u0119.Zawarto\u015b\u0107 zestawu: sznurek w 6 kolorach (8m),4 zapi\u0119cia do bransoletek, 2 zapi\u0119cia do naszyjnik\u00f3w Pozostali Forever Fashion Zestaw Do Tworzenia Bi\u017cuterii Bransoletka Naszyjnik kolorowanka lato, walentynka dla syna, przys\u0142owia o rodzinie, warszawa atrakcje dla dzieci, test z lektury [&hellip;]<\/p>\n","protected":false},"featured_media":8315,"comment_status":"closed","ping_status":"open","template":"","meta":[],"product_cat":[21],"product_tag":[792,593,652,630,701],"class_list":["post-8314","product","type-product","status-publish","has-post-thumbnail","hentry","product_cat-zabawki-plastyczne","product_tag-cytaty-o-mamie","product_tag-jak-narysowac-konia","product_tag-otto","product_tag-podchwytliwe-zagadki-z-odpowiedziami","product_tag-zgadywanki-dla-dzieci"],"_links":{"self":[{"href":"http:\/\/klubmamgdynia.pl\/index.php\/wp-json\/wp\/v2\/product\/8314","targetHints":{"allow":["GET"]}}],"collection":[{"href":"http:\/\/klubmamgdynia.pl\/index.php\/wp-json\/wp\/v2\/product"}],"about":[{"href":"http:\/\/klubmamgdynia.pl\/index.php\/wp-json\/wp\/v2\/types\/product"}],"replies":[{"embeddable":true,"href":"http:\/\/klubmamgdynia.pl\/index.php\/wp-json\/wp\/v2\/comments?post=8314"}],"wp:featuredmedia":[{"embeddable":true,"href":"http:\/\/klubmamgdynia.pl\/index.php\/wp-json\/wp\/v2\/media\/8315"}],"wp:attachment":[{"href":"http:\/\/klubmamgdynia.pl\/index.php\/wp-json\/wp\/v2\/media?parent=8314"}],"wp:term":[{"taxonomy":"product_cat","embeddable":true,"href":"http:\/\/klubmamgdynia.pl\/index.php\/wp-json\/wp\/v2\/product_cat?post=8314"},{"taxonomy":"product_tag","embeddable":true,"href":"http:\/\/klubmamgdynia.pl\/index.php\/wp-json\/wp\/v2\/product_tag?post=8314"}],"curies":[{"name":"wp","href":"https:\/\/api.w.org\/{rel}","templated":true}]}}