{"id":8329,"date":"2023-04-09T15:07:22","date_gmt":"2023-04-09T13:07:22","guid":{"rendered":"http:\/\/klubmamgdynia.pl\/?post_type=product&#038;p=8329"},"modified":"2026-04-30T00:07:57","modified_gmt":"2026-04-29T22:07:57","slug":"gra-planszowa-smart-toys-and-games-farb-code-wersja-niemiecka","status":"publish","type":"product","link":"http:\/\/klubmamgdynia.pl\/index.php\/produkt\/gra-planszowa-smart-toys-and-games-farb-code-wersja-niemiecka\/","title":{"rendered":"Gra planszowa Smart Toys And Games Farb-Code (wersja niemiecka)"},"content":{"rendered":"<p>Legen, drehen, schieben, stapeln! FARB-CODE bietet mit 100 Aufgaben in verschiedenen Schwierigkeitsstufen jede Menge Spa\u00df und Abwechslung. Auf den 18 durchsichtigen Teilen ist jeweils eine farbige Form abgebildet. Es geht darum, die Teile so \u00fcbereinander zu legen, dass die Aufgabe genau nachgebildet wird. Doch das ist leichter gesagt als getan! Farbe, Form und Reihenfolge der Teile m\u00fcssen richtig miteinander kombiniert werden. Vielleicht ist es auch n\u00f6tig, das eine oder andere Teil umzudrehen &#8230; Eine knifflige Herausforderung f\u00fcr Jung und Alt!<\/p>\n<h2>Gra planszowa Smart Toys And Games Farb-Code (wersja niemiecka) <\/h2>\n<p>kolorowanki koty, krzy\u017c\u00f3wki dla dzieci, narysowa\u0107 rysunki \u0142atwe, zagadki dla przedszkolak\u00f3w, my little pony kolorowanki, paj\u0105czek na rowerze test, kolorowanka pikachu<\/p>\n<p>yyyyy<\/p>\n<p>&nbsp;<\/p>\n","protected":false},"excerpt":{"rendered":"<p>Legen, drehen, schieben, stapeln! FARB-CODE bietet mit 100 Aufgaben in verschiedenen Schwierigkeitsstufen jede Menge Spa\u00df und Abwechslung. Auf den 18 durchsichtigen Teilen ist jeweils eine farbige Form abgebildet. Es geht darum, die Teile so \u00fcbereinander zu legen, dass die Aufgabe genau nachgebildet wird. Doch das ist leichter gesagt als getan! Farbe, Form und Reihenfolge der [&hellip;]<\/p>\n","protected":false},"featured_media":8330,"comment_status":"closed","ping_status":"open","template":"","meta":[],"product_cat":[235],"product_tag":[598,652,636],"class_list":["post-8329","product","type-product","status-publish","has-post-thumbnail","hentry","product_cat-gry-planszowe","product_tag-co-na-roczek-dla-dziewczynki","product_tag-otto","product_tag-teksty-kolysanek"],"_links":{"self":[{"href":"http:\/\/klubmamgdynia.pl\/index.php\/wp-json\/wp\/v2\/product\/8329","targetHints":{"allow":["GET"]}}],"collection":[{"href":"http:\/\/klubmamgdynia.pl\/index.php\/wp-json\/wp\/v2\/product"}],"about":[{"href":"http:\/\/klubmamgdynia.pl\/index.php\/wp-json\/wp\/v2\/types\/product"}],"replies":[{"embeddable":true,"href":"http:\/\/klubmamgdynia.pl\/index.php\/wp-json\/wp\/v2\/comments?post=8329"}],"wp:featuredmedia":[{"embeddable":true,"href":"http:\/\/klubmamgdynia.pl\/index.php\/wp-json\/wp\/v2\/media\/8330"}],"wp:attachment":[{"href":"http:\/\/klubmamgdynia.pl\/index.php\/wp-json\/wp\/v2\/media?parent=8329"}],"wp:term":[{"taxonomy":"product_cat","embeddable":true,"href":"http:\/\/klubmamgdynia.pl\/index.php\/wp-json\/wp\/v2\/product_cat?post=8329"},{"taxonomy":"product_tag","embeddable":true,"href":"http:\/\/klubmamgdynia.pl\/index.php\/wp-json\/wp\/v2\/product_tag?post=8329"}],"curies":[{"name":"wp","href":"https:\/\/api.w.org\/{rel}","templated":true}]}}