{"id":8331,"date":"2015-07-05T07:14:45","date_gmt":"2015-07-05T05:14:45","guid":{"rendered":"http:\/\/klubmamgdynia.pl\/index.php\/produkt\/janod-zestaw-figurek-do-kapieli-ksiezniczka-i-swiecacy-jednorozec\/"},"modified":"2026-04-30T14:43:11","modified_gmt":"2026-04-30T12:43:11","slug":"janod-zestaw-figurek-do-kapieli-ksiezniczka-i-swiecacy-jednorozec","status":"publish","type":"product","link":"http:\/\/klubmamgdynia.pl\/index.php\/produkt\/janod-zestaw-figurek-do-kapieli-ksiezniczka-i-swiecacy-jednorozec\/","title":{"rendered":"Janod Zestaw Figurek Do K\u0105pieli Ksi\u0119\u017cniczka I \u015awiec\u0105cy Jednoro\u017cec"},"content":{"rendered":"<p>Zestaw uroczych figurek do k\u0105pieli francuskiej marki JANOD to dwie wytrzyma\u0142e zabawki z wodoodpornego tworzywa. W sk\u0142ad kompletu wchodz\u0105: ksi\u0119\u017cniczka i jednoro\u017cec \u2013 mi\u0119kkie, por\u0119czne, przyjemne w dotyku. Po \u015bci\u015bni\u0119ciu i nape\u0142nieniu wod\u0105, tryskaj\u0105, a jednoro\u017cec ma dodatkowo wbudowane wewn\u0105trz \u015bwiate\u0142ko, kt\u00f3re aktywuje si\u0119 w wodzie. Zabawki maj\u0105 intensywne, \u0142adne kolory. Tworzenie opowie\u015bci o ich przygodach to doskona\u0142y spos\u00f3b na wyciszenie i idealny umilacz czasu, sp\u0119dzanego w wannie. Zabawk\u0119 zaprojektowano we Francji. Zapakowana jest w estetyczne pude\u0142ko z uchwytem. Idealnie nadaje si\u0119 na prezent.Kolekcja do k\u0105pieli JANOD to seria pi\u0119knych wodoodpornych zabawek dla maluszk\u00f3w. Sk\u0142adaj\u0105 si\u0119 na ni\u0105 m.in. sympatyczne zwierzaczki, puzzle, \u0142\u00f3dki, a nawet artyku\u0142y plastyczne. Dzi\u0119ki nim czas k\u0105pieli jest zawsze wype\u0142niony rado\u015bci\u0105 i eksperymentami, a przy tym rozbudza dzieci\u0119c\u0105 wyobra\u017ani\u0119.Zabawka rozwija:\u2022 ch\u0119\u0107 odkrywania i eksperymentowania\u2022 ma\u0142\u0105 motoryk\u0119\u2022 wyobra\u017ani\u0119, pomys\u0142owo\u015b\u0107 i kreatywno\u015b\u0107kategoria: zabawki edukacyjneseria: do k\u0105pieliindeks: J04706producent: Janodwiek: 10 miesi\u0119cy +liczba element\u00f3w: 2materia\u0142: plastikdesign: Francjawymiary produktu: jednoro\u017cec 5,5 x 5,1 x 7,1waga produktu: 0,1 kgwymiary opakowania: 13 x 6 x 13 cmbezpiecze\u0144stwo i jako\u015b\u0107: EN71-1; EN71-2, EN71-3; REACHJanod od 1970 roku niezmiennie projektuje zabawki, \u0142\u0105cz\u0105ce innowacyjno\u015b\u0107 z francuskim designem i najwy\u017csz\u0105 jako\u015bci\u0105. Unikalne produkty Janod tworzone s\u0105 z drewna i innych solidnych, trwa\u0142ych materia\u0142\u00f3w, a przede wszystkim \u2013 z dzieci\u0119cych marze\u0144! Janod \u2013 JUST PLAY<\/p>\n<h2>Janod Zestaw Figurek Do K\u0105pieli Ksi\u0119\u017cniczka I \u015awiec\u0105cy Jednoro\u017cec Janod<\/h2>\n<p>trudne zagadki z odpowiedziami, litery kolorowanka, aneta, cytaty dziecko, wzory dyplom\u00f3w dyplomy do druku, anastazja imi\u0119, krzy\u017c\u00f3wki dla dzieci, kolorowanki miasto dzieci, wroc\u0142aw atrakcje dla m\u0142odzie\u017cy, darmowe bajki dla dzieci, kolorowanka spiderman, kajko i kokosz szko\u0142a latania test z odpowiedziami, justyna imi\u0119, origami dla dzieci, piosenka dla taty przedszkole, inteligentne zagadki, z\u0142ote my\u015bli kr\u00f3tkie, kolorowanki wakacje, sa\u0142atki dla dzieci, ma\u0142y ksi\u0105\u017c\u0119 sprawdzian<\/p>\n<p>yyyyy<\/p>\n<p>&nbsp;<\/p>\n","protected":false},"excerpt":{"rendered":"<p>Zestaw uroczych figurek do k\u0105pieli francuskiej marki JANOD to dwie wytrzyma\u0142e zabawki z wodoodpornego tworzywa. W sk\u0142ad kompletu wchodz\u0105: ksi\u0119\u017cniczka i jednoro\u017cec \u2013 mi\u0119kkie, por\u0119czne, przyjemne w dotyku. Po \u015bci\u015bni\u0119ciu i nape\u0142nieniu wod\u0105, tryskaj\u0105, a jednoro\u017cec ma dodatkowo wbudowane wewn\u0105trz \u015bwiate\u0142ko, kt\u00f3re aktywuje si\u0119 w wodzie. Zabawki maj\u0105 intensywne, \u0142adne kolory. Tworzenie opowie\u015bci o ich [&hellip;]<\/p>\n","protected":false},"featured_media":8332,"comment_status":"closed","ping_status":"open","template":"","meta":[],"product_cat":[557,1498],"product_tag":[728,643,620,809],"class_list":["post-8331","product","type-product","status-publish","has-post-thumbnail","hentry","product_cat-janod","product_cat-zabawki-do-kapieli","product_tag-bezwarunkowa-milosc-do-dziecka-cytaty","product_tag-prezent-dla-17-latki","product_tag-quiz-opowiesci-z-narnii","product_tag-zagadki"],"_links":{"self":[{"href":"http:\/\/klubmamgdynia.pl\/index.php\/wp-json\/wp\/v2\/product\/8331","targetHints":{"allow":["GET"]}}],"collection":[{"href":"http:\/\/klubmamgdynia.pl\/index.php\/wp-json\/wp\/v2\/product"}],"about":[{"href":"http:\/\/klubmamgdynia.pl\/index.php\/wp-json\/wp\/v2\/types\/product"}],"replies":[{"embeddable":true,"href":"http:\/\/klubmamgdynia.pl\/index.php\/wp-json\/wp\/v2\/comments?post=8331"}],"wp:featuredmedia":[{"embeddable":true,"href":"http:\/\/klubmamgdynia.pl\/index.php\/wp-json\/wp\/v2\/media\/8332"}],"wp:attachment":[{"href":"http:\/\/klubmamgdynia.pl\/index.php\/wp-json\/wp\/v2\/media?parent=8331"}],"wp:term":[{"taxonomy":"product_cat","embeddable":true,"href":"http:\/\/klubmamgdynia.pl\/index.php\/wp-json\/wp\/v2\/product_cat?post=8331"},{"taxonomy":"product_tag","embeddable":true,"href":"http:\/\/klubmamgdynia.pl\/index.php\/wp-json\/wp\/v2\/product_tag?post=8331"}],"curies":[{"name":"wp","href":"https:\/\/api.w.org\/{rel}","templated":true}]}}