{"id":8353,"date":"2013-07-29T18:35:39","date_gmt":"2013-07-29T16:35:39","guid":{"rendered":"http:\/\/klubmamgdynia.pl\/index.php\/produkt\/karrimor-spike-low-k950-bkr-czarny-czerwony\/"},"modified":"2026-04-05T22:09:11","modified_gmt":"2026-04-05T20:09:11","slug":"karrimor-spike-low-k950-bkr-czarny-czerwony","status":"publish","type":"product","link":"http:\/\/klubmamgdynia.pl\/index.php\/produkt\/karrimor-spike-low-k950-bkr-czarny-czerwony\/","title":{"rendered":"Karrimor Spike Low K950 Bkr Czarny Czerwony"},"content":{"rendered":"<p>Karrimor Spike Low K950 BkrButy Karrimor pe\u0142ne zaawansowanych technologii.THINSULATE \u2013 technologia izolacyjnaTechnologia stworzona 25 lat temu, zapewnia doskona\u0142\u0105 izolacj\u0119, chroni przed zimnem. To po\u0142\u0105czenie filcu, puchu oraz g\u0105bki tworz\u0105ce najl\u017cejsz\u0105 syntetyczn\u0105 izolacj\u0119 na rynku.Izolacja Thinsulate zapewnia komfort przy d\u0142ugotrwa\u0142ym u\u017cytkowaniu, ma tak\u017ce zdolno\u015b\u0107 zatrzymywania ciep\u0142a w przypadku dostania si\u0119 wilgoci, absorbuje wod\u0119.                            <\/p>\n<p>FRAME FLEXTechnologia zastosowana w podeszwie \u015brodkowej, zapewnia 3 wymiarowe wsparcie dla stopy, sztywno\u015b\u0107 oraz amortyzacj\u0119 przy zginaniu w trakcie chodzenia czy biegania.Technologia Frameflex jest odpowiednio dostosowana do modeli damskich i m\u0119skich.DYNAGRIP*COMPOUNDWysokiej jako\u015bci mieszanka gumy powoduje \u017ce podeszwa Dynagrip \u015bwietnie nadaje si\u0119 na r\u00f3\u017cnego rodzaju powierzchni\u0119.*TRACTION&#8221;\u017b\u0142obienia&#8221; w cz\u0119\u015bci podeszwy przy pi\u0119cie, zapewniaj\u0105 op\u00f3r i wspomagaj\u0105 hamowanie.*CONTROLZewn\u0119trzna podeszwa jest idealnie zbalansowana by jak najlepiej dopasowa\u0107 si\u0119 do pod\u0142o\u017ca.*GRIPMaksymalne dopasowanie do terenu zapewnia geometryczna, wzmocniona przednia cz\u0119\u015b\u0107 podeszwy.*SUPPORT&amp;FLEXBruzdy przy zgi\u0119ciach podeszwy zapewniaj\u0105 stabilizacj\u0119 podudzia.*PROPULSIONWspiera stop\u0119 przy szybkim chodzeniu, zapewnia amortyzacj\u0119 i stabilizacj\u0119.                            <\/p>\n<p>WEATHERTITE1) Wierzchnia warstwa chroni przed pierwiastkami zewn\u0119trznymi.2) Trwa\u0142a warstwa odpychaj\u0105ca wod\u0119.3) Ochronna dzianina.4) Warstwa wodoodpornej membrany.5) Warstwa izolacyjna.6) Wy\u015bci\u00f3\u0142ka wewn\u0119trzna.7) Oddychaj\u0105ca warstwa pozwalaj\u0105ca na odprowadzanie wilgoci z buta.<\/p>\n<h2>Karrimor Spike Low K950 Bkr Czarny Czerwony Karrimor<\/h2>\n<p>basen warszawa, dobranoc pch\u0142y na noc, quiz o flagach, maska kota do druku, zima z\u0142a tekst<\/p>\n<p>yyyyy<\/p>\n<p>&nbsp;<\/p>\n","protected":false},"excerpt":{"rendered":"<p>Karrimor Spike Low K950 BkrButy Karrimor pe\u0142ne zaawansowanych technologii.THINSULATE \u2013 technologia izolacyjnaTechnologia stworzona 25 lat temu, zapewnia doskona\u0142\u0105 izolacj\u0119, chroni przed zimnem. To po\u0142\u0105czenie filcu, puchu oraz g\u0105bki tworz\u0105ce najl\u017cejsz\u0105 syntetyczn\u0105 izolacj\u0119 na rynku.Izolacja Thinsulate zapewnia komfort przy d\u0142ugotrwa\u0142ym u\u017cytkowaniu, ma tak\u017ce zdolno\u015b\u0107 zatrzymywania ciep\u0142a w przypadku dostania si\u0119 wilgoci, absorbuje wod\u0119. FRAME FLEXTechnologia zastosowana [&hellip;]<\/p>\n","protected":false},"featured_media":8354,"comment_status":"closed","ping_status":"open","template":"","meta":[],"product_cat":[277,1712],"product_tag":[685,867,780,842,590,738],"class_list":["post-8353","product","type-product","status-publish","has-post-thumbnail","hentry","product_cat-buty-trekkingowe","product_cat-karrimor","product_tag-cytaty-o-rodzinie","product_tag-kolorowanki-dla-dziewczynek","product_tag-krecik-bajka","product_tag-plac-zabaw-poznan","product_tag-plac-zabaw-warszawa","product_tag-wroclaw-dla-dzieci"],"_links":{"self":[{"href":"http:\/\/klubmamgdynia.pl\/index.php\/wp-json\/wp\/v2\/product\/8353","targetHints":{"allow":["GET"]}}],"collection":[{"href":"http:\/\/klubmamgdynia.pl\/index.php\/wp-json\/wp\/v2\/product"}],"about":[{"href":"http:\/\/klubmamgdynia.pl\/index.php\/wp-json\/wp\/v2\/types\/product"}],"replies":[{"embeddable":true,"href":"http:\/\/klubmamgdynia.pl\/index.php\/wp-json\/wp\/v2\/comments?post=8353"}],"wp:featuredmedia":[{"embeddable":true,"href":"http:\/\/klubmamgdynia.pl\/index.php\/wp-json\/wp\/v2\/media\/8354"}],"wp:attachment":[{"href":"http:\/\/klubmamgdynia.pl\/index.php\/wp-json\/wp\/v2\/media?parent=8353"}],"wp:term":[{"taxonomy":"product_cat","embeddable":true,"href":"http:\/\/klubmamgdynia.pl\/index.php\/wp-json\/wp\/v2\/product_cat?post=8353"},{"taxonomy":"product_tag","embeddable":true,"href":"http:\/\/klubmamgdynia.pl\/index.php\/wp-json\/wp\/v2\/product_tag?post=8353"}],"curies":[{"name":"wp","href":"https:\/\/api.w.org\/{rel}","templated":true}]}}