{"id":8355,"date":"2024-05-20T09:57:20","date_gmt":"2024-05-20T07:57:20","guid":{"rendered":"http:\/\/klubmamgdynia.pl\/?post_type=product&#038;p=8355"},"modified":"2026-04-21T01:48:14","modified_gmt":"2026-04-20T23:48:14","slug":"ramiz-drewniany-zestaw-instrumentow","status":"publish","type":"product","link":"http:\/\/klubmamgdynia.pl\/index.php\/produkt\/ramiz-drewniany-zestaw-instrumentow\/","title":{"rendered":"Ramiz Drewniany Zestaw Instrument\u00f3w"},"content":{"rendered":"<h2>Ramiz Drewniany Zestaw Instrument\u00f3w Ramiz<\/h2>\n<p>w uk\u0142adzie s\u0142onecznym, kolorowanka spongebob, kontynenty do druku, kolorowe ciasto, natan imi\u0119, dalia imi\u0119, prezent dla nastoletniego ch\u0142opca, zagadki na inteligencj\u0119, znaki drogowe quizy, dyplomy szablony pdf, prezenty urodzinowe dla nastolatk\u00f3w, kr\u00f3tkie zagadki dla doros\u0142ych, znaki drogowe test, pi\u0119kne cytaty o nauczycielach, prezent dla 15 latka, pierwsze urodziny prezent na roczek dla ch\u0142opca, w\u0142ochy<\/p>\n<p>yyyyy<\/p>\n<p>&nbsp;<\/p>\n","protected":false},"excerpt":{"rendered":"<p>Ramiz Drewniany Zestaw Instrument\u00f3w Ramiz w uk\u0142adzie s\u0142onecznym, kolorowanka spongebob, kontynenty do druku, kolorowe ciasto, natan imi\u0119, dalia imi\u0119, prezent dla nastoletniego ch\u0142opca, zagadki na inteligencj\u0119, znaki drogowe quizy, dyplomy szablony pdf, prezenty urodzinowe dla nastolatk\u00f3w, kr\u00f3tkie zagadki dla doros\u0142ych, znaki drogowe test, pi\u0119kne cytaty o nauczycielach, prezent dla 15 latka, pierwsze urodziny prezent na [&hellip;]<\/p>\n","protected":false},"featured_media":8356,"comment_status":"closed","ping_status":"open","template":"","meta":[],"product_cat":[36,155],"product_tag":[785,705,799],"class_list":["post-8355","product","type-product","status-publish","has-post-thumbnail","hentry","product_cat-ramiz","product_cat-zabawki-muzyczne","product_tag-prezent-dla-nastolatkow","product_tag-prezent-na-roczek-dla-chlopca","product_tag-zagadka-logiczna"],"_links":{"self":[{"href":"http:\/\/klubmamgdynia.pl\/index.php\/wp-json\/wp\/v2\/product\/8355","targetHints":{"allow":["GET"]}}],"collection":[{"href":"http:\/\/klubmamgdynia.pl\/index.php\/wp-json\/wp\/v2\/product"}],"about":[{"href":"http:\/\/klubmamgdynia.pl\/index.php\/wp-json\/wp\/v2\/types\/product"}],"replies":[{"embeddable":true,"href":"http:\/\/klubmamgdynia.pl\/index.php\/wp-json\/wp\/v2\/comments?post=8355"}],"wp:featuredmedia":[{"embeddable":true,"href":"http:\/\/klubmamgdynia.pl\/index.php\/wp-json\/wp\/v2\/media\/8356"}],"wp:attachment":[{"href":"http:\/\/klubmamgdynia.pl\/index.php\/wp-json\/wp\/v2\/media?parent=8355"}],"wp:term":[{"taxonomy":"product_cat","embeddable":true,"href":"http:\/\/klubmamgdynia.pl\/index.php\/wp-json\/wp\/v2\/product_cat?post=8355"},{"taxonomy":"product_tag","embeddable":true,"href":"http:\/\/klubmamgdynia.pl\/index.php\/wp-json\/wp\/v2\/product_tag?post=8355"}],"curies":[{"name":"wp","href":"https:\/\/api.w.org\/{rel}","templated":true}]}}