{"id":8363,"date":"2019-09-17T06:00:56","date_gmt":"2019-09-17T04:00:56","guid":{"rendered":"http:\/\/klubmamgdynia.pl\/index.php\/produkt\/among-us-ejected-edition-gra-xbox-series-x\/"},"modified":"2026-04-23T01:09:21","modified_gmt":"2026-04-22T23:09:21","slug":"among-us-ejected-edition-gra-xbox-series-x","status":"publish","type":"product","link":"http:\/\/klubmamgdynia.pl\/index.php\/produkt\/among-us-ejected-edition-gra-xbox-series-x\/","title":{"rendered":"Among Us Ejected Edition (Gra Xbox Series X)"},"content":{"rendered":"<p>Among Us to zabawna, dwuwymiarowa gra multiplayerowa, kt\u00f3ra wymyka si\u0119 klasyfikacjom gatunkowym. Zajmujemy si\u0119 w niej przygotowywaniem statku kosmicznego do odlotu \u2013 r\u00f3wnocze\u015bnie wsp\u00f3\u0142pracujemy i rywalizujemy z innymi graczami. Tytu\u0142 zosta\u0142 opracowany i wydany przez niezale\u017cne studio Innersloth.<\/p>\n<p>W Among Us akcj\u0119 obserwujemy z g\u00f3ry \u2013 z tzw. perspektywy top-down. Jest to nietypowa produkcja, w kt\u00f3rej naszym zadaniem jest przygotowanie statku kosmicznego do odlotu. Wymaga to wsp\u00f3\u0142pracy z innymi uczestnikami zabawy \u2013 wsp\u00f3lnie wykonujemy r\u00f3\u017cnorakie zadania, dzi\u0119ki czemu nape\u0142niamy specjalny pasek.<\/p>\n<p>Jednak musimy by\u0107 ostro\u017cni \u2013 w grupie kryj\u0105 si\u0119 bowiem sabota\u017cy\u015bci, kt\u00f3rych zadaniem jest pokrzy\u017cowanie nam szyk\u00f3w. Musimy ca\u0142y czas obserwowa\u0107 map\u0119 i obrazy z kamer, by przygl\u0105da\u0107 si\u0119 temu, co robi\u0105 inni gracze. Co ciekawe, alternatywnym sposobem zako\u0144czenia zabawy jest znalezienie i wyrzucenie ze statku wszystkich ukrytych wrog\u00f3w.<\/p>\n<p>Sabota\u017cy\u015bci mog\u0105 psu\u0107 r\u00f3\u017cne elementy statku, a nawet zabija\u0107 cz\u0142onk\u00f3w za\u0142ogi. Grupy maj\u0105 mo\u017cliwo\u015b\u0107 zwo\u0142ywania spotyka\u0144, na kt\u00f3rych dyskutowane s\u0105 wydarzenia i odbywa si\u0119 g\u0142osowanie, kto zostanie wyrzucony ze statku.<\/p>\n<p>Warto odnotowa\u0107, \u017ce gra pozwala na dostosowanie zar\u00f3wno postaci, kt\u00f3r\u0105 gramy (mo\u017cemy zmieni\u0107 kolor i czapk\u0119), jak i rozmaitych mechanik (np. poprzez dodanie wi\u0119kszej liczby sabota\u017cyst\u00f3w lub zada\u0144). Among Us posiada bardzo prost\u0105, dwuwymiarow\u0105 grafik\u0119. Oprawa nie zachwyca, ale jest przejrzysta i dobrze oddaje humorystyczn\u0105 natur\u0119 gry. Gra nie zawiera mikrotransakcji, lecz jako DLC mo\u017cna kupi\u0107 rozmaite dodatki kosmetyczne, takie jak sk\u00f3rki czy pety (np. male\u0144kiego chomika w kulistym terrarium).<\/p>\n<h2>Among Us Ejected Edition (Gra Xbox Series X) Maximum Games<\/h2>\n<p>rezolutna dziewczynka z wiersza tuwima, \u0142amig\u0142\u00f3wki matematyczne, kalina imi\u0119, test z opowie\u015bci z narnii lew czarownica i stara szafa, karty pracy polsko ukrai\u0144skie, jak narysowa\u0107 konia, kolorowanki kotki do druku, kolorowe kredki tekst, zabawy dla 5 latka, atrakcje dla dzieci we wroc\u0142awiu, imi\u0119 natan, zagadki na inteligencje, kolorowanki dla dziewczynek, m\u0105dre prezenty dla 7 latki, nasza zima z\u0142a tekst, ry\u017c z owocami, kolorowanki do druku dla dziewczyn, kolorowanki do druku dla ch\u0142opc\u00f3w, zagadki o zwierz\u0119tach wiejskich, podchwytliwe zagadki na inteligencj\u0119, linda<\/p>\n<p>yyyyy<\/p>\n<p>&nbsp;<\/p>\n","protected":false},"excerpt":{"rendered":"<p>Among Us to zabawna, dwuwymiarowa gra multiplayerowa, kt\u00f3ra wymyka si\u0119 klasyfikacjom gatunkowym. Zajmujemy si\u0119 w niej przygotowywaniem statku kosmicznego do odlotu \u2013 r\u00f3wnocze\u015bnie wsp\u00f3\u0142pracujemy i rywalizujemy z innymi graczami. Tytu\u0142 zosta\u0142 opracowany i wydany przez niezale\u017cne studio Innersloth. W Among Us akcj\u0119 obserwujemy z g\u00f3ry \u2013 z tzw. perspektywy top-down. Jest to nietypowa produkcja, w [&hellip;]<\/p>\n","protected":false},"featured_media":8364,"comment_status":"closed","ping_status":"open","template":"","meta":[],"product_cat":[377,379],"product_tag":[871,671,686,643,599],"class_list":["post-8363","product","type-product","status-publish","has-post-thumbnail","hentry","product_cat-gry-xbox-series-x","product_cat-maximum-games","product_tag-bajka-o-smoku-wawelskim","product_tag-cicha-noc-po-angielsku-tekst","product_tag-co-na-roczek-dla-chlopca","product_tag-prezent-dla-17-latki","product_tag-prezent-dla-nastolatkow-2021"],"_links":{"self":[{"href":"http:\/\/klubmamgdynia.pl\/index.php\/wp-json\/wp\/v2\/product\/8363","targetHints":{"allow":["GET"]}}],"collection":[{"href":"http:\/\/klubmamgdynia.pl\/index.php\/wp-json\/wp\/v2\/product"}],"about":[{"href":"http:\/\/klubmamgdynia.pl\/index.php\/wp-json\/wp\/v2\/types\/product"}],"replies":[{"embeddable":true,"href":"http:\/\/klubmamgdynia.pl\/index.php\/wp-json\/wp\/v2\/comments?post=8363"}],"wp:featuredmedia":[{"embeddable":true,"href":"http:\/\/klubmamgdynia.pl\/index.php\/wp-json\/wp\/v2\/media\/8364"}],"wp:attachment":[{"href":"http:\/\/klubmamgdynia.pl\/index.php\/wp-json\/wp\/v2\/media?parent=8363"}],"wp:term":[{"taxonomy":"product_cat","embeddable":true,"href":"http:\/\/klubmamgdynia.pl\/index.php\/wp-json\/wp\/v2\/product_cat?post=8363"},{"taxonomy":"product_tag","embeddable":true,"href":"http:\/\/klubmamgdynia.pl\/index.php\/wp-json\/wp\/v2\/product_tag?post=8363"}],"curies":[{"name":"wp","href":"https:\/\/api.w.org\/{rel}","templated":true}]}}