{"id":8375,"date":"2017-07-20T23:50:25","date_gmt":"2017-07-20T21:50:25","guid":{"rendered":"http:\/\/klubmamgdynia.pl\/index.php\/produkt\/collecta-akcesoria-drzewo-williamsonia\/"},"modified":"2026-05-17T22:23:25","modified_gmt":"2026-05-17T20:23:25","slug":"collecta-akcesoria-drzewo-williamsonia","status":"publish","type":"product","link":"http:\/\/klubmamgdynia.pl\/index.php\/produkt\/collecta-akcesoria-drzewo-williamsonia\/","title":{"rendered":"Collecta Akcesoria Drzewo Williamsonia"},"content":{"rendered":"<p>DRZEWO KAKUTS WILLIAMSONIA &#8211; CollectA &#8211; 89400R\u0119cznie malowane drzewo, wygl\u0105da bardzo naturalnie pod ka\u017cdym wzgl\u0119dem i stanowi wspania\u0142y dodatek do kolekcji ka\u017cdego dziecka.Zapraszamy do zapoznania si\u0119 z pozosta\u0142ymi naszymi ofertami, na kt\u00f3rych odkryjecie magiczny \u015bwiat figurek.Wymiary pude\u0142ka to 7.5cm x 5.8cm x 13cmWaga 132 gram.Dozwolone dla dzieci od lat trzech.Stw\u00f3rz naturalny \u015bwiat w miniaturze dzi\u0119ki wysokiej jako\u015bci replikom zabawek dla dzieci marki CollectA.CollectA jest jednym z najbardziej znanych producent\u00f3w replik zwierz\u0105t na \u015bwiecie.Dzieci bawi\u0105c si\u0119 tymi figurkami dowiaduj\u0105 si\u0119 wi\u0119cej o zwierz\u0119tach i ich otoczeniu a jednocze\u015bnie dobrze si\u0119 bawi\u0105.Odgrywanie r\u00f3l zach\u0119ca do rozwijania wyobra\u017ani i kreatywno\u015bci dziecka.Wszystkie modele CollectA s\u0105 wykonane zgodnie z najwy\u017cszymi standardami i wykonane z wysokiej jako\u015bci materia\u0142\u00f3w, bezpiecznych dla zdrowia.<\/p>\n<h2>Collecta Akcesoria Drzewo Williamsonia Collecta<\/h2>\n<p>zagadki wielkanocne dla dzieci, kolorowanki pikachu, ja\u015bmina imi\u0119, zabawki na roczek dla ch\u0142opca, dla nastolatk\u00f3w prezenty, piosenka na dzie\u0144 nauczyciela przedszkole, cytat o rodzinie, prezent dla nastolatk\u00f3w ch\u0142opc\u00f3w, piosenka dla taty przedszkole, cytaty o dziecku i mamie, wroc\u0142aw atrakcje dla dzieci, zaj\u0105czek z jajka ugotowanego, impreza halloween 2021 dla dzieci, ja\u015bmina, gad\u017cety dla nastolatk\u00f3w 2021, bajki o ksi\u0119\u017cniczkach do czytania, warszawa dla dzieci, karty pracy dla dzieci z ukrainy pdf<\/p>\n<p>yyyyy<\/p>\n<p>&nbsp;<\/p>\n","protected":false},"excerpt":{"rendered":"<p>DRZEWO KAKUTS WILLIAMSONIA &#8211; CollectA &#8211; 89400R\u0119cznie malowane drzewo, wygl\u0105da bardzo naturalnie pod ka\u017cdym wzgl\u0119dem i stanowi wspania\u0142y dodatek do kolekcji ka\u017cdego dziecka.Zapraszamy do zapoznania si\u0119 z pozosta\u0142ymi naszymi ofertami, na kt\u00f3rych odkryjecie magiczny \u015bwiat figurek.Wymiary pude\u0142ka to 7.5cm x 5.8cm x 13cmWaga 132 gram.Dozwolone dla dzieci od lat trzech.Stw\u00f3rz naturalny \u015bwiat w miniaturze dzi\u0119ki [&hellip;]<\/p>\n","protected":false},"featured_media":8376,"comment_status":"closed","ping_status":"open","template":"","meta":[],"product_cat":[490,95],"product_tag":[847,590,764],"class_list":["post-8375","product","type-product","status-publish","has-post-thumbnail","hentry","product_cat-collecta","product_cat-figurki-makiety-i-zestawy","product_tag-kolorowanki-pokemon","product_tag-plac-zabaw-warszawa","product_tag-prezenty-na-roczek-dla-dziewczynki"],"_links":{"self":[{"href":"http:\/\/klubmamgdynia.pl\/index.php\/wp-json\/wp\/v2\/product\/8375","targetHints":{"allow":["GET"]}}],"collection":[{"href":"http:\/\/klubmamgdynia.pl\/index.php\/wp-json\/wp\/v2\/product"}],"about":[{"href":"http:\/\/klubmamgdynia.pl\/index.php\/wp-json\/wp\/v2\/types\/product"}],"replies":[{"embeddable":true,"href":"http:\/\/klubmamgdynia.pl\/index.php\/wp-json\/wp\/v2\/comments?post=8375"}],"wp:featuredmedia":[{"embeddable":true,"href":"http:\/\/klubmamgdynia.pl\/index.php\/wp-json\/wp\/v2\/media\/8376"}],"wp:attachment":[{"href":"http:\/\/klubmamgdynia.pl\/index.php\/wp-json\/wp\/v2\/media?parent=8375"}],"wp:term":[{"taxonomy":"product_cat","embeddable":true,"href":"http:\/\/klubmamgdynia.pl\/index.php\/wp-json\/wp\/v2\/product_cat?post=8375"},{"taxonomy":"product_tag","embeddable":true,"href":"http:\/\/klubmamgdynia.pl\/index.php\/wp-json\/wp\/v2\/product_tag?post=8375"}],"curies":[{"name":"wp","href":"https:\/\/api.w.org\/{rel}","templated":true}]}}