{"id":8381,"date":"2024-03-17T14:35:29","date_gmt":"2024-03-17T13:35:29","guid":{"rendered":"http:\/\/klubmamgdynia.pl\/?post_type=product&#038;p=8381"},"modified":"2026-04-04T21:55:47","modified_gmt":"2026-04-04T19:55:47","slug":"dragon-quest-treasures-gra-ns","status":"publish","type":"product","link":"http:\/\/klubmamgdynia.pl\/index.php\/produkt\/dragon-quest-treasures-gra-ns\/","title":{"rendered":"Dragon Quest Treasures (Gra NS)"},"content":{"rendered":"<p>Erik i jego siostra Mia \u017cyj\u0105 na statku Wiking\u00f3w, marz\u0105c o dniu, w kt\u00f3rym b\u0119d\u0105 mogli przemierza\u0107 \u015bwiat w poszukiwaniu wielkich skarb\u00f3w. Pewnej nocy spotykaj\u0105 par\u0119 istot z innego \u015bwiata, Porcusa i Purrsul\u0119, i zostaj\u0105 zabrani do tajemniczego miejsca znanego jako Draconia &#8211; legendarnej krainy pe\u0142nej skarb\u00f3w, kt\u00f3re tylko czekaj\u0105 na odkrycie. Przygoda, o kt\u00f3rej Erik i Mia zawsze marzyli, wreszcie si\u0119 rozpocz\u0119\u0142a!<\/p>\n<h2>Dragon Quest Treasures (Gra NS) Square Enix<\/h2>\n<p>kolorowanka my little pony, peppa do czytania, quiz o \u015bwi\u0119tach bo\u017cego narodzenia, przedszkole drugi dom, bursztynek bursztynek, plecak torba i walizka, jakie s\u0105 dary jesieni, imiona \u017ce\u0144skie nietypowe, quiz o zwierz\u0119tach domowych, \u015bmieszne kanapki kanapki dla dzieci, pokemon kolorowanka, elzbieta imie, imiona dla ch\u0142opc\u00f3w, kolorowanki kotka, pomysl na prezent na roczek<\/p>\n<p>yyyyy<\/p>\n<p>&nbsp;<\/p>\n","protected":false},"excerpt":{"rendered":"<p>Erik i jego siostra Mia \u017cyj\u0105 na statku Wiking\u00f3w, marz\u0105c o dniu, w kt\u00f3rym b\u0119d\u0105 mogli przemierza\u0107 \u015bwiat w poszukiwaniu wielkich skarb\u00f3w. Pewnej nocy spotykaj\u0105 par\u0119 istot z innego \u015bwiata, Porcusa i Purrsul\u0119, i zostaj\u0105 zabrani do tajemniczego miejsca znanego jako Draconia &#8211; legendarnej krainy pe\u0142nej skarb\u00f3w, kt\u00f3re tylko czekaj\u0105 na odkrycie. Przygoda, o kt\u00f3rej [&hellip;]<\/p>\n","protected":false},"featured_media":8382,"comment_status":"closed","ping_status":"open","template":"","meta":[],"product_cat":[348,355],"product_tag":[797,711,653],"class_list":["post-8381","product","type-product","status-publish","has-post-thumbnail","hentry","product_cat-gry-nintendo-switch","product_cat-square-enix","product_tag-kiekrz","product_tag-prezenty-dla-nastolatkow","product_tag-warszawa-dla-dzieci"],"_links":{"self":[{"href":"http:\/\/klubmamgdynia.pl\/index.php\/wp-json\/wp\/v2\/product\/8381","targetHints":{"allow":["GET"]}}],"collection":[{"href":"http:\/\/klubmamgdynia.pl\/index.php\/wp-json\/wp\/v2\/product"}],"about":[{"href":"http:\/\/klubmamgdynia.pl\/index.php\/wp-json\/wp\/v2\/types\/product"}],"replies":[{"embeddable":true,"href":"http:\/\/klubmamgdynia.pl\/index.php\/wp-json\/wp\/v2\/comments?post=8381"}],"wp:featuredmedia":[{"embeddable":true,"href":"http:\/\/klubmamgdynia.pl\/index.php\/wp-json\/wp\/v2\/media\/8382"}],"wp:attachment":[{"href":"http:\/\/klubmamgdynia.pl\/index.php\/wp-json\/wp\/v2\/media?parent=8381"}],"wp:term":[{"taxonomy":"product_cat","embeddable":true,"href":"http:\/\/klubmamgdynia.pl\/index.php\/wp-json\/wp\/v2\/product_cat?post=8381"},{"taxonomy":"product_tag","embeddable":true,"href":"http:\/\/klubmamgdynia.pl\/index.php\/wp-json\/wp\/v2\/product_tag?post=8381"}],"curies":[{"name":"wp","href":"https:\/\/api.w.org\/{rel}","templated":true}]}}