{"id":8385,"date":"2012-06-25T14:51:16","date_gmt":"2012-06-25T12:51:16","guid":{"rendered":"http:\/\/klubmamgdynia.pl\/index.php\/produkt\/simba-toys-klocki-woz-strazacki-swinki-peppy-40-elementow-playbig-bloxx-57146\/"},"modified":"2026-04-06T16:58:21","modified_gmt":"2026-04-06T14:58:21","slug":"simba-toys-klocki-woz-strazacki-swinki-peppy-40-elementow-playbig-bloxx-57146","status":"publish","type":"product","link":"http:\/\/klubmamgdynia.pl\/index.php\/produkt\/simba-toys-klocki-woz-strazacki-swinki-peppy-40-elementow-playbig-bloxx-57146\/","title":{"rendered":"Simba Toys Klocki W\u00f3z Stra\u017cacki \u015awinki Peppy 40 Element\u00f3w Playbig Bloxx 57146"},"content":{"rendered":"<p>Big Bloxx 57146 \u015awinka Peppa Zestaw W\u00f3z stra\u017cackiZestaw w\u00f3z stra\u017cacki sk\u0142ada si\u0119 z 40 klock\u00f3w i 2 figurek: \u015awinki Peppy, taty.Zabawka przeznaczona dla dzieci od 18 miesi\u0105ca \u017cycia.<\/p>\n<h2>Simba Toys Klocki W\u00f3z Stra\u017cacki \u015awinki Peppy 40 Element\u00f3w Playbig Bloxx 57146 Big<\/h2>\n<p>zagadki nie do rozwi\u0105zania, pomys\u0142y na prezent dla nastolatk\u00f3w, maska kota do druku, zagadki dla dzieci 10 12 lat z odpowiedziami<\/p>\n<p>yyyyy<\/p>\n<p>&nbsp;<\/p>\n","protected":false},"excerpt":{"rendered":"<p>Big Bloxx 57146 \u015awinka Peppa Zestaw W\u00f3z stra\u017cackiZestaw w\u00f3z stra\u017cacki sk\u0142ada si\u0119 z 40 klock\u00f3w i 2 figurek: \u015awinki Peppy, taty.Zabawka przeznaczona dla dzieci od 18 miesi\u0105ca \u017cycia. Simba Toys Klocki W\u00f3z Stra\u017cacki \u015awinki Peppy 40 Element\u00f3w Playbig Bloxx 57146 Big zagadki nie do rozwi\u0105zania, pomys\u0142y na prezent dla nastolatk\u00f3w, maska kota do druku, zagadki [&hellip;]<\/p>\n","protected":false},"featured_media":8386,"comment_status":"closed","ping_status":"open","template":"","meta":[],"product_cat":[400,113],"product_tag":[730,590,762,741,634],"class_list":["post-8385","product","type-product","status-publish","has-post-thumbnail","hentry","product_cat-big","product_cat-klocki","product_tag-karyna","product_tag-plac-zabaw-warszawa","product_tag-trudne-zagadki-dla-dzieci","product_tag-wlochy","product_tag-zagadki-wielkanocne-dla-dzieci"],"_links":{"self":[{"href":"http:\/\/klubmamgdynia.pl\/index.php\/wp-json\/wp\/v2\/product\/8385","targetHints":{"allow":["GET"]}}],"collection":[{"href":"http:\/\/klubmamgdynia.pl\/index.php\/wp-json\/wp\/v2\/product"}],"about":[{"href":"http:\/\/klubmamgdynia.pl\/index.php\/wp-json\/wp\/v2\/types\/product"}],"replies":[{"embeddable":true,"href":"http:\/\/klubmamgdynia.pl\/index.php\/wp-json\/wp\/v2\/comments?post=8385"}],"wp:featuredmedia":[{"embeddable":true,"href":"http:\/\/klubmamgdynia.pl\/index.php\/wp-json\/wp\/v2\/media\/8386"}],"wp:attachment":[{"href":"http:\/\/klubmamgdynia.pl\/index.php\/wp-json\/wp\/v2\/media?parent=8385"}],"wp:term":[{"taxonomy":"product_cat","embeddable":true,"href":"http:\/\/klubmamgdynia.pl\/index.php\/wp-json\/wp\/v2\/product_cat?post=8385"},{"taxonomy":"product_tag","embeddable":true,"href":"http:\/\/klubmamgdynia.pl\/index.php\/wp-json\/wp\/v2\/product_tag?post=8385"}],"curies":[{"name":"wp","href":"https:\/\/api.w.org\/{rel}","templated":true}]}}