{"id":8389,"date":"2021-10-20T01:05:05","date_gmt":"2021-10-19T23:05:05","guid":{"rendered":"http:\/\/klubmamgdynia.pl\/index.php\/produkt\/minecraft-plastic-texture-pack-xbox-one-key\/"},"modified":"2026-04-03T21:00:35","modified_gmt":"2026-04-03T19:00:35","slug":"minecraft-plastic-texture-pack-xbox-one-key","status":"publish","type":"product","link":"http:\/\/klubmamgdynia.pl\/index.php\/produkt\/minecraft-plastic-texture-pack-xbox-one-key\/","title":{"rendered":"Minecraft Plastic Texture Pack (Xbox One Key)"},"content":{"rendered":"<p>Simple, colorful and vibrant. Transform the look of your worlds with this incredible texture set for your Minecraft game.<\/p>\n<h2>Minecraft Plastic Texture Pack (Xbox One Key) <\/h2>\n<p>psi patrol kolorowanka, miasto dzieci krak\u00f3w, znaczenie imiona kinga, prezent dla pi\u0119tnastolatka, kr\u00f3tkie zagadki dla dzieci, kawaly na prima aprilis, atrakcje dla dzieci wroc\u0142aw i okolice, dobranoc pch\u0142y na noc, karty pracy po ukrai\u0144sku, w\u0119gierska g\u00f3rka, zagadki dla dzieci logiczne, karty pracy dla uczni\u00f3w z ukrainy, dinozaury kolorowanki, prezent na urodziny dla nastolatk\u00f3w, warszawa z dzieckiem, literki dla dzieci<\/p>\n<p>yyyyy<\/p>\n<p>&nbsp;<\/p>\n","protected":false},"excerpt":{"rendered":"<p>Simple, colorful and vibrant. Transform the look of your worlds with this incredible texture set for your Minecraft game. Minecraft Plastic Texture Pack (Xbox One Key) psi patrol kolorowanka, miasto dzieci krak\u00f3w, znaczenie imiona kinga, prezent dla pi\u0119tnastolatka, kr\u00f3tkie zagadki dla dzieci, kawaly na prima aprilis, atrakcje dla dzieci wroc\u0142aw i okolice, dobranoc pch\u0142y na [&hellip;]<\/p>\n","protected":false},"featured_media":8390,"comment_status":"closed","ping_status":"open","template":"","meta":[],"product_cat":[381],"product_tag":[642,679,799,592],"class_list":["post-8389","product","type-product","status-publish","has-post-thumbnail","hentry","product_cat-gry-do-pobrania-na-xbox-one","product_tag-mia-imie","product_tag-zabawki-na-roczek-dla-dziewczynki","product_tag-zagadka-logiczna","product_tag-zagadki-dla-dzieci"],"_links":{"self":[{"href":"http:\/\/klubmamgdynia.pl\/index.php\/wp-json\/wp\/v2\/product\/8389","targetHints":{"allow":["GET"]}}],"collection":[{"href":"http:\/\/klubmamgdynia.pl\/index.php\/wp-json\/wp\/v2\/product"}],"about":[{"href":"http:\/\/klubmamgdynia.pl\/index.php\/wp-json\/wp\/v2\/types\/product"}],"replies":[{"embeddable":true,"href":"http:\/\/klubmamgdynia.pl\/index.php\/wp-json\/wp\/v2\/comments?post=8389"}],"wp:featuredmedia":[{"embeddable":true,"href":"http:\/\/klubmamgdynia.pl\/index.php\/wp-json\/wp\/v2\/media\/8390"}],"wp:attachment":[{"href":"http:\/\/klubmamgdynia.pl\/index.php\/wp-json\/wp\/v2\/media?parent=8389"}],"wp:term":[{"taxonomy":"product_cat","embeddable":true,"href":"http:\/\/klubmamgdynia.pl\/index.php\/wp-json\/wp\/v2\/product_cat?post=8389"},{"taxonomy":"product_tag","embeddable":true,"href":"http:\/\/klubmamgdynia.pl\/index.php\/wp-json\/wp\/v2\/product_tag?post=8389"}],"curies":[{"name":"wp","href":"https:\/\/api.w.org\/{rel}","templated":true}]}}