{"id":8401,"date":"2021-10-01T06:48:26","date_gmt":"2021-10-01T04:48:26","guid":{"rendered":"http:\/\/klubmamgdynia.pl\/index.php\/produkt\/ikonka-klocki-konstrukcyjne-sniezynki-zebatki-20szt\/"},"modified":"2026-05-01T17:43:43","modified_gmt":"2026-05-01T15:43:43","slug":"ikonka-klocki-konstrukcyjne-sniezynki-zebatki-20szt","status":"publish","type":"product","link":"http:\/\/klubmamgdynia.pl\/index.php\/produkt\/ikonka-klocki-konstrukcyjne-sniezynki-zebatki-20szt\/","title":{"rendered":"Ikonka Klocki Konstrukcyjne \u015anie\u017cynki Z\u0119batki 20Szt"},"content":{"rendered":"<p>KLOCKI KONSTRUKCYJNE \u015aNIE\u017bYNKOWE KULECZKIRewelacyjne klocki w kszta\u0142cie \u015bnie\u017cynek wykonane z plastiku.Klocki s\u0105 z\u0142o\u017cone w kul\u0119.Z klock\u00f3w mo\u017cna tworzy\u0107 najr\u00f3\u017cniejsze konstrukcje.Jedynym ograniczeniem jest wyobra\u017ania ma\u0142ego konstruktora i ilo\u015b\u0107 klock\u00f3w.Roz\u0142\u00f3\u017c kul\u0119 na p\u00f3\u0142 i zakr\u0119\u0107 jak tradycyjnym b\u0105czkiemDoskona\u0142y gad\u017cet odstresowuj\u0105cy. Zestaw zawiera 20 klock\u00f3w w r\u00f3\u017cnych rozmiarach.Dzi\u0119ki niewielkim rozmiarom mo\u017cesz mie\u0107 je zawsze przy sobie.Dost\u0119pne w r\u00f3\u017cnych kolorach.Kolory wybieramy losowoWymiar kuli: 6cm x 5cmEAN: 5903039720985Waga: 0.02 kg<\/p>\n<h2>Ikonka Klocki Konstrukcyjne \u015anie\u017cynki Z\u0119batki 20Szt Kik<\/h2>\n<p>kolorowanki samochody, traktor z przyczep\u0105 kolorowanka do druku, serce origami, ciasteczka na halloween dla dzieci, literki do druku, zaproszenia na urodziny do wydruku czarno bia\u0142e, znaczenie imienia julian, \u0142\u0105czenie kropek, pomys\u0142y na prezent dla nastolatk\u00f3w, zagadki dla dzieci 7 lat o zwierz\u0119tach, piosenki dla dzieci tekst, stare piosenki, prezenty dla 7 latka, zagadki dla dzieci z odpowiedziami, test miko\u0142ajek 25 pyta\u0144, darmowe kolorowanki kolorowanki dla dziewczynek<\/p>\n<p>yyyyy<\/p>\n<p>&nbsp;<\/p>\n","protected":false},"excerpt":{"rendered":"<p>KLOCKI KONSTRUKCYJNE \u015aNIE\u017bYNKOWE KULECZKIRewelacyjne klocki w kszta\u0142cie \u015bnie\u017cynek wykonane z plastiku.Klocki s\u0105 z\u0142o\u017cone w kul\u0119.Z klock\u00f3w mo\u017cna tworzy\u0107 najr\u00f3\u017cniejsze konstrukcje.Jedynym ograniczeniem jest wyobra\u017ania ma\u0142ego konstruktora i ilo\u015b\u0107 klock\u00f3w.Roz\u0142\u00f3\u017c kul\u0119 na p\u00f3\u0142 i zakr\u0119\u0107 jak tradycyjnym b\u0105czkiemDoskona\u0142y gad\u017cet odstresowuj\u0105cy. Zestaw zawiera 20 klock\u00f3w w r\u00f3\u017cnych rozmiarach.Dzi\u0119ki niewielkim rozmiarom mo\u017cesz mie\u0107 je zawsze przy sobie.Dost\u0119pne w r\u00f3\u017cnych [&hellip;]<\/p>\n","protected":false},"featured_media":8402,"comment_status":"closed","ping_status":"open","template":"","meta":[],"product_cat":[165,113],"product_tag":[688,780,747,795,651,672],"class_list":["post-8401","product","type-product","status-publish","has-post-thumbnail","hentry","product_cat-kik","product_cat-klocki","product_tag-kolysanki-tekst","product_tag-krecik-bajka","product_tag-malowanki-do-druku","product_tag-mini-zoo-warszawa","product_tag-quizy-online","product_tag-trudne-zagadki-z-odpowiedziami"],"_links":{"self":[{"href":"http:\/\/klubmamgdynia.pl\/index.php\/wp-json\/wp\/v2\/product\/8401","targetHints":{"allow":["GET"]}}],"collection":[{"href":"http:\/\/klubmamgdynia.pl\/index.php\/wp-json\/wp\/v2\/product"}],"about":[{"href":"http:\/\/klubmamgdynia.pl\/index.php\/wp-json\/wp\/v2\/types\/product"}],"replies":[{"embeddable":true,"href":"http:\/\/klubmamgdynia.pl\/index.php\/wp-json\/wp\/v2\/comments?post=8401"}],"wp:featuredmedia":[{"embeddable":true,"href":"http:\/\/klubmamgdynia.pl\/index.php\/wp-json\/wp\/v2\/media\/8402"}],"wp:attachment":[{"href":"http:\/\/klubmamgdynia.pl\/index.php\/wp-json\/wp\/v2\/media?parent=8401"}],"wp:term":[{"taxonomy":"product_cat","embeddable":true,"href":"http:\/\/klubmamgdynia.pl\/index.php\/wp-json\/wp\/v2\/product_cat?post=8401"},{"taxonomy":"product_tag","embeddable":true,"href":"http:\/\/klubmamgdynia.pl\/index.php\/wp-json\/wp\/v2\/product_tag?post=8401"}],"curies":[{"name":"wp","href":"https:\/\/api.w.org\/{rel}","templated":true}]}}