{"id":8441,"date":"2018-05-10T04:08:15","date_gmt":"2018-05-10T02:08:15","guid":{"rendered":"http:\/\/klubmamgdynia.pl\/index.php\/produkt\/hot-wheels-car-culture-mercedes-unimog-u1300-1988-gjp76\/"},"modified":"2026-05-17T21:59:42","modified_gmt":"2026-05-17T19:59:42","slug":"hot-wheels-car-culture-mercedes-unimog-u1300-1988-gjp76","status":"publish","type":"product","link":"http:\/\/klubmamgdynia.pl\/index.php\/produkt\/hot-wheels-car-culture-mercedes-unimog-u1300-1988-gjp76\/","title":{"rendered":"Hot Wheels Car Culture Mercedes Unimog U1300 1988 GJP76"},"content":{"rendered":"<p>Hot Wheels Car Culture Mercedes Unimog U1300 1988<\/p>\n<h2>Hot Wheels Car Culture Mercedes Unimog U1300 1988 GJP76 Hot Wheels<\/h2>\n<p>zagadki dla dzieci 10 lat, oryginalny prezent dla nastolatk\u00f3w, z\u0142ote my\u015bli o przyja\u017ani, esmeralda, b\u0105k ptak, imie aron, prezenty na urodziny dla nastolatk\u00f3w, jak dobra\u0107 narty dla dziecka, impreza halloween 2021 dla dzieci, postacie z bajek kolorowanki, wobies, prezent dla 15 latki, quiz dla dzieci, irma, miko\u0142ajki 2021 warszawa, rzadkie imiona japo\u0144skie, zagadki rymowanki dla dzieci, pytania o \u015bwi\u0119ta dla dzieci, quizy o miko\u0142ajku, kolorowanka lol do druku<\/p>\n<p>yyyyy<\/p>\n<p>&nbsp;<\/p>\n","protected":false},"excerpt":{"rendered":"<p>Hot Wheels Car Culture Mercedes Unimog U1300 1988 Hot Wheels Car Culture Mercedes Unimog U1300 1988 GJP76 Hot Wheels zagadki dla dzieci 10 lat, oryginalny prezent dla nastolatk\u00f3w, z\u0142ote my\u015bli o przyja\u017ani, esmeralda, b\u0105k ptak, imie aron, prezenty na urodziny dla nastolatk\u00f3w, jak dobra\u0107 narty dla dziecka, impreza halloween 2021 dla dzieci, postacie z bajek [&hellip;]<\/p>\n","protected":false},"featured_media":8442,"comment_status":"closed","ping_status":"open","template":"","meta":[],"product_cat":[83,150],"product_tag":[851,637,846,782],"class_list":["post-8441","product","type-product","status-publish","has-post-thumbnail","hentry","product_cat-auta-i-inne-pojazdy-do-zabawy","product_cat-hot-wheels","product_tag-jak-narysowac-kota","product_tag-niech-zyja-wakacje-tekst","product_tag-rysowanki","product_tag-zagadki-dla-dzieci-z-odpowiedziami"],"_links":{"self":[{"href":"http:\/\/klubmamgdynia.pl\/index.php\/wp-json\/wp\/v2\/product\/8441","targetHints":{"allow":["GET"]}}],"collection":[{"href":"http:\/\/klubmamgdynia.pl\/index.php\/wp-json\/wp\/v2\/product"}],"about":[{"href":"http:\/\/klubmamgdynia.pl\/index.php\/wp-json\/wp\/v2\/types\/product"}],"replies":[{"embeddable":true,"href":"http:\/\/klubmamgdynia.pl\/index.php\/wp-json\/wp\/v2\/comments?post=8441"}],"wp:featuredmedia":[{"embeddable":true,"href":"http:\/\/klubmamgdynia.pl\/index.php\/wp-json\/wp\/v2\/media\/8442"}],"wp:attachment":[{"href":"http:\/\/klubmamgdynia.pl\/index.php\/wp-json\/wp\/v2\/media?parent=8441"}],"wp:term":[{"taxonomy":"product_cat","embeddable":true,"href":"http:\/\/klubmamgdynia.pl\/index.php\/wp-json\/wp\/v2\/product_cat?post=8441"},{"taxonomy":"product_tag","embeddable":true,"href":"http:\/\/klubmamgdynia.pl\/index.php\/wp-json\/wp\/v2\/product_tag?post=8441"}],"curies":[{"name":"wp","href":"https:\/\/api.w.org\/{rel}","templated":true}]}}