{"id":8465,"date":"2019-05-29T22:42:55","date_gmt":"2019-05-29T20:42:55","guid":{"rendered":"http:\/\/klubmamgdynia.pl\/index.php\/produkt\/schleich-basniowa-kawiarnia-42526\/"},"modified":"2026-04-29T15:28:23","modified_gmt":"2026-04-29T13:28:23","slug":"schleich-basniowa-kawiarnia-42526","status":"publish","type":"product","link":"http:\/\/klubmamgdynia.pl\/index.php\/produkt\/schleich-basniowa-kawiarnia-42526\/","title":{"rendered":"Schleich Ba\u015bniowa Kawiarnia 42526"},"content":{"rendered":"<p>W nowej, kwiatowej kawiarni dla wr\u00f3\u017cek w \u015bwiecie bayala od marki Schleich znajdziesz wszystko, czego potrzebuj\u0105 w czasie popo\u0142udniowej przerwy na kaw\u0119. Kiedy Eyela i Feya otwieraj\u0105 kwiat, Feya zak\u0142ada fartuch i przygotowuje \u015bwie\u017c\u0105 kaw\u0119 w ekspresie na blacie. Urocze \u017arebi\u0119 jednoro\u017cca z wytatuowan\u0105 babeczk\u0105 i b\u0142yszcz\u0105c\u0105 grzyw\u0105 dostaje kawa\u0142ek ciasta je\u017cynowego z gabloty przy ladzie.<\/p>\n<h2>Schleich Ba\u015bniowa Kawiarnia 42526 Schleich<\/h2>\n<p>a \u015bpij kochanie, prezent na roczek dla ch\u0142opca, co \u0142apie ale nie rzuca, opisy rodzina, zagadki \u015bmieszne, mi\u0142osz imi\u0119, li\u015bcie jesienne szablon, kolorowanka ze zdj\u0119cia, zagadki matematyczne dla dzieci, wydarzenia dla dzieci warszawa, kolorowanka uk\u0142ad s\u0142oneczny dla dzieci do druku, trudne zagadki matematyczne, marcel imi\u0119<\/p>\n<p>yyyyy<\/p>\n<p>&nbsp;<\/p>\n","protected":false},"excerpt":{"rendered":"<p>W nowej, kwiatowej kawiarni dla wr\u00f3\u017cek w \u015bwiecie bayala od marki Schleich znajdziesz wszystko, czego potrzebuj\u0105 w czasie popo\u0142udniowej przerwy na kaw\u0119. Kiedy Eyela i Feya otwieraj\u0105 kwiat, Feya zak\u0142ada fartuch i przygotowuje \u015bwie\u017c\u0105 kaw\u0119 w ekspresie na blacie. Urocze \u017arebi\u0119 jednoro\u017cca z wytatuowan\u0105 babeczk\u0105 i b\u0142yszcz\u0105c\u0105 grzyw\u0105 dostaje kawa\u0142ek ciasta je\u017cynowego z gabloty przy [&hellip;]<\/p>\n","protected":false},"featured_media":8466,"comment_status":"closed","ping_status":"open","template":"","meta":[],"product_cat":[95,952],"product_tag":[865,585,745,711],"class_list":["post-8465","product","type-product","status-publish","has-post-thumbnail","hentry","product_cat-figurki-makiety-i-zestawy","product_cat-schleich","product_tag-cytaty-o-dzieciach","product_tag-kolorowanki-dla-chlopcow","product_tag-prezent-dla-15-latki","product_tag-prezenty-dla-nastolatkow"],"_links":{"self":[{"href":"http:\/\/klubmamgdynia.pl\/index.php\/wp-json\/wp\/v2\/product\/8465","targetHints":{"allow":["GET"]}}],"collection":[{"href":"http:\/\/klubmamgdynia.pl\/index.php\/wp-json\/wp\/v2\/product"}],"about":[{"href":"http:\/\/klubmamgdynia.pl\/index.php\/wp-json\/wp\/v2\/types\/product"}],"replies":[{"embeddable":true,"href":"http:\/\/klubmamgdynia.pl\/index.php\/wp-json\/wp\/v2\/comments?post=8465"}],"wp:featuredmedia":[{"embeddable":true,"href":"http:\/\/klubmamgdynia.pl\/index.php\/wp-json\/wp\/v2\/media\/8466"}],"wp:attachment":[{"href":"http:\/\/klubmamgdynia.pl\/index.php\/wp-json\/wp\/v2\/media?parent=8465"}],"wp:term":[{"taxonomy":"product_cat","embeddable":true,"href":"http:\/\/klubmamgdynia.pl\/index.php\/wp-json\/wp\/v2\/product_cat?post=8465"},{"taxonomy":"product_tag","embeddable":true,"href":"http:\/\/klubmamgdynia.pl\/index.php\/wp-json\/wp\/v2\/product_tag?post=8465"}],"curies":[{"name":"wp","href":"https:\/\/api.w.org\/{rel}","templated":true}]}}